{"id":585,"date":"2021-09-27T16:25:22","date_gmt":"2021-09-27T14:25:22","guid":{"rendered":"https:\/\/trachtengau.org\/wordpress\/?page_id=585"},"modified":"2021-09-27T16:44:56","modified_gmt":"2021-09-27T14:44:56","slug":"faschingsgaudi-2020","status":"publish","type":"page","link":"https:\/\/trachtengau.org\/wordpress\/faschingsgaudi-2020\/","title":{"rendered":"Faschingsgaudi 2020"},"content":{"rendered":"<div class=\"fusion-fullwidth fullwidth-box fusion-builder-row-1 fusion-flex-container nonhundred-percent-fullwidth non-hundred-percent-height-scrolling\" style=\"--awb-border-radius-top-left:0px;--awb-border-radius-top-right:0px;--awb-border-radius-bottom-right:0px;--awb-border-radius-bottom-left:0px;--awb-flex-wrap:wrap;\" ><div class=\"fusion-builder-row fusion-row fusion-flex-align-items-flex-start fusion-flex-content-wrap\" style=\"max-width:1248px;margin-left: calc(-4% \/ 2 );margin-right: calc(-4% \/ 2 );\"><div class=\"fusion-layout-column fusion_builder_column fusion-builder-column-0 fusion_builder_column_1_5 1_5 fusion-flex-column\" style=\"--awb-bg-size:cover;--awb-width-large:20%;--awb-margin-top-large:0px;--awb-spacing-right-large:9.6%;--awb-margin-bottom-large:20px;--awb-spacing-left-large:9.6%;--awb-width-medium:20%;--awb-order-medium:0;--awb-spacing-right-medium:9.6%;--awb-spacing-left-medium:9.6%;--awb-width-small:100%;--awb-order-small:0;--awb-spacing-right-small:1.92%;--awb-spacing-left-small:1.92%;\"><div class=\"fusion-column-wrapper fusion-column-has-shadow fusion-flex-justify-content-flex-start fusion-content-layout-column\"><\/div><\/div><div class=\"fusion-layout-column fusion_builder_column fusion-builder-column-1 fusion_builder_column_3_5 3_5 fusion-flex-column\" style=\"--awb-bg-size:cover;--awb-width-large:60%;--awb-margin-top-large:0px;--awb-spacing-right-large:3.2%;--awb-margin-bottom-large:20px;--awb-spacing-left-large:3.2%;--awb-width-medium:60%;--awb-order-medium:0;--awb-spacing-right-medium:3.2%;--awb-spacing-left-medium:3.2%;--awb-width-small:100%;--awb-order-small:0;--awb-spacing-right-small:1.92%;--awb-spacing-left-small:1.92%;\"><div class=\"fusion-column-wrapper fusion-column-has-shadow fusion-flex-justify-content-flex-start fusion-content-layout-column\"><div class=\"fusion-content-boxes content-boxes columns row fusion-columns-1 fusion-columns-total-1 fusion-content-boxes-1 content-boxes-icon-with-title content-left\" style=\"--awb-hover-accent-color:#000000;--awb-circle-hover-accent-color:#000000;--awb-item-margin-bottom:40px;\" data-animationOffset=\"top-into-view\"><div style=\"--awb-backgroundcolor:rgba(255,255,255,0);\" class=\"fusion-column content-box-column content-box-column content-box-column-1 col-lg-12 col-md-12 col-sm-12 fusion-content-box-hover content-box-column-last content-box-column-last-in-row\"><div class=\"col content-box-wrapper content-wrapper link-area-link-icon content-icon-wrapper-yes icon-hover-animation-fade\" data-animationOffset=\"top-into-view\"><div class=\"fusion-clearfix\"><\/div><div class=\"content-container\">\n<h4 style=\"text-align: center;\"><strong>Faschingsgaudi der Trachtenjugend<\/strong><\/h4>\n<p><img decoding=\"async\" class=\"aligncenter\" src=\"https:\/\/trachtengau.org\/wordpress\/wp-content\/uploads\/2021\/09\/Bild-Faschingsgaudi.jpg\" \/><\/p>\n<p>Am 01. Februar 2020 traf sich die Gaujugend im Vereinsheim der Schl\u00f6\u00dflbergler Anzing in lustigen Kost\u00fcmen zu ihrer traditionellen Faschingsgaudi. Vom Feuerwehrmann bis zur Prinzessin war alles vertreten. Zu Beginn machten wir mit allen Kindern und Jugendlichen eine Polonaise kreuz und quer durch das buntgeschm\u00fcckte Vereinsheim. Anschlie\u00dfend ging es mit heiteren Spielen, wie Reise nach Jerusalem, Luftballontanz, Stopptanz oder Mumienspiel weiter. Zwischendurch wurden die Spiele durch ausgelassene T\u00e4nze, wie Tschu Tschu Wa oder Cowboy und Indianer abgel\u00f6st. Der H\u00f6hepunkt des Faschings war die Einlage, die die Gaujugendvorstandschaft und die Gaujugendgruppe \u00fcbernommen hatten. In dieser zeigten sie auf lustige Art, wie schwer es f\u00fcr ein Paar sein kann, nicht nebeneinander im Kino zu sitzen. Die Zuschauer am\u00fcsierten sich pr\u00e4chtig. Zum Abschluss fuhren wir alle, ganz traditionell, gemeinsam Bob, passend zum legend\u00e4ren Bobfahrerlied.\u00a0 Auch heuer hatten wieder sowohl die Kinder und Jugendlichen als auch die Jugendleiter, Mamas, Papas, Omas und Opas und alle anderen G\u00e4ste eine Menge Spa\u00df und trainierten ordentlich ihre Lachmuskeln.<\/p>\n<p><strong>\u00a0<\/strong>Wir freuen uns schon auf n\u00e4chstes Jahr, wenn es hei\u00dft: \u201eAuf geht\u2019s zur Faschingsgaudi der Trachtenjugend!\u201c<\/p>\n<p>Katharina Hardi<\/p>\n<\/div><\/div><\/div><div class=\"fusion-clearfix\"><\/div><\/div><\/div><\/div><div class=\"fusion-layout-column fusion_builder_column fusion-builder-column-2 fusion_builder_column_1_5 1_5 fusion-flex-column\" style=\"--awb-bg-size:cover;--awb-width-large:20%;--awb-margin-top-large:0px;--awb-spacing-right-large:9.6%;--awb-margin-bottom-large:20px;--awb-spacing-left-large:9.6%;--awb-width-medium:20%;--awb-order-medium:0;--awb-spacing-right-medium:9.6%;--awb-spacing-left-medium:9.6%;--awb-width-small:100%;--awb-order-small:0;--awb-spacing-right-small:1.92%;--awb-spacing-left-small:1.92%;\"><div class=\"fusion-column-wrapper fusion-column-has-shadow fusion-flex-justify-content-flex-start fusion-content-layout-column\"><\/div><\/div><\/div><\/div>\n","protected":false},"excerpt":{"rendered":"","protected":false},"author":2,"featured_media":0,"parent":0,"menu_order":0,"comment_status":"closed","ping_status":"closed","template":"","meta":{"footnotes":""},"class_list":["post-585","page","type-page","status-publish","hentry"],"yoast_head":"<!-- This site is optimized with the Yoast SEO plugin v21.7 - https:\/\/yoast.com\/wordpress\/plugins\/seo\/ -->\n<title>Faschingsgaudi 2020 - Trachtengau M\u00fcnchen und Umgebung<\/title>\n<meta name=\"robots\" content=\"index, follow, max-snippet:-1, max-image-preview:large, max-video-preview:-1\" \/>\n<link rel=\"canonical\" href=\"https:\/\/trachtengau.org\/wordpress\/faschingsgaudi-2020\/\" \/>\n<meta property=\"og:locale\" content=\"de_DE\" \/>\n<meta property=\"og:type\" content=\"article\" \/>\n<meta property=\"og:title\" content=\"Faschingsgaudi 2020 - Trachtengau M\u00fcnchen und Umgebung\" \/>\n<meta property=\"og:url\" content=\"https:\/\/trachtengau.org\/wordpress\/faschingsgaudi-2020\/\" \/>\n<meta property=\"og:site_name\" content=\"Trachtengau M\u00fcnchen und Umgebung\" \/>\n<meta property=\"article:modified_time\" content=\"2021-09-27T14:44:56+00:00\" \/>\n<meta property=\"og:image\" content=\"https:\/\/trachtengau.org\/wordpress\/wp-content\/uploads\/2021\/09\/Bild-Faschingsgaudi.jpg\" \/>\n<meta name=\"twitter:card\" content=\"summary_large_image\" \/>\n<meta name=\"twitter:label1\" content=\"Gesch\u00e4tzte Lesezeit\" \/>\n\t<meta name=\"twitter:data1\" content=\"3\u00a0Minuten\" \/>\n<script type=\"application\/ld+json\" class=\"yoast-schema-graph\">{\"@context\":\"https:\/\/schema.org\",\"@graph\":[{\"@type\":\"WebPage\",\"@id\":\"https:\/\/trachtengau.org\/wordpress\/faschingsgaudi-2020\/\",\"url\":\"https:\/\/trachtengau.org\/wordpress\/faschingsgaudi-2020\/\",\"name\":\"Faschingsgaudi 2020 - Trachtengau M\u00fcnchen und Umgebung\",\"isPartOf\":{\"@id\":\"https:\/\/trachtengau.org\/wordpress\/#website\"},\"datePublished\":\"2021-09-27T14:25:22+00:00\",\"dateModified\":\"2021-09-27T14:44:56+00:00\",\"breadcrumb\":{\"@id\":\"https:\/\/trachtengau.org\/wordpress\/faschingsgaudi-2020\/#breadcrumb\"},\"inLanguage\":\"de\",\"potentialAction\":[{\"@type\":\"ReadAction\",\"target\":[\"https:\/\/trachtengau.org\/wordpress\/faschingsgaudi-2020\/\"]}]},{\"@type\":\"BreadcrumbList\",\"@id\":\"https:\/\/trachtengau.org\/wordpress\/faschingsgaudi-2020\/#breadcrumb\",\"itemListElement\":[{\"@type\":\"ListItem\",\"position\":1,\"name\":\"Startseite\",\"item\":\"https:\/\/trachtengau.org\/wordpress\/\"},{\"@type\":\"ListItem\",\"position\":2,\"name\":\"Faschingsgaudi 2020\"}]},{\"@type\":\"WebSite\",\"@id\":\"https:\/\/trachtengau.org\/wordpress\/#website\",\"url\":\"https:\/\/trachtengau.org\/wordpress\/\",\"name\":\"Trachtengau M\u00fcnchen und Umgebung\",\"description\":\"\",\"potentialAction\":[{\"@type\":\"SearchAction\",\"target\":{\"@type\":\"EntryPoint\",\"urlTemplate\":\"https:\/\/trachtengau.org\/wordpress\/?s={search_term_string}\"},\"query-input\":\"required name=search_term_string\"}],\"inLanguage\":\"de\"}]}<\/script>\n<!-- \/ Yoast SEO plugin. -->","yoast_head_json":{"title":"Faschingsgaudi 2020 - Trachtengau M\u00fcnchen und Umgebung","robots":{"index":"index","follow":"follow","max-snippet":"max-snippet:-1","max-image-preview":"max-image-preview:large","max-video-preview":"max-video-preview:-1"},"canonical":"https:\/\/trachtengau.org\/wordpress\/faschingsgaudi-2020\/","og_locale":"de_DE","og_type":"article","og_title":"Faschingsgaudi 2020 - Trachtengau M\u00fcnchen und Umgebung","og_url":"https:\/\/trachtengau.org\/wordpress\/faschingsgaudi-2020\/","og_site_name":"Trachtengau M\u00fcnchen und Umgebung","article_modified_time":"2021-09-27T14:44:56+00:00","og_image":[{"url":"https:\/\/trachtengau.org\/wordpress\/wp-content\/uploads\/2021\/09\/Bild-Faschingsgaudi.jpg"}],"twitter_card":"summary_large_image","twitter_misc":{"Gesch\u00e4tzte Lesezeit":"3\u00a0Minuten"},"schema":{"@context":"https:\/\/schema.org","@graph":[{"@type":"WebPage","@id":"https:\/\/trachtengau.org\/wordpress\/faschingsgaudi-2020\/","url":"https:\/\/trachtengau.org\/wordpress\/faschingsgaudi-2020\/","name":"Faschingsgaudi 2020 - Trachtengau M\u00fcnchen und Umgebung","isPartOf":{"@id":"https:\/\/trachtengau.org\/wordpress\/#website"},"datePublished":"2021-09-27T14:25:22+00:00","dateModified":"2021-09-27T14:44:56+00:00","breadcrumb":{"@id":"https:\/\/trachtengau.org\/wordpress\/faschingsgaudi-2020\/#breadcrumb"},"inLanguage":"de","potentialAction":[{"@type":"ReadAction","target":["https:\/\/trachtengau.org\/wordpress\/faschingsgaudi-2020\/"]}]},{"@type":"BreadcrumbList","@id":"https:\/\/trachtengau.org\/wordpress\/faschingsgaudi-2020\/#breadcrumb","itemListElement":[{"@type":"ListItem","position":1,"name":"Startseite","item":"https:\/\/trachtengau.org\/wordpress\/"},{"@type":"ListItem","position":2,"name":"Faschingsgaudi 2020"}]},{"@type":"WebSite","@id":"https:\/\/trachtengau.org\/wordpress\/#website","url":"https:\/\/trachtengau.org\/wordpress\/","name":"Trachtengau M\u00fcnchen und Umgebung","description":"","potentialAction":[{"@type":"SearchAction","target":{"@type":"EntryPoint","urlTemplate":"https:\/\/trachtengau.org\/wordpress\/?s={search_term_string}"},"query-input":"required name=search_term_string"}],"inLanguage":"de"}]}},"_links":{"self":[{"href":"https:\/\/trachtengau.org\/wordpress\/wp-json\/wp\/v2\/pages\/585","targetHints":{"allow":["GET"]}}],"collection":[{"href":"https:\/\/trachtengau.org\/wordpress\/wp-json\/wp\/v2\/pages"}],"about":[{"href":"https:\/\/trachtengau.org\/wordpress\/wp-json\/wp\/v2\/types\/page"}],"author":[{"embeddable":true,"href":"https:\/\/trachtengau.org\/wordpress\/wp-json\/wp\/v2\/users\/2"}],"replies":[{"embeddable":true,"href":"https:\/\/trachtengau.org\/wordpress\/wp-json\/wp\/v2\/comments?post=585"}],"version-history":[{"count":3,"href":"https:\/\/trachtengau.org\/wordpress\/wp-json\/wp\/v2\/pages\/585\/revisions"}],"predecessor-version":[{"id":589,"href":"https:\/\/trachtengau.org\/wordpress\/wp-json\/wp\/v2\/pages\/585\/revisions\/589"}],"wp:attachment":[{"href":"https:\/\/trachtengau.org\/wordpress\/wp-json\/wp\/v2\/media?parent=585"}],"curies":[{"name":"wp","href":"https:\/\/api.w.org\/{rel}","templated":true}]}}

<div class="fusion-fullwidth fullwidth-box fusion-builder-row-1 fusion-flex-container nonhundred-percent-fullwidth non-hundred-percent-height-scrolling" style="--awb-border-radius-top-left:0px;--awb-border-radius-top-right:0px;--awb-border-radius-bottom-right:0px;--awb-border-radius-bottom-left:0px;--awb-flex-wrap:wrap;" ><div class="fusion-builder-row fusion-row fusion-flex-align-items-flex-start fusion-flex-content-wrap" style="max-width:1248px;margin-left: calc(-4% / 2 );margin-right: calc(-4% / 2 );"><div class="fusion-layout-column fusion_builder_column fusion-builder-column-0 fusion_builder_column_1_5 1_5 fusion-flex-column" style="--awb-bg-size:cover;--awb-width-large:20%;--awb-margin-top-large:0px;--awb-spacing-right-large:9.6%;--awb-margin-bottom-large:20px;--awb-spacing-left-large:9.6%;--awb-width-medium:20%;--awb-order-medium:0;--awb-spacing-right-medium:9.6%;--awb-spacing-left-medium:9.6%;--awb-width-small:100%;--awb-order-small:0;--awb-spacing-right-small:1.92%;--awb-spacing-left-small:1.92%;"><div class="fusion-column-wrapper fusion-column-has-shadow fusion-flex-justify-content-flex-start fusion-content-layout-column"></div></div><div class="fusion-layout-column fusion_builder_column fusion-builder-column-1 fusion_builder_column_3_5 3_5 fusion-flex-column" style="--awb-bg-size:cover;--awb-width-large:60%;--awb-margin-top-large:0px;--awb-spacing-right-large:3.2%;--awb-margin-bottom-large:20px;--awb-spacing-left-large:3.2%;--awb-width-medium:60%;--awb-order-medium:0;--awb-spacing-right-medium:3.2%;--awb-spacing-left-medium:3.2%;--awb-width-small:100%;--awb-order-small:0;--awb-spacing-right-small:1.92%;--awb-spacing-left-small:1.92%;"><div class="fusion-column-wrapper fusion-column-has-shadow fusion-flex-justify-content-flex-start fusion-content-layout-column"><div class="fusion-content-boxes content-boxes columns row fusion-columns-1 fusion-columns-total-1 fusion-content-boxes-1 content-boxes-icon-with-title content-left" style="--awb-hover-accent-color:#000000;--awb-circle-hover-accent-color:#000000;--awb-item-margin-bottom:40px;" data-animationOffset="top-into-view"><div style="--awb-backgroundcolor:rgba(255,255,255,0);" class="fusion-column content-box-column content-box-column content-box-column-1 col-lg-12 col-md-12 col-sm-12 fusion-content-box-hover content-box-column-last content-box-column-last-in-row"><div class="col content-box-wrapper content-wrapper link-area-link-icon content-icon-wrapper-yes icon-hover-animation-fade" data-animationOffset="top-into-view"><div class="fusion-clearfix"></div><div class="content-container">
<h4 style="text-align: center;"><strong>Faschingsgaudi der Trachtenjugend</strong></h4>
<p><img decoding="async" class="aligncenter" src="https://trachtengau.org/wordpress/wp-content/uploads/2021/09/Bild-Faschingsgaudi.jpg" /></p>
<p>Am 01. Februar 2020 traf sich die Gaujugend im Vereinsheim der Schlößlbergler Anzing in lustigen Kostümen zu ihrer traditionellen Faschingsgaudi. Vom Feuerwehrmann bis zur Prinzessin war alles vertreten. Zu Beginn machten wir mit allen Kindern und Jugendlichen eine Polonaise kreuz und quer durch das buntgeschmückte Vereinsheim. Anschließend ging es mit heiteren Spielen, wie Reise nach Jerusalem, Luftballontanz, Stopptanz oder Mumienspiel weiter. Zwischendurch wurden die Spiele durch ausgelassene Tänze, wie Tschu Tschu Wa oder Cowboy und Indianer abgelöst. Der Höhepunkt des Faschings war die Einlage, die die Gaujugendvorstandschaft und die Gaujugendgruppe übernommen hatten. In dieser zeigten sie auf lustige Art, wie schwer es für ein Paar sein kann, nicht nebeneinander im Kino zu sitzen. Die Zuschauer amüsierten sich prächtig. Zum Abschluss fuhren wir alle, ganz traditionell, gemeinsam Bob, passend zum legendären Bobfahrerlied.  Auch heuer hatten wieder sowohl die Kinder und Jugendlichen als auch die Jugendleiter, Mamas, Papas, Omas und Opas und alle anderen Gäste eine Menge Spaß und trainierten ordentlich ihre Lachmuskeln.</p>
<p><strong> </strong>Wir freuen uns schon auf nächstes Jahr, wenn es heißt: „Auf geht’s zur Faschingsgaudi der Trachtenjugend!“</p>
<p>Katharina Hardi</p>
</div></div></div><div class="fusion-clearfix"></div></div></div></div><div class="fusion-layout-column fusion_builder_column fusion-builder-column-2 fusion_builder_column_1_5 1_5 fusion-flex-column" style="--awb-bg-size:cover;--awb-width-large:20%;--awb-margin-top-large:0px;--awb-spacing-right-large:9.6%;--awb-margin-bottom-large:20px;--awb-spacing-left-large:9.6%;--awb-width-medium:20%;--awb-order-medium:0;--awb-spacing-right-medium:9.6%;--awb-spacing-left-medium:9.6%;--awb-width-small:100%;--awb-order-small:0;--awb-spacing-right-small:1.92%;--awb-spacing-left-small:1.92%;"><div class="fusion-column-wrapper fusion-column-has-shadow fusion-flex-justify-content-flex-start fusion-content-layout-column"></div></div></div></div>

<!-- This site is optimized with the Yoast SEO plugin v21.7 - https://yoast.com/wordpress/plugins/seo/ -->
<title>Faschingsgaudi 2020 - Trachtengau München und Umgebung</title>
<meta name="robots" content="index, follow, max-snippet:-1, max-image-preview:large, max-video-preview:-1" />
<link rel="canonical" href="https://trachtengau.org/wordpress/faschingsgaudi-2020/" />
<meta property="og:locale" content="de_DE" />
<meta property="og:type" content="article" />
<meta property="og:title" content="Faschingsgaudi 2020 - Trachtengau München und Umgebung" />
<meta property="og:url" content="https://trachtengau.org/wordpress/faschingsgaudi-2020/" />
<meta property="og:site_name" content="Trachtengau München und Umgebung" />
<meta property="article:modified_time" content="2021-09-27T14:44:56+00:00" />
<meta property="og:image" content="https://trachtengau.org/wordpress/wp-content/uploads/2021/09/Bild-Faschingsgaudi.jpg" />
<meta name="twitter:card" content="summary_large_image" />
<meta name="twitter:label1" content="Geschätzte Lesezeit" />
	<meta name="twitter:data1" content="3 Minuten" />
<script type="application/ld+json" class="yoast-schema-graph">{"@context":"https://schema.org","@graph":[{"@type":"WebPage","@id":"https://trachtengau.org/wordpress/faschingsgaudi-2020/","url":"https://trachtengau.org/wordpress/faschingsgaudi-2020/","name":"Faschingsgaudi 2020 - Trachtengau München und Umgebung","isPartOf":{"@id":"https://trachtengau.org/wordpress/#website"},"datePublished":"2021-09-27T14:25:22+00:00","dateModified":"2021-09-27T14:44:56+00:00","breadcrumb":{"@id":"https://trachtengau.org/wordpress/faschingsgaudi-2020/#breadcrumb"},"inLanguage":"de","potentialAction":[{"@type":"ReadAction","target":["https://trachtengau.org/wordpress/faschingsgaudi-2020/"]}]},{"@type":"BreadcrumbList","@id":"https://trachtengau.org/wordpress/faschingsgaudi-2020/#breadcrumb","itemListElement":[{"@type":"ListItem","position":1,"name":"Startseite","item":"https://trachtengau.org/wordpress/"},{"@type":"ListItem","position":2,"name":"Faschingsgaudi 2020"}]},{"@type":"WebSite","@id":"https://trachtengau.org/wordpress/#website","url":"https://trachtengau.org/wordpress/","name":"Trachtengau München und Umgebung","description":"","potentialAction":[{"@type":"SearchAction","target":{"@type":"EntryPoint","urlTemplate":"https://trachtengau.org/wordpress/?s={search_term_string}"},"query-input":"required name=search_term_string"}],"inLanguage":"de"}]}</script>
<!-- / Yoast SEO plugin. -->

Faschingsgaudi 2020 - Trachtengau München und Umgebung

Trachtengau München und Umgebung
