{"id":2142,"date":"2026-01-28T19:11:39","date_gmt":"2026-01-28T18:11:39","guid":{"rendered":"https:\/\/trachtengau.org\/wordpress\/?page_id=2142"},"modified":"2026-01-28T19:11:39","modified_gmt":"2026-01-28T18:11:39","slug":"neuwahl-der-gaujugendleitung","status":"publish","type":"page","link":"https:\/\/trachtengau.org\/wordpress\/neuwahl-der-gaujugendleitung\/","title":{"rendered":"Neuwahl der Gaujugendleitung"},"content":{"rendered":"<div class=\"fusion-fullwidth fullwidth-box fusion-builder-row-1 fusion-flex-container has-pattern-background has-mask-background nonhundred-percent-fullwidth non-hundred-percent-height-scrolling\" style=\"--awb-border-radius-top-left:0px;--awb-border-radius-top-right:0px;--awb-border-radius-bottom-right:0px;--awb-border-radius-bottom-left:0px;--awb-flex-wrap:wrap;\" ><div class=\"fusion-builder-row fusion-row fusion-flex-align-items-flex-start fusion-flex-content-wrap\" style=\"max-width:1248px;margin-left: calc(-4% \/ 2 );margin-right: calc(-4% \/ 2 );\"><div class=\"fusion-layout-column fusion_builder_column fusion-builder-column-0 fusion_builder_column_1_1 1_1 fusion-flex-column\" style=\"--awb-bg-size:cover;--awb-width-large:100%;--awb-margin-top-large:0px;--awb-spacing-right-large:1.92%;--awb-margin-bottom-large:20px;--awb-spacing-left-large:1.92%;--awb-width-medium:100%;--awb-order-medium:0;--awb-spacing-right-medium:1.92%;--awb-spacing-left-medium:1.92%;--awb-width-small:100%;--awb-order-small:0;--awb-spacing-right-small:1.92%;--awb-spacing-left-small:1.92%;\"><div class=\"fusion-column-wrapper fusion-column-has-shadow fusion-flex-justify-content-flex-start fusion-content-layout-column\"><div class=\"fusion-text fusion-text-1\"><h4 style=\"text-align: center;\">Der Trachtengau M\u00fcnchen und Umgebung hat eine neue Gaujugendleitung<\/h4>\n<p><img decoding=\"async\" class=\"wp-image-2131 aligncenter\" src=\"https:\/\/trachtengau.org\/wordpress\/wp-content\/uploads\/2026\/01\/Wahl-Jugendleiter-2026-1-1024x614.jpg\" alt=\"\" width=\"345\" height=\"207\" srcset=\"https:\/\/trachtengau.org\/wordpress\/wp-content\/uploads\/2026\/01\/Wahl-Jugendleiter-2026-1-200x120.jpg 200w, https:\/\/trachtengau.org\/wordpress\/wp-content\/uploads\/2026\/01\/Wahl-Jugendleiter-2026-1-300x180.jpg 300w, https:\/\/trachtengau.org\/wordpress\/wp-content\/uploads\/2026\/01\/Wahl-Jugendleiter-2026-1-400x240.jpg 400w, https:\/\/trachtengau.org\/wordpress\/wp-content\/uploads\/2026\/01\/Wahl-Jugendleiter-2026-1-600x359.jpg 600w, https:\/\/trachtengau.org\/wordpress\/wp-content\/uploads\/2026\/01\/Wahl-Jugendleiter-2026-1-768x460.jpg 768w, https:\/\/trachtengau.org\/wordpress\/wp-content\/uploads\/2026\/01\/Wahl-Jugendleiter-2026-1-800x479.jpg 800w, https:\/\/trachtengau.org\/wordpress\/wp-content\/uploads\/2026\/01\/Wahl-Jugendleiter-2026-1-1024x614.jpg 1024w, https:\/\/trachtengau.org\/wordpress\/wp-content\/uploads\/2026\/01\/Wahl-Jugendleiter-2026-1-1200x719.jpg 1200w, https:\/\/trachtengau.org\/wordpress\/wp-content\/uploads\/2026\/01\/Wahl-Jugendleiter-2026-1-1536x920.jpg 1536w\" sizes=\"(max-width: 345px) 100vw, 345px\" \/><\/p>\n<p>Am Samstag, den 17. Januar, fand im Vereinsheim der Ammertaler Ottendichl die Jahreshauptversammlung der Jugendleiter des Trachtengaus M\u00fcnchen und Umgebung statt. Zahlreiche Jugendleiterinnen und Jugendleiter der angeschlossenen Vereine waren der Einladung gefolgt.<\/p>\n<p>Nach den Berichten der Gaujugendleiter sowie der Vereinsjugendleiter \u00fcber die Aktivit\u00e4ten und Ereignisse des vergangenen Jahres stand die Neuwahl der Gaujugendleitung auf der Tagesordnung.<\/p>\n<p>Dabei wurde Petra Seifert als erste Gaujugendleiterin in ihrem Amt best\u00e4tigt. Zur zweiten Gaujugendleiterin wurde Katja Weidendorfer gew\u00e4hlt, die dieses Amt von Franziska Graf \u00fcbernahm.<br \/>\nAuch das Amt der Gaujugendschriftf\u00fchrerin wurde neu besetzt: Veronika Hanrieder \u00fcbernimmt diese Aufgabe und l\u00f6st damit Heike Hardi ab, die nach beeindruckenden 26 Jahren engagierter Arbeit ihre T\u00e4tigkeit in der Gaujugend beendete.<br \/>\nIm Bereich der Finanzen \u00fcbergab Daniel Malovetz das Amt des Gaujugendkassiers an Jennifer Dorsch.<\/p>\n<p>Mit der neu gew\u00e4hlten Vorstandschaft wurde zudem ein besonderer Meilenstein erreicht: Erstmals in der Geschichte der Gaujugend besteht die Gaujugendleitung ausschlie\u00dflich aus Frauen.<\/p>\n<p>Zum Abschluss der Versammlung bedankte sich Petra Seifert herzlich bei allen bisherigen und neuen Mitgliedern der Gaujugendleitung f\u00fcr ihren Einsatz und ihr gro\u00dfes Engagement f\u00fcr die Jugendarbeit .<\/p>\n<p>Wir w\u00fcnschen der neuen Gaujugendvorstandschaft viel Erfolg, Freude und gutes Gelingen bei ihrer zuk\u00fcnftigen Arbeit.<\/p>\n<\/div><\/div><\/div><\/div><\/div>\n","protected":false},"excerpt":{"rendered":"","protected":false},"author":2,"featured_media":0,"parent":0,"menu_order":0,"comment_status":"closed","ping_status":"closed","template":"","meta":{"footnotes":""},"class_list":["post-2142","page","type-page","status-publish","hentry"],"yoast_head":"<!-- This site is optimized with the Yoast SEO plugin v21.7 - https:\/\/yoast.com\/wordpress\/plugins\/seo\/ -->\n<title>Neuwahl der Gaujugendleitung - Trachtengau M\u00fcnchen und Umgebung<\/title>\n<meta name=\"robots\" content=\"index, follow, max-snippet:-1, max-image-preview:large, max-video-preview:-1\" \/>\n<link rel=\"canonical\" href=\"https:\/\/trachtengau.org\/wordpress\/neuwahl-der-gaujugendleitung\/\" \/>\n<meta property=\"og:locale\" content=\"de_DE\" \/>\n<meta property=\"og:type\" content=\"article\" \/>\n<meta property=\"og:title\" content=\"Neuwahl der Gaujugendleitung - Trachtengau M\u00fcnchen und Umgebung\" \/>\n<meta property=\"og:url\" content=\"https:\/\/trachtengau.org\/wordpress\/neuwahl-der-gaujugendleitung\/\" \/>\n<meta property=\"og:site_name\" content=\"Trachtengau M\u00fcnchen und Umgebung\" \/>\n<meta property=\"og:image\" content=\"https:\/\/trachtengau.org\/wordpress\/wp-content\/uploads\/2026\/01\/Wahl-Jugendleiter-2026-1-1024x614.jpg\" \/>\n<meta name=\"twitter:card\" content=\"summary_large_image\" \/>\n<meta name=\"twitter:label1\" content=\"Gesch\u00e4tzte Lesezeit\" \/>\n\t<meta name=\"twitter:data1\" content=\"1\u00a0Minute\" \/>\n<script type=\"application\/ld+json\" class=\"yoast-schema-graph\">{\"@context\":\"https:\/\/schema.org\",\"@graph\":[{\"@type\":\"WebPage\",\"@id\":\"https:\/\/trachtengau.org\/wordpress\/neuwahl-der-gaujugendleitung\/\",\"url\":\"https:\/\/trachtengau.org\/wordpress\/neuwahl-der-gaujugendleitung\/\",\"name\":\"Neuwahl der Gaujugendleitung - Trachtengau M\u00fcnchen und Umgebung\",\"isPartOf\":{\"@id\":\"https:\/\/trachtengau.org\/wordpress\/#website\"},\"datePublished\":\"2026-01-28T18:11:39+00:00\",\"dateModified\":\"2026-01-28T18:11:39+00:00\",\"breadcrumb\":{\"@id\":\"https:\/\/trachtengau.org\/wordpress\/neuwahl-der-gaujugendleitung\/#breadcrumb\"},\"inLanguage\":\"de\",\"potentialAction\":[{\"@type\":\"ReadAction\",\"target\":[\"https:\/\/trachtengau.org\/wordpress\/neuwahl-der-gaujugendleitung\/\"]}]},{\"@type\":\"BreadcrumbList\",\"@id\":\"https:\/\/trachtengau.org\/wordpress\/neuwahl-der-gaujugendleitung\/#breadcrumb\",\"itemListElement\":[{\"@type\":\"ListItem\",\"position\":1,\"name\":\"Startseite\",\"item\":\"https:\/\/trachtengau.org\/wordpress\/\"},{\"@type\":\"ListItem\",\"position\":2,\"name\":\"Neuwahl der Gaujugendleitung\"}]},{\"@type\":\"WebSite\",\"@id\":\"https:\/\/trachtengau.org\/wordpress\/#website\",\"url\":\"https:\/\/trachtengau.org\/wordpress\/\",\"name\":\"Trachtengau M\u00fcnchen und Umgebung\",\"description\":\"\",\"potentialAction\":[{\"@type\":\"SearchAction\",\"target\":{\"@type\":\"EntryPoint\",\"urlTemplate\":\"https:\/\/trachtengau.org\/wordpress\/?s={search_term_string}\"},\"query-input\":\"required name=search_term_string\"}],\"inLanguage\":\"de\"}]}<\/script>\n<!-- \/ Yoast SEO plugin. -->","yoast_head_json":{"title":"Neuwahl der Gaujugendleitung - Trachtengau M\u00fcnchen und Umgebung","robots":{"index":"index","follow":"follow","max-snippet":"max-snippet:-1","max-image-preview":"max-image-preview:large","max-video-preview":"max-video-preview:-1"},"canonical":"https:\/\/trachtengau.org\/wordpress\/neuwahl-der-gaujugendleitung\/","og_locale":"de_DE","og_type":"article","og_title":"Neuwahl der Gaujugendleitung - Trachtengau M\u00fcnchen und Umgebung","og_url":"https:\/\/trachtengau.org\/wordpress\/neuwahl-der-gaujugendleitung\/","og_site_name":"Trachtengau M\u00fcnchen und Umgebung","og_image":[{"url":"https:\/\/trachtengau.org\/wordpress\/wp-content\/uploads\/2026\/01\/Wahl-Jugendleiter-2026-1-1024x614.jpg"}],"twitter_card":"summary_large_image","twitter_misc":{"Gesch\u00e4tzte Lesezeit":"1\u00a0Minute"},"schema":{"@context":"https:\/\/schema.org","@graph":[{"@type":"WebPage","@id":"https:\/\/trachtengau.org\/wordpress\/neuwahl-der-gaujugendleitung\/","url":"https:\/\/trachtengau.org\/wordpress\/neuwahl-der-gaujugendleitung\/","name":"Neuwahl der Gaujugendleitung - Trachtengau M\u00fcnchen und Umgebung","isPartOf":{"@id":"https:\/\/trachtengau.org\/wordpress\/#website"},"datePublished":"2026-01-28T18:11:39+00:00","dateModified":"2026-01-28T18:11:39+00:00","breadcrumb":{"@id":"https:\/\/trachtengau.org\/wordpress\/neuwahl-der-gaujugendleitung\/#breadcrumb"},"inLanguage":"de","potentialAction":[{"@type":"ReadAction","target":["https:\/\/trachtengau.org\/wordpress\/neuwahl-der-gaujugendleitung\/"]}]},{"@type":"BreadcrumbList","@id":"https:\/\/trachtengau.org\/wordpress\/neuwahl-der-gaujugendleitung\/#breadcrumb","itemListElement":[{"@type":"ListItem","position":1,"name":"Startseite","item":"https:\/\/trachtengau.org\/wordpress\/"},{"@type":"ListItem","position":2,"name":"Neuwahl der Gaujugendleitung"}]},{"@type":"WebSite","@id":"https:\/\/trachtengau.org\/wordpress\/#website","url":"https:\/\/trachtengau.org\/wordpress\/","name":"Trachtengau M\u00fcnchen und Umgebung","description":"","potentialAction":[{"@type":"SearchAction","target":{"@type":"EntryPoint","urlTemplate":"https:\/\/trachtengau.org\/wordpress\/?s={search_term_string}"},"query-input":"required name=search_term_string"}],"inLanguage":"de"}]}},"_links":{"self":[{"href":"https:\/\/trachtengau.org\/wordpress\/wp-json\/wp\/v2\/pages\/2142","targetHints":{"allow":["GET"]}}],"collection":[{"href":"https:\/\/trachtengau.org\/wordpress\/wp-json\/wp\/v2\/pages"}],"about":[{"href":"https:\/\/trachtengau.org\/wordpress\/wp-json\/wp\/v2\/types\/page"}],"author":[{"embeddable":true,"href":"https:\/\/trachtengau.org\/wordpress\/wp-json\/wp\/v2\/users\/2"}],"replies":[{"embeddable":true,"href":"https:\/\/trachtengau.org\/wordpress\/wp-json\/wp\/v2\/comments?post=2142"}],"version-history":[{"count":1,"href":"https:\/\/trachtengau.org\/wordpress\/wp-json\/wp\/v2\/pages\/2142\/revisions"}],"predecessor-version":[{"id":2143,"href":"https:\/\/trachtengau.org\/wordpress\/wp-json\/wp\/v2\/pages\/2142\/revisions\/2143"}],"wp:attachment":[{"href":"https:\/\/trachtengau.org\/wordpress\/wp-json\/wp\/v2\/media?parent=2142"}],"curies":[{"name":"wp","href":"https:\/\/api.w.org\/{rel}","templated":true}]}}