{"id":2081,"date":"2025-05-27T17:35:35","date_gmt":"2025-05-27T15:35:35","guid":{"rendered":"https:\/\/trachtengau.org\/wordpress\/?page_id=2081"},"modified":"2025-05-27T17:46:36","modified_gmt":"2025-05-27T15:46:36","slug":"2081-2","status":"publish","type":"page","link":"https:\/\/trachtengau.org\/wordpress\/2081-2\/","title":{"rendered":"Ehrungen bei der Gau-Fr\u00fchjahrsversammlung"},"content":{"rendered":"<div class=\"fusion-fullwidth fullwidth-box fusion-builder-row-1 fusion-flex-container has-pattern-background has-mask-background nonhundred-percent-fullwidth non-hundred-percent-height-scrolling\" style=\"--awb-border-radius-top-left:0px;--awb-border-radius-top-right:0px;--awb-border-radius-bottom-right:0px;--awb-border-radius-bottom-left:0px;--awb-flex-wrap:wrap;\" ><div class=\"fusion-builder-row fusion-row fusion-flex-align-items-flex-start fusion-flex-content-wrap\" style=\"max-width:1248px;margin-left: calc(-4% \/ 2 );margin-right: calc(-4% \/ 2 );\"><div class=\"fusion-layout-column fusion_builder_column fusion-builder-column-0 fusion_builder_column_1_1 1_1 fusion-flex-column\" style=\"--awb-bg-size:cover;--awb-width-large:100%;--awb-margin-top-large:0px;--awb-spacing-right-large:1.92%;--awb-margin-bottom-large:20px;--awb-spacing-left-large:1.92%;--awb-width-medium:100%;--awb-order-medium:0;--awb-spacing-right-medium:1.92%;--awb-spacing-left-medium:1.92%;--awb-width-small:100%;--awb-order-small:0;--awb-spacing-right-small:1.92%;--awb-spacing-left-small:1.92%;\"><div class=\"fusion-column-wrapper fusion-column-has-shadow fusion-flex-justify-content-flex-start fusion-content-layout-column\"><div class=\"fusion-text fusion-text-1\"><h3 style=\"text-align: center;\">Ehrungen bei der Gau-Fr\u00fchjahrsversammlung<\/h3>\n<p><img decoding=\"async\" class=\"alignnone wp-image-2082\" src=\"https:\/\/trachtengau.org\/wordpress\/wp-content\/uploads\/2025\/05\/DSC_0129-1024x683.jpg\" alt=\"\" width=\"523\" height=\"348\" srcset=\"https:\/\/trachtengau.org\/wordpress\/wp-content\/uploads\/2025\/05\/DSC_0129-200x133.jpg 200w, https:\/\/trachtengau.org\/wordpress\/wp-content\/uploads\/2025\/05\/DSC_0129-300x200.jpg 300w, https:\/\/trachtengau.org\/wordpress\/wp-content\/uploads\/2025\/05\/DSC_0129-400x267.jpg 400w, https:\/\/trachtengau.org\/wordpress\/wp-content\/uploads\/2025\/05\/DSC_0129-600x400.jpg 600w, https:\/\/trachtengau.org\/wordpress\/wp-content\/uploads\/2025\/05\/DSC_0129-768x512.jpg 768w, https:\/\/trachtengau.org\/wordpress\/wp-content\/uploads\/2025\/05\/DSC_0129-800x533.jpg 800w, https:\/\/trachtengau.org\/wordpress\/wp-content\/uploads\/2025\/05\/DSC_0129-1024x683.jpg 1024w, https:\/\/trachtengau.org\/wordpress\/wp-content\/uploads\/2025\/05\/DSC_0129-1200x800.jpg 1200w, https:\/\/trachtengau.org\/wordpress\/wp-content\/uploads\/2025\/05\/DSC_0129-1536x1024.jpg 1536w\" sizes=\"(max-width: 523px) 100vw, 523px\" \/> <img decoding=\"async\" class=\"alignnone wp-image-2083\" src=\"https:\/\/trachtengau.org\/wordpress\/wp-content\/uploads\/2025\/05\/DSC_0159-1024x683.jpg\" alt=\"\" width=\"523\" height=\"348\" srcset=\"https:\/\/trachtengau.org\/wordpress\/wp-content\/uploads\/2025\/05\/DSC_0159-200x133.jpg 200w, https:\/\/trachtengau.org\/wordpress\/wp-content\/uploads\/2025\/05\/DSC_0159-300x200.jpg 300w, https:\/\/trachtengau.org\/wordpress\/wp-content\/uploads\/2025\/05\/DSC_0159-400x267.jpg 400w, https:\/\/trachtengau.org\/wordpress\/wp-content\/uploads\/2025\/05\/DSC_0159-600x400.jpg 600w, https:\/\/trachtengau.org\/wordpress\/wp-content\/uploads\/2025\/05\/DSC_0159-768x512.jpg 768w, https:\/\/trachtengau.org\/wordpress\/wp-content\/uploads\/2025\/05\/DSC_0159-800x533.jpg 800w, https:\/\/trachtengau.org\/wordpress\/wp-content\/uploads\/2025\/05\/DSC_0159-1024x683.jpg 1024w, https:\/\/trachtengau.org\/wordpress\/wp-content\/uploads\/2025\/05\/DSC_0159-1200x800.jpg 1200w, https:\/\/trachtengau.org\/wordpress\/wp-content\/uploads\/2025\/05\/DSC_0159-1536x1024.jpg 1536w\" sizes=\"(max-width: 523px) 100vw, 523px\" \/><\/p>\n<p>Bei unserer diesj\u00e4hrigen Gau-Fr\u00fchjahrsversammlung hatten wir die Ehre, unseren ehemaligen Gauvorstand zum Gauehrenvorstand zu ernennen. Ludwig Huber war 16 Jahre lang aktiv in der Gauvorstandschaft t\u00e4tig, davon 8 Jahre als 2. Gauvorstand und anschlie\u00dfend von 2016 bis 2024 als erster Gauvorstand. Acht Jahre lang, f\u00fchrte er den Gau ohne einen zweiten Gauvorstand, was nicht immer einfach war. In seiner Amtszeit in der Gauvorstandschaft konnte das 100-j\u00e4hrige Gr\u00fcndungsfest des Gaues gefeiert werden und 2018 waren wir Ausrichter f\u00fcr die Landesverbandstagung in Unterf\u00f6hring. Derzeit unterst\u00fctzt uns Ludwig weiterhin als Beisitzer im Gauausschuss.<\/p>\n<p>Lieber Ludwig, wir danken dir herzlich f\u00fcr dein Engagement in unserem Gau!<\/p>\n<p>An diesem Tag durften wir auch unsere ehemalige Gauschriftf\u00fchrerin Barbara Steinbei\u00dfer zum Ehrenmitglied ernennen. Barbara war 16 Jahre lang erste Gauschriftf\u00fchrerin und k\u00fcmmert sich seit 2006 um das Sachgebiet Brauchtum, Mundart und Laienspiel.<\/p>\n<p>Zus\u00e4tzlich erhielt auch Franziska Huber die Ehrenmitgliedschaft f\u00fcr ihre wertvolle Arbeit im Gau. Von 2010 bis 2016 war sie erste Gaukassiererin und von 2016 bis 2024 zweite Gaukassiererin. Zudem unterst\u00fctzt sie Barbara im Sachgebiet Brauchtum, Mundart und Laienspiel.<\/p>\n<p>Der dritte im Bunde, der die Ehrenmitgliedschaft erhielt, ist unser ehemaliger Gaukassier J\u00fcrgen Jantke. Er war von 2010 bis 2016 zweiter Gaukassier und \u00fcbernahm von 2016 bis 2024 das Amt des ersten Gaukassiers.<\/p>\n<p>Wir bedanken uns ganz herzlich bei unseren drei neuen Ehrenmitgliedern f\u00fcr ihre geleistete Arbeit!<\/p>\n<\/div><\/div><\/div><\/div><\/div>\n","protected":false},"excerpt":{"rendered":"","protected":false},"author":2,"featured_media":0,"parent":0,"menu_order":0,"comment_status":"closed","ping_status":"closed","template":"","meta":{"footnotes":""},"class_list":["post-2081","page","type-page","status-publish","hentry"],"yoast_head":"<!-- This site is optimized with the Yoast SEO plugin v21.7 - https:\/\/yoast.com\/wordpress\/plugins\/seo\/ -->\n<title>Ehrungen bei der Gau-Fr\u00fchjahrsversammlung - Trachtengau M\u00fcnchen und Umgebung<\/title>\n<meta name=\"robots\" content=\"index, follow, max-snippet:-1, max-image-preview:large, max-video-preview:-1\" \/>\n<link rel=\"canonical\" href=\"https:\/\/trachtengau.org\/wordpress\/2081-2\/\" \/>\n<meta property=\"og:locale\" content=\"de_DE\" \/>\n<meta property=\"og:type\" content=\"article\" \/>\n<meta property=\"og:title\" content=\"Ehrungen bei der Gau-Fr\u00fchjahrsversammlung - Trachtengau M\u00fcnchen und Umgebung\" \/>\n<meta property=\"og:url\" content=\"https:\/\/trachtengau.org\/wordpress\/2081-2\/\" \/>\n<meta property=\"og:site_name\" content=\"Trachtengau M\u00fcnchen und Umgebung\" \/>\n<meta property=\"article:modified_time\" content=\"2025-05-27T15:46:36+00:00\" \/>\n<meta property=\"og:image\" content=\"https:\/\/trachtengau.org\/wordpress\/wp-content\/uploads\/2025\/05\/DSC_0129-1024x683.jpg\" \/>\n<meta name=\"twitter:card\" content=\"summary_large_image\" \/>\n<meta name=\"twitter:label1\" content=\"Gesch\u00e4tzte Lesezeit\" \/>\n\t<meta name=\"twitter:data1\" content=\"2\u00a0Minuten\" \/>\n<script type=\"application\/ld+json\" class=\"yoast-schema-graph\">{\"@context\":\"https:\/\/schema.org\",\"@graph\":[{\"@type\":\"WebPage\",\"@id\":\"https:\/\/trachtengau.org\/wordpress\/2081-2\/\",\"url\":\"https:\/\/trachtengau.org\/wordpress\/2081-2\/\",\"name\":\"Ehrungen bei der Gau-Fr\u00fchjahrsversammlung - Trachtengau M\u00fcnchen und Umgebung\",\"isPartOf\":{\"@id\":\"https:\/\/trachtengau.org\/wordpress\/#website\"},\"datePublished\":\"2025-05-27T15:35:35+00:00\",\"dateModified\":\"2025-05-27T15:46:36+00:00\",\"breadcrumb\":{\"@id\":\"https:\/\/trachtengau.org\/wordpress\/2081-2\/#breadcrumb\"},\"inLanguage\":\"de\",\"potentialAction\":[{\"@type\":\"ReadAction\",\"target\":[\"https:\/\/trachtengau.org\/wordpress\/2081-2\/\"]}]},{\"@type\":\"BreadcrumbList\",\"@id\":\"https:\/\/trachtengau.org\/wordpress\/2081-2\/#breadcrumb\",\"itemListElement\":[{\"@type\":\"ListItem\",\"position\":1,\"name\":\"Startseite\",\"item\":\"https:\/\/trachtengau.org\/wordpress\/\"},{\"@type\":\"ListItem\",\"position\":2,\"name\":\"Ehrungen bei der Gau-Fr\u00fchjahrsversammlung\"}]},{\"@type\":\"WebSite\",\"@id\":\"https:\/\/trachtengau.org\/wordpress\/#website\",\"url\":\"https:\/\/trachtengau.org\/wordpress\/\",\"name\":\"Trachtengau M\u00fcnchen und Umgebung\",\"description\":\"\",\"potentialAction\":[{\"@type\":\"SearchAction\",\"target\":{\"@type\":\"EntryPoint\",\"urlTemplate\":\"https:\/\/trachtengau.org\/wordpress\/?s={search_term_string}\"},\"query-input\":\"required name=search_term_string\"}],\"inLanguage\":\"de\"}]}<\/script>\n<!-- \/ Yoast SEO plugin. -->","yoast_head_json":{"title":"Ehrungen bei der Gau-Fr\u00fchjahrsversammlung - Trachtengau M\u00fcnchen und Umgebung","robots":{"index":"index","follow":"follow","max-snippet":"max-snippet:-1","max-image-preview":"max-image-preview:large","max-video-preview":"max-video-preview:-1"},"canonical":"https:\/\/trachtengau.org\/wordpress\/2081-2\/","og_locale":"de_DE","og_type":"article","og_title":"Ehrungen bei der Gau-Fr\u00fchjahrsversammlung - Trachtengau M\u00fcnchen und Umgebung","og_url":"https:\/\/trachtengau.org\/wordpress\/2081-2\/","og_site_name":"Trachtengau M\u00fcnchen und Umgebung","article_modified_time":"2025-05-27T15:46:36+00:00","og_image":[{"url":"https:\/\/trachtengau.org\/wordpress\/wp-content\/uploads\/2025\/05\/DSC_0129-1024x683.jpg"}],"twitter_card":"summary_large_image","twitter_misc":{"Gesch\u00e4tzte Lesezeit":"2\u00a0Minuten"},"schema":{"@context":"https:\/\/schema.org","@graph":[{"@type":"WebPage","@id":"https:\/\/trachtengau.org\/wordpress\/2081-2\/","url":"https:\/\/trachtengau.org\/wordpress\/2081-2\/","name":"Ehrungen bei der Gau-Fr\u00fchjahrsversammlung - Trachtengau M\u00fcnchen und Umgebung","isPartOf":{"@id":"https:\/\/trachtengau.org\/wordpress\/#website"},"datePublished":"2025-05-27T15:35:35+00:00","dateModified":"2025-05-27T15:46:36+00:00","breadcrumb":{"@id":"https:\/\/trachtengau.org\/wordpress\/2081-2\/#breadcrumb"},"inLanguage":"de","potentialAction":[{"@type":"ReadAction","target":["https:\/\/trachtengau.org\/wordpress\/2081-2\/"]}]},{"@type":"BreadcrumbList","@id":"https:\/\/trachtengau.org\/wordpress\/2081-2\/#breadcrumb","itemListElement":[{"@type":"ListItem","position":1,"name":"Startseite","item":"https:\/\/trachtengau.org\/wordpress\/"},{"@type":"ListItem","position":2,"name":"Ehrungen bei der Gau-Fr\u00fchjahrsversammlung"}]},{"@type":"WebSite","@id":"https:\/\/trachtengau.org\/wordpress\/#website","url":"https:\/\/trachtengau.org\/wordpress\/","name":"Trachtengau M\u00fcnchen und Umgebung","description":"","potentialAction":[{"@type":"SearchAction","target":{"@type":"EntryPoint","urlTemplate":"https:\/\/trachtengau.org\/wordpress\/?s={search_term_string}"},"query-input":"required name=search_term_string"}],"inLanguage":"de"}]}},"_links":{"self":[{"href":"https:\/\/trachtengau.org\/wordpress\/wp-json\/wp\/v2\/pages\/2081","targetHints":{"allow":["GET"]}}],"collection":[{"href":"https:\/\/trachtengau.org\/wordpress\/wp-json\/wp\/v2\/pages"}],"about":[{"href":"https:\/\/trachtengau.org\/wordpress\/wp-json\/wp\/v2\/types\/page"}],"author":[{"embeddable":true,"href":"https:\/\/trachtengau.org\/wordpress\/wp-json\/wp\/v2\/users\/2"}],"replies":[{"embeddable":true,"href":"https:\/\/trachtengau.org\/wordpress\/wp-json\/wp\/v2\/comments?post=2081"}],"version-history":[{"count":3,"href":"https:\/\/trachtengau.org\/wordpress\/wp-json\/wp\/v2\/pages\/2081\/revisions"}],"predecessor-version":[{"id":2091,"href":"https:\/\/trachtengau.org\/wordpress\/wp-json\/wp\/v2\/pages\/2081\/revisions\/2091"}],"wp:attachment":[{"href":"https:\/\/trachtengau.org\/wordpress\/wp-json\/wp\/v2\/media?parent=2081"}],"curies":[{"name":"wp","href":"https:\/\/api.w.org\/{rel}","templated":true}]}}

Ehrungen bei der Gau-Frühjahrsversammlung

<div class="fusion-fullwidth fullwidth-box fusion-builder-row-1 fusion-flex-container has-pattern-background has-mask-background nonhundred-percent-fullwidth non-hundred-percent-height-scrolling" style="--awb-border-radius-top-left:0px;--awb-border-radius-top-right:0px;--awb-border-radius-bottom-right:0px;--awb-border-radius-bottom-left:0px;--awb-flex-wrap:wrap;" ><div class="fusion-builder-row fusion-row fusion-flex-align-items-flex-start fusion-flex-content-wrap" style="max-width:1248px;margin-left: calc(-4% / 2 );margin-right: calc(-4% / 2 );"><div class="fusion-layout-column fusion_builder_column fusion-builder-column-0 fusion_builder_column_1_1 1_1 fusion-flex-column" style="--awb-bg-size:cover;--awb-width-large:100%;--awb-margin-top-large:0px;--awb-spacing-right-large:1.92%;--awb-margin-bottom-large:20px;--awb-spacing-left-large:1.92%;--awb-width-medium:100%;--awb-order-medium:0;--awb-spacing-right-medium:1.92%;--awb-spacing-left-medium:1.92%;--awb-width-small:100%;--awb-order-small:0;--awb-spacing-right-small:1.92%;--awb-spacing-left-small:1.92%;"><div class="fusion-column-wrapper fusion-column-has-shadow fusion-flex-justify-content-flex-start fusion-content-layout-column"><div class="fusion-text fusion-text-1"><h3 style="text-align: center;">Ehrungen bei der Gau-Frühjahrsversammlung</h3>
<p><img decoding="async" class="alignnone wp-image-2082" src="https://trachtengau.org/wordpress/wp-content/uploads/2025/05/DSC_0129-1024x683.jpg" alt="" width="523" height="348" srcset="https://trachtengau.org/wordpress/wp-content/uploads/2025/05/DSC_0129-200x133.jpg 200w, https://trachtengau.org/wordpress/wp-content/uploads/2025/05/DSC_0129-300x200.jpg 300w, https://trachtengau.org/wordpress/wp-content/uploads/2025/05/DSC_0129-400x267.jpg 400w, https://trachtengau.org/wordpress/wp-content/uploads/2025/05/DSC_0129-600x400.jpg 600w, https://trachtengau.org/wordpress/wp-content/uploads/2025/05/DSC_0129-768x512.jpg 768w, https://trachtengau.org/wordpress/wp-content/uploads/2025/05/DSC_0129-800x533.jpg 800w, https://trachtengau.org/wordpress/wp-content/uploads/2025/05/DSC_0129-1024x683.jpg 1024w, https://trachtengau.org/wordpress/wp-content/uploads/2025/05/DSC_0129-1200x800.jpg 1200w, https://trachtengau.org/wordpress/wp-content/uploads/2025/05/DSC_0129-1536x1024.jpg 1536w" sizes="(max-width: 523px) 100vw, 523px" /> <img decoding="async" class="alignnone wp-image-2083" src="https://trachtengau.org/wordpress/wp-content/uploads/2025/05/DSC_0159-1024x683.jpg" alt="" width="523" height="348" srcset="https://trachtengau.org/wordpress/wp-content/uploads/2025/05/DSC_0159-200x133.jpg 200w, https://trachtengau.org/wordpress/wp-content/uploads/2025/05/DSC_0159-300x200.jpg 300w, https://trachtengau.org/wordpress/wp-content/uploads/2025/05/DSC_0159-400x267.jpg 400w, https://trachtengau.org/wordpress/wp-content/uploads/2025/05/DSC_0159-600x400.jpg 600w, https://trachtengau.org/wordpress/wp-content/uploads/2025/05/DSC_0159-768x512.jpg 768w, https://trachtengau.org/wordpress/wp-content/uploads/2025/05/DSC_0159-800x533.jpg 800w, https://trachtengau.org/wordpress/wp-content/uploads/2025/05/DSC_0159-1024x683.jpg 1024w, https://trachtengau.org/wordpress/wp-content/uploads/2025/05/DSC_0159-1200x800.jpg 1200w, https://trachtengau.org/wordpress/wp-content/uploads/2025/05/DSC_0159-1536x1024.jpg 1536w" sizes="(max-width: 523px) 100vw, 523px" /></p>
<p>Bei unserer diesjährigen Gau-Frühjahrsversammlung hatten wir die Ehre, unseren ehemaligen Gauvorstand zum Gauehrenvorstand zu ernennen. Ludwig Huber war 16 Jahre lang aktiv in der Gauvorstandschaft tätig, davon 8 Jahre als 2. Gauvorstand und anschließend von 2016 bis 2024 als erster Gauvorstand. Acht Jahre lang, führte er den Gau ohne einen zweiten Gauvorstand, was nicht immer einfach war. In seiner Amtszeit in der Gauvorstandschaft konnte das 100-jährige Gründungsfest des Gaues gefeiert werden und 2018 waren wir Ausrichter für die Landesverbandstagung in Unterföhring. Derzeit unterstützt uns Ludwig weiterhin als Beisitzer im Gauausschuss.</p>
<p>Lieber Ludwig, wir danken dir herzlich für dein Engagement in unserem Gau!</p>
<p>An diesem Tag durften wir auch unsere ehemalige Gauschriftführerin Barbara Steinbeißer zum Ehrenmitglied ernennen. Barbara war 16 Jahre lang erste Gauschriftführerin und kümmert sich seit 2006 um das Sachgebiet Brauchtum, Mundart und Laienspiel.</p>
<p>Zusätzlich erhielt auch Franziska Huber die Ehrenmitgliedschaft für ihre wertvolle Arbeit im Gau. Von 2010 bis 2016 war sie erste Gaukassiererin und von 2016 bis 2024 zweite Gaukassiererin. Zudem unterstützt sie Barbara im Sachgebiet Brauchtum, Mundart und Laienspiel.</p>
<p>Der dritte im Bunde, der die Ehrenmitgliedschaft erhielt, ist unser ehemaliger Gaukassier Jürgen Jantke. Er war von 2010 bis 2016 zweiter Gaukassier und übernahm von 2016 bis 2024 das Amt des ersten Gaukassiers.</p>
<p>Wir bedanken uns ganz herzlich bei unseren drei neuen Ehrenmitgliedern für ihre geleistete Arbeit!</p>
</div></div></div></div></div>

<!-- This site is optimized with the Yoast SEO plugin v21.7 - https://yoast.com/wordpress/plugins/seo/ -->
<title>Ehrungen bei der Gau-Frühjahrsversammlung - Trachtengau München und Umgebung</title>
<meta name="robots" content="index, follow, max-snippet:-1, max-image-preview:large, max-video-preview:-1" />
<link rel="canonical" href="https://trachtengau.org/wordpress/2081-2/" />
<meta property="og:locale" content="de_DE" />
<meta property="og:type" content="article" />
<meta property="og:title" content="Ehrungen bei der Gau-Frühjahrsversammlung - Trachtengau München und Umgebung" />
<meta property="og:url" content="https://trachtengau.org/wordpress/2081-2/" />
<meta property="og:site_name" content="Trachtengau München und Umgebung" />
<meta property="article:modified_time" content="2025-05-27T15:46:36+00:00" />
<meta property="og:image" content="https://trachtengau.org/wordpress/wp-content/uploads/2025/05/DSC_0129-1024x683.jpg" />
<meta name="twitter:card" content="summary_large_image" />
<meta name="twitter:label1" content="Geschätzte Lesezeit" />
	<meta name="twitter:data1" content="2 Minuten" />
<script type="application/ld+json" class="yoast-schema-graph">{"@context":"https://schema.org","@graph":[{"@type":"WebPage","@id":"https://trachtengau.org/wordpress/2081-2/","url":"https://trachtengau.org/wordpress/2081-2/","name":"Ehrungen bei der Gau-Frühjahrsversammlung - Trachtengau München und Umgebung","isPartOf":{"@id":"https://trachtengau.org/wordpress/#website"},"datePublished":"2025-05-27T15:35:35+00:00","dateModified":"2025-05-27T15:46:36+00:00","breadcrumb":{"@id":"https://trachtengau.org/wordpress/2081-2/#breadcrumb"},"inLanguage":"de","potentialAction":[{"@type":"ReadAction","target":["https://trachtengau.org/wordpress/2081-2/"]}]},{"@type":"BreadcrumbList","@id":"https://trachtengau.org/wordpress/2081-2/#breadcrumb","itemListElement":[{"@type":"ListItem","position":1,"name":"Startseite","item":"https://trachtengau.org/wordpress/"},{"@type":"ListItem","position":2,"name":"Ehrungen bei der Gau-Frühjahrsversammlung"}]},{"@type":"WebSite","@id":"https://trachtengau.org/wordpress/#website","url":"https://trachtengau.org/wordpress/","name":"Trachtengau München und Umgebung","description":"","potentialAction":[{"@type":"SearchAction","target":{"@type":"EntryPoint","urlTemplate":"https://trachtengau.org/wordpress/?s={search_term_string}"},"query-input":"required name=search_term_string"}],"inLanguage":"de"}]}</script>
<!-- / Yoast SEO plugin. -->

Ehrungen bei der Gau-Frühjahrsversammlung - Trachtengau München und Umgebung

Trachtengau München und Umgebung
