{"id":2065,"date":"2025-03-06T17:32:16","date_gmt":"2025-03-06T16:32:16","guid":{"rendered":"https:\/\/trachtengau.org\/wordpress\/?page_id=2065"},"modified":"2025-03-06T17:43:02","modified_gmt":"2025-03-06T16:43:02","slug":"nachruf-leonhard-steinbeisser","status":"publish","type":"page","link":"https:\/\/trachtengau.org\/wordpress\/nachruf-leonhard-steinbeisser\/","title":{"rendered":"Nachruf Leonhard Steinbei\u00dfer"},"content":{"rendered":"<div class=\"fusion-fullwidth fullwidth-box fusion-builder-row-1 fusion-flex-container has-pattern-background has-mask-background nonhundred-percent-fullwidth non-hundred-percent-height-scrolling\" style=\"--awb-border-radius-top-left:0px;--awb-border-radius-top-right:0px;--awb-border-radius-bottom-right:0px;--awb-border-radius-bottom-left:0px;--awb-flex-wrap:wrap;\" ><div class=\"fusion-builder-row fusion-row fusion-flex-align-items-flex-start fusion-flex-content-wrap\" style=\"max-width:1248px;margin-left: calc(-4% \/ 2 );margin-right: calc(-4% \/ 2 );\"><div class=\"fusion-layout-column fusion_builder_column fusion-builder-column-0 fusion_builder_column_1_1 1_1 fusion-flex-column\" style=\"--awb-bg-size:cover;--awb-width-large:100%;--awb-margin-top-large:0px;--awb-spacing-right-large:1.92%;--awb-margin-bottom-large:20px;--awb-spacing-left-large:1.92%;--awb-width-medium:100%;--awb-order-medium:0;--awb-spacing-right-medium:1.92%;--awb-spacing-left-medium:1.92%;--awb-width-small:100%;--awb-order-small:0;--awb-spacing-right-small:1.92%;--awb-spacing-left-small:1.92%;\"><div class=\"fusion-column-wrapper fusion-column-has-shadow fusion-flex-justify-content-flex-start fusion-content-layout-column\"><div class=\"fusion-text fusion-text-1\"><h2><\/h2>\n<h2 style=\"text-align: center;\">Nachruf Leonhard Steinbei\u00dfer<\/h2>\n<p><img decoding=\"async\" class=\"wp-image-2066 aligncenter\" src=\"https:\/\/trachtengau.org\/wordpress\/wp-content\/uploads\/2025\/03\/Leonhard-Steinbeisser-2-740x1024.jpg\" alt=\"\" width=\"242\" height=\"335\" srcset=\"https:\/\/trachtengau.org\/wordpress\/wp-content\/uploads\/2025\/03\/Leonhard-Steinbeisser-2-200x277.jpg 200w, https:\/\/trachtengau.org\/wordpress\/wp-content\/uploads\/2025\/03\/Leonhard-Steinbeisser-2-217x300.jpg 217w, https:\/\/trachtengau.org\/wordpress\/wp-content\/uploads\/2025\/03\/Leonhard-Steinbeisser-2-400x553.jpg 400w, https:\/\/trachtengau.org\/wordpress\/wp-content\/uploads\/2025\/03\/Leonhard-Steinbeisser-2-600x830.jpg 600w, https:\/\/trachtengau.org\/wordpress\/wp-content\/uploads\/2025\/03\/Leonhard-Steinbeisser-2-740x1024.jpg 740w, https:\/\/trachtengau.org\/wordpress\/wp-content\/uploads\/2025\/03\/Leonhard-Steinbeisser-2.jpg 754w\" sizes=\"(max-width: 242px) 100vw, 242px\" \/><\/p>\n<p>Mit gro\u00dfer Traurigkeit nehmen wir Abschied von unserem gesch\u00e4tzten Gaumitglied Leonhard Steinbei\u00dfer, der nach langer Krankheit am 22. Februar 2025 verstorben ist. Leonhard war \u00fcber viele Jahre hinweg ein engagiertes Mitglied in unserem Gau und hat durch seine unerm\u00fcdliche Arbeit und seinen Einsatz einen bleibenden Eindruck hinterlassen.<\/p>\n<p>Von November 1984 bis M\u00e4rz 1990 war er als Beisitzer t\u00e4tig und trug ma\u00dfgeblich zur Weiterentwicklung unseres Gaues bei. In den Jahren 1990 bis 1994 \u00fcbernahm er das Amt des 2. Gauvorplattlers. Nach einer zweij\u00e4hrigen Pause wurde Leonhard erneut als Beisitzer in den Trachtengau M\u00fcnchen und Umgebung gew\u00e4hlt. Im Februar 2002 \u00fcbernahm er das Amt des 2. Gauvorstands. Sein Engagement fand seinen H\u00f6hepunkt in der Rolle des 1. Gauvorstands, die er von 2004 bis 2008 innehatte. In all diesen \u00c4mtern zeigte er stets ein hohes Ma\u00df an Verantwortungsbewusstsein und Leidenschaft f\u00fcr die Belange unseres Gaues.<\/p>\n<p>Leonhard wird uns nicht nur als engagiertes Gaumitglied, sondern auch als Mensch in Erinnerung bleiben. Sein Verlust hinterl\u00e4sst eine gro\u00dfe L\u00fccke in unserer Gemeinschaft. Wir werden ihn in ehrender Erinnerung behalten, und unser Mitgef\u00fchl gilt seiner Familie in dieser schweren Zeit.<\/p>\n<p><img decoding=\"async\" class=\"wp-image-2003 aligncenter\" src=\"https:\/\/trachtengau.org\/wordpress\/wp-content\/uploads\/2024\/11\/Sonnenuntergang-1024x350.png\" alt=\"\" width=\"755\" height=\"258\" srcset=\"https:\/\/trachtengau.org\/wordpress\/wp-content\/uploads\/2024\/11\/Sonnenuntergang-200x68.png 200w, https:\/\/trachtengau.org\/wordpress\/wp-content\/uploads\/2024\/11\/Sonnenuntergang-300x103.png 300w, https:\/\/trachtengau.org\/wordpress\/wp-content\/uploads\/2024\/11\/Sonnenuntergang-400x137.png 400w, https:\/\/trachtengau.org\/wordpress\/wp-content\/uploads\/2024\/11\/Sonnenuntergang-600x205.png 600w, https:\/\/trachtengau.org\/wordpress\/wp-content\/uploads\/2024\/11\/Sonnenuntergang-768x262.png 768w, https:\/\/trachtengau.org\/wordpress\/wp-content\/uploads\/2024\/11\/Sonnenuntergang-800x273.png 800w, https:\/\/trachtengau.org\/wordpress\/wp-content\/uploads\/2024\/11\/Sonnenuntergang-1024x350.png 1024w, https:\/\/trachtengau.org\/wordpress\/wp-content\/uploads\/2024\/11\/Sonnenuntergang-1200x410.png 1200w, https:\/\/trachtengau.org\/wordpress\/wp-content\/uploads\/2024\/11\/Sonnenuntergang-1536x525.png 1536w, https:\/\/trachtengau.org\/wordpress\/wp-content\/uploads\/2024\/11\/Sonnenuntergang.png 1920w\" sizes=\"(max-width: 755px) 100vw, 755px\" \/><\/p>\n<\/div><\/div><\/div><\/div><\/div>\n","protected":false},"excerpt":{"rendered":"","protected":false},"author":2,"featured_media":0,"parent":0,"menu_order":0,"comment_status":"closed","ping_status":"closed","template":"","meta":{"footnotes":""},"class_list":["post-2065","page","type-page","status-publish","hentry"],"yoast_head":"<!-- This site is optimized with the Yoast SEO plugin v21.7 - https:\/\/yoast.com\/wordpress\/plugins\/seo\/ -->\n<title>Nachruf Leonhard Steinbei\u00dfer - Trachtengau M\u00fcnchen und Umgebung<\/title>\n<meta name=\"robots\" content=\"index, follow, max-snippet:-1, max-image-preview:large, max-video-preview:-1\" \/>\n<link rel=\"canonical\" href=\"https:\/\/trachtengau.org\/wordpress\/nachruf-leonhard-steinbeisser\/\" \/>\n<meta property=\"og:locale\" content=\"de_DE\" \/>\n<meta property=\"og:type\" content=\"article\" \/>\n<meta property=\"og:title\" content=\"Nachruf Leonhard Steinbei\u00dfer - Trachtengau M\u00fcnchen und Umgebung\" \/>\n<meta property=\"og:url\" content=\"https:\/\/trachtengau.org\/wordpress\/nachruf-leonhard-steinbeisser\/\" \/>\n<meta property=\"og:site_name\" content=\"Trachtengau M\u00fcnchen und Umgebung\" \/>\n<meta property=\"article:modified_time\" content=\"2025-03-06T16:43:02+00:00\" \/>\n<meta property=\"og:image\" content=\"https:\/\/trachtengau.org\/wordpress\/wp-content\/uploads\/2025\/03\/Leonhard-Steinbeisser-2-740x1024.jpg\" \/>\n<meta name=\"twitter:card\" content=\"summary_large_image\" \/>\n<meta name=\"twitter:label1\" content=\"Gesch\u00e4tzte Lesezeit\" \/>\n\t<meta name=\"twitter:data1\" content=\"2\u00a0Minuten\" \/>\n<script type=\"application\/ld+json\" class=\"yoast-schema-graph\">{\"@context\":\"https:\/\/schema.org\",\"@graph\":[{\"@type\":\"WebPage\",\"@id\":\"https:\/\/trachtengau.org\/wordpress\/nachruf-leonhard-steinbeisser\/\",\"url\":\"https:\/\/trachtengau.org\/wordpress\/nachruf-leonhard-steinbeisser\/\",\"name\":\"Nachruf Leonhard Steinbei\u00dfer - Trachtengau M\u00fcnchen und Umgebung\",\"isPartOf\":{\"@id\":\"https:\/\/trachtengau.org\/wordpress\/#website\"},\"datePublished\":\"2025-03-06T16:32:16+00:00\",\"dateModified\":\"2025-03-06T16:43:02+00:00\",\"breadcrumb\":{\"@id\":\"https:\/\/trachtengau.org\/wordpress\/nachruf-leonhard-steinbeisser\/#breadcrumb\"},\"inLanguage\":\"de\",\"potentialAction\":[{\"@type\":\"ReadAction\",\"target\":[\"https:\/\/trachtengau.org\/wordpress\/nachruf-leonhard-steinbeisser\/\"]}]},{\"@type\":\"BreadcrumbList\",\"@id\":\"https:\/\/trachtengau.org\/wordpress\/nachruf-leonhard-steinbeisser\/#breadcrumb\",\"itemListElement\":[{\"@type\":\"ListItem\",\"position\":1,\"name\":\"Startseite\",\"item\":\"https:\/\/trachtengau.org\/wordpress\/\"},{\"@type\":\"ListItem\",\"position\":2,\"name\":\"Nachruf Leonhard Steinbei\u00dfer\"}]},{\"@type\":\"WebSite\",\"@id\":\"https:\/\/trachtengau.org\/wordpress\/#website\",\"url\":\"https:\/\/trachtengau.org\/wordpress\/\",\"name\":\"Trachtengau M\u00fcnchen und Umgebung\",\"description\":\"\",\"potentialAction\":[{\"@type\":\"SearchAction\",\"target\":{\"@type\":\"EntryPoint\",\"urlTemplate\":\"https:\/\/trachtengau.org\/wordpress\/?s={search_term_string}\"},\"query-input\":\"required name=search_term_string\"}],\"inLanguage\":\"de\"}]}<\/script>\n<!-- \/ Yoast SEO plugin. -->","yoast_head_json":{"title":"Nachruf Leonhard Steinbei\u00dfer - Trachtengau M\u00fcnchen und Umgebung","robots":{"index":"index","follow":"follow","max-snippet":"max-snippet:-1","max-image-preview":"max-image-preview:large","max-video-preview":"max-video-preview:-1"},"canonical":"https:\/\/trachtengau.org\/wordpress\/nachruf-leonhard-steinbeisser\/","og_locale":"de_DE","og_type":"article","og_title":"Nachruf Leonhard Steinbei\u00dfer - Trachtengau M\u00fcnchen und Umgebung","og_url":"https:\/\/trachtengau.org\/wordpress\/nachruf-leonhard-steinbeisser\/","og_site_name":"Trachtengau M\u00fcnchen und Umgebung","article_modified_time":"2025-03-06T16:43:02+00:00","og_image":[{"url":"https:\/\/trachtengau.org\/wordpress\/wp-content\/uploads\/2025\/03\/Leonhard-Steinbeisser-2-740x1024.jpg"}],"twitter_card":"summary_large_image","twitter_misc":{"Gesch\u00e4tzte Lesezeit":"2\u00a0Minuten"},"schema":{"@context":"https:\/\/schema.org","@graph":[{"@type":"WebPage","@id":"https:\/\/trachtengau.org\/wordpress\/nachruf-leonhard-steinbeisser\/","url":"https:\/\/trachtengau.org\/wordpress\/nachruf-leonhard-steinbeisser\/","name":"Nachruf Leonhard Steinbei\u00dfer - Trachtengau M\u00fcnchen und Umgebung","isPartOf":{"@id":"https:\/\/trachtengau.org\/wordpress\/#website"},"datePublished":"2025-03-06T16:32:16+00:00","dateModified":"2025-03-06T16:43:02+00:00","breadcrumb":{"@id":"https:\/\/trachtengau.org\/wordpress\/nachruf-leonhard-steinbeisser\/#breadcrumb"},"inLanguage":"de","potentialAction":[{"@type":"ReadAction","target":["https:\/\/trachtengau.org\/wordpress\/nachruf-leonhard-steinbeisser\/"]}]},{"@type":"BreadcrumbList","@id":"https:\/\/trachtengau.org\/wordpress\/nachruf-leonhard-steinbeisser\/#breadcrumb","itemListElement":[{"@type":"ListItem","position":1,"name":"Startseite","item":"https:\/\/trachtengau.org\/wordpress\/"},{"@type":"ListItem","position":2,"name":"Nachruf Leonhard Steinbei\u00dfer"}]},{"@type":"WebSite","@id":"https:\/\/trachtengau.org\/wordpress\/#website","url":"https:\/\/trachtengau.org\/wordpress\/","name":"Trachtengau M\u00fcnchen und Umgebung","description":"","potentialAction":[{"@type":"SearchAction","target":{"@type":"EntryPoint","urlTemplate":"https:\/\/trachtengau.org\/wordpress\/?s={search_term_string}"},"query-input":"required name=search_term_string"}],"inLanguage":"de"}]}},"_links":{"self":[{"href":"https:\/\/trachtengau.org\/wordpress\/wp-json\/wp\/v2\/pages\/2065","targetHints":{"allow":["GET"]}}],"collection":[{"href":"https:\/\/trachtengau.org\/wordpress\/wp-json\/wp\/v2\/pages"}],"about":[{"href":"https:\/\/trachtengau.org\/wordpress\/wp-json\/wp\/v2\/types\/page"}],"author":[{"embeddable":true,"href":"https:\/\/trachtengau.org\/wordpress\/wp-json\/wp\/v2\/users\/2"}],"replies":[{"embeddable":true,"href":"https:\/\/trachtengau.org\/wordpress\/wp-json\/wp\/v2\/comments?post=2065"}],"version-history":[{"count":3,"href":"https:\/\/trachtengau.org\/wordpress\/wp-json\/wp\/v2\/pages\/2065\/revisions"}],"predecessor-version":[{"id":2070,"href":"https:\/\/trachtengau.org\/wordpress\/wp-json\/wp\/v2\/pages\/2065\/revisions\/2070"}],"wp:attachment":[{"href":"https:\/\/trachtengau.org\/wordpress\/wp-json\/wp\/v2\/media?parent=2065"}],"curies":[{"name":"wp","href":"https:\/\/api.w.org\/{rel}","templated":true}]}}

Nachruf Leonhard Steinbeißer

<div class="fusion-fullwidth fullwidth-box fusion-builder-row-1 fusion-flex-container has-pattern-background has-mask-background nonhundred-percent-fullwidth non-hundred-percent-height-scrolling" style="--awb-border-radius-top-left:0px;--awb-border-radius-top-right:0px;--awb-border-radius-bottom-right:0px;--awb-border-radius-bottom-left:0px;--awb-flex-wrap:wrap;" ><div class="fusion-builder-row fusion-row fusion-flex-align-items-flex-start fusion-flex-content-wrap" style="max-width:1248px;margin-left: calc(-4% / 2 );margin-right: calc(-4% / 2 );"><div class="fusion-layout-column fusion_builder_column fusion-builder-column-0 fusion_builder_column_1_1 1_1 fusion-flex-column" style="--awb-bg-size:cover;--awb-width-large:100%;--awb-margin-top-large:0px;--awb-spacing-right-large:1.92%;--awb-margin-bottom-large:20px;--awb-spacing-left-large:1.92%;--awb-width-medium:100%;--awb-order-medium:0;--awb-spacing-right-medium:1.92%;--awb-spacing-left-medium:1.92%;--awb-width-small:100%;--awb-order-small:0;--awb-spacing-right-small:1.92%;--awb-spacing-left-small:1.92%;"><div class="fusion-column-wrapper fusion-column-has-shadow fusion-flex-justify-content-flex-start fusion-content-layout-column"><div class="fusion-text fusion-text-1"><h2></h2>
<h2 style="text-align: center;">Nachruf Leonhard Steinbeißer</h2>
<p><img decoding="async" class="wp-image-2066 aligncenter" src="https://trachtengau.org/wordpress/wp-content/uploads/2025/03/Leonhard-Steinbeisser-2-740x1024.jpg" alt="" width="242" height="335" srcset="https://trachtengau.org/wordpress/wp-content/uploads/2025/03/Leonhard-Steinbeisser-2-200x277.jpg 200w, https://trachtengau.org/wordpress/wp-content/uploads/2025/03/Leonhard-Steinbeisser-2-217x300.jpg 217w, https://trachtengau.org/wordpress/wp-content/uploads/2025/03/Leonhard-Steinbeisser-2-400x553.jpg 400w, https://trachtengau.org/wordpress/wp-content/uploads/2025/03/Leonhard-Steinbeisser-2-600x830.jpg 600w, https://trachtengau.org/wordpress/wp-content/uploads/2025/03/Leonhard-Steinbeisser-2-740x1024.jpg 740w, https://trachtengau.org/wordpress/wp-content/uploads/2025/03/Leonhard-Steinbeisser-2.jpg 754w" sizes="(max-width: 242px) 100vw, 242px" /></p>
<p>Mit großer Traurigkeit nehmen wir Abschied von unserem geschätzten Gaumitglied Leonhard Steinbeißer, der nach langer Krankheit am 22. Februar 2025 verstorben ist. Leonhard war über viele Jahre hinweg ein engagiertes Mitglied in unserem Gau und hat durch seine unermüdliche Arbeit und seinen Einsatz einen bleibenden Eindruck hinterlassen.</p>
<p>Von November 1984 bis März 1990 war er als Beisitzer tätig und trug maßgeblich zur Weiterentwicklung unseres Gaues bei. In den Jahren 1990 bis 1994 übernahm er das Amt des 2. Gauvorplattlers. Nach einer zweijährigen Pause wurde Leonhard erneut als Beisitzer in den Trachtengau München und Umgebung gewählt. Im Februar 2002 übernahm er das Amt des 2. Gauvorstands. Sein Engagement fand seinen Höhepunkt in der Rolle des 1. Gauvorstands, die er von 2004 bis 2008 innehatte. In all diesen Ämtern zeigte er stets ein hohes Maß an Verantwortungsbewusstsein und Leidenschaft für die Belange unseres Gaues.</p>
<p>Leonhard wird uns nicht nur als engagiertes Gaumitglied, sondern auch als Mensch in Erinnerung bleiben. Sein Verlust hinterlässt eine große Lücke in unserer Gemeinschaft. Wir werden ihn in ehrender Erinnerung behalten, und unser Mitgefühl gilt seiner Familie in dieser schweren Zeit.</p>
<p><img decoding="async" class="wp-image-2003 aligncenter" src="https://trachtengau.org/wordpress/wp-content/uploads/2024/11/Sonnenuntergang-1024x350.png" alt="" width="755" height="258" srcset="https://trachtengau.org/wordpress/wp-content/uploads/2024/11/Sonnenuntergang-200x68.png 200w, https://trachtengau.org/wordpress/wp-content/uploads/2024/11/Sonnenuntergang-300x103.png 300w, https://trachtengau.org/wordpress/wp-content/uploads/2024/11/Sonnenuntergang-400x137.png 400w, https://trachtengau.org/wordpress/wp-content/uploads/2024/11/Sonnenuntergang-600x205.png 600w, https://trachtengau.org/wordpress/wp-content/uploads/2024/11/Sonnenuntergang-768x262.png 768w, https://trachtengau.org/wordpress/wp-content/uploads/2024/11/Sonnenuntergang-800x273.png 800w, https://trachtengau.org/wordpress/wp-content/uploads/2024/11/Sonnenuntergang-1024x350.png 1024w, https://trachtengau.org/wordpress/wp-content/uploads/2024/11/Sonnenuntergang-1200x410.png 1200w, https://trachtengau.org/wordpress/wp-content/uploads/2024/11/Sonnenuntergang-1536x525.png 1536w, https://trachtengau.org/wordpress/wp-content/uploads/2024/11/Sonnenuntergang.png 1920w" sizes="(max-width: 755px) 100vw, 755px" /></p>
</div></div></div></div></div>

<!-- This site is optimized with the Yoast SEO plugin v21.7 - https://yoast.com/wordpress/plugins/seo/ -->
<title>Nachruf Leonhard Steinbeißer - Trachtengau München und Umgebung</title>
<meta name="robots" content="index, follow, max-snippet:-1, max-image-preview:large, max-video-preview:-1" />
<link rel="canonical" href="https://trachtengau.org/wordpress/nachruf-leonhard-steinbeisser/" />
<meta property="og:locale" content="de_DE" />
<meta property="og:type" content="article" />
<meta property="og:title" content="Nachruf Leonhard Steinbeißer - Trachtengau München und Umgebung" />
<meta property="og:url" content="https://trachtengau.org/wordpress/nachruf-leonhard-steinbeisser/" />
<meta property="og:site_name" content="Trachtengau München und Umgebung" />
<meta property="article:modified_time" content="2025-03-06T16:43:02+00:00" />
<meta property="og:image" content="https://trachtengau.org/wordpress/wp-content/uploads/2025/03/Leonhard-Steinbeisser-2-740x1024.jpg" />
<meta name="twitter:card" content="summary_large_image" />
<meta name="twitter:label1" content="Geschätzte Lesezeit" />
	<meta name="twitter:data1" content="2 Minuten" />
<script type="application/ld+json" class="yoast-schema-graph">{"@context":"https://schema.org","@graph":[{"@type":"WebPage","@id":"https://trachtengau.org/wordpress/nachruf-leonhard-steinbeisser/","url":"https://trachtengau.org/wordpress/nachruf-leonhard-steinbeisser/","name":"Nachruf Leonhard Steinbeißer - Trachtengau München und Umgebung","isPartOf":{"@id":"https://trachtengau.org/wordpress/#website"},"datePublished":"2025-03-06T16:32:16+00:00","dateModified":"2025-03-06T16:43:02+00:00","breadcrumb":{"@id":"https://trachtengau.org/wordpress/nachruf-leonhard-steinbeisser/#breadcrumb"},"inLanguage":"de","potentialAction":[{"@type":"ReadAction","target":["https://trachtengau.org/wordpress/nachruf-leonhard-steinbeisser/"]}]},{"@type":"BreadcrumbList","@id":"https://trachtengau.org/wordpress/nachruf-leonhard-steinbeisser/#breadcrumb","itemListElement":[{"@type":"ListItem","position":1,"name":"Startseite","item":"https://trachtengau.org/wordpress/"},{"@type":"ListItem","position":2,"name":"Nachruf Leonhard Steinbeißer"}]},{"@type":"WebSite","@id":"https://trachtengau.org/wordpress/#website","url":"https://trachtengau.org/wordpress/","name":"Trachtengau München und Umgebung","description":"","potentialAction":[{"@type":"SearchAction","target":{"@type":"EntryPoint","urlTemplate":"https://trachtengau.org/wordpress/?s={search_term_string}"},"query-input":"required name=search_term_string"}],"inLanguage":"de"}]}</script>
<!-- / Yoast SEO plugin. -->

Nachruf Leonhard Steinbeißer - Trachtengau München und Umgebung

Trachtengau München und Umgebung
