{"id":2000,"date":"2024-11-09T16:58:04","date_gmt":"2024-11-09T15:58:04","guid":{"rendered":"https:\/\/trachtengau.org\/wordpress\/?page_id=2000"},"modified":"2024-11-09T17:20:42","modified_gmt":"2024-11-09T16:20:42","slug":"peter-rottenhuber-sen","status":"publish","type":"page","link":"https:\/\/trachtengau.org\/wordpress\/peter-rottenhuber-sen\/","title":{"rendered":"Nachruf Peter Rottenhuber sen."},"content":{"rendered":"<div class=\"fusion-fullwidth fullwidth-box fusion-builder-row-1 fusion-flex-container has-pattern-background has-mask-background nonhundred-percent-fullwidth non-hundred-percent-height-scrolling\" style=\"--awb-border-radius-top-left:0px;--awb-border-radius-top-right:0px;--awb-border-radius-bottom-right:0px;--awb-border-radius-bottom-left:0px;--awb-flex-wrap:wrap;\" ><div class=\"fusion-builder-row fusion-row fusion-flex-align-items-flex-start fusion-flex-content-wrap\" style=\"max-width:1248px;margin-left: calc(-4% \/ 2 );margin-right: calc(-4% \/ 2 );\"><div class=\"fusion-layout-column fusion_builder_column fusion-builder-column-0 fusion_builder_column_1_1 1_1 fusion-flex-column\" style=\"--awb-bg-size:cover;--awb-width-large:100%;--awb-margin-top-large:0px;--awb-spacing-right-large:1.92%;--awb-margin-bottom-large:20px;--awb-spacing-left-large:1.92%;--awb-width-medium:100%;--awb-order-medium:0;--awb-spacing-right-medium:1.92%;--awb-spacing-left-medium:1.92%;--awb-width-small:100%;--awb-order-small:0;--awb-spacing-right-small:1.92%;--awb-spacing-left-small:1.92%;\"><div class=\"fusion-column-wrapper fusion-column-has-shadow fusion-flex-justify-content-flex-start fusion-content-layout-column\"><div class=\"fusion-text fusion-text-1\"><h3 style=\"text-align: center;\"><strong>Nachruf Peter Rottenhuber sen.<\/strong><\/h3>\n<p><img decoding=\"async\" class=\"alignnone wp-image-2013 aligncenter\" src=\"https:\/\/trachtengau.org\/wordpress\/wp-content\/uploads\/2024\/11\/IMG_20241026_0001-1-651x1024.jpg\" alt=\"\" width=\"249\" height=\"391\" srcset=\"https:\/\/trachtengau.org\/wordpress\/wp-content\/uploads\/2024\/11\/IMG_20241026_0001-1-191x300.jpg 191w, https:\/\/trachtengau.org\/wordpress\/wp-content\/uploads\/2024\/11\/IMG_20241026_0001-1-200x314.jpg 200w, https:\/\/trachtengau.org\/wordpress\/wp-content\/uploads\/2024\/11\/IMG_20241026_0001-1-400x629.jpg 400w, https:\/\/trachtengau.org\/wordpress\/wp-content\/uploads\/2024\/11\/IMG_20241026_0001-1-600x943.jpg 600w, https:\/\/trachtengau.org\/wordpress\/wp-content\/uploads\/2024\/11\/IMG_20241026_0001-1-651x1024.jpg 651w, https:\/\/trachtengau.org\/wordpress\/wp-content\/uploads\/2024\/11\/IMG_20241026_0001-1-768x1207.jpg 768w, https:\/\/trachtengau.org\/wordpress\/wp-content\/uploads\/2024\/11\/IMG_20241026_0001-1-800x1258.jpg 800w, https:\/\/trachtengau.org\/wordpress\/wp-content\/uploads\/2024\/11\/IMG_20241026_0001-1-977x1536.jpg 977w, https:\/\/trachtengau.org\/wordpress\/wp-content\/uploads\/2024\/11\/IMG_20241026_0001-1-1200x1887.jpg 1200w, https:\/\/trachtengau.org\/wordpress\/wp-content\/uploads\/2024\/11\/IMG_20241026_0001-1-1303x2048.jpg 1303w, https:\/\/trachtengau.org\/wordpress\/wp-content\/uploads\/2024\/11\/IMG_20241026_0001-1.jpg 1337w\" sizes=\"(max-width: 249px) 100vw, 249px\" \/><\/p>\n<h3 style=\"text-align: center;\"><\/h3>\n<p>Der Gau M\u00fcnchen und Umgebung trauert um seinen ehemaligen Gauvorplattler Peter Rottenhuber sen., der am 16. September 2024 im Alter von 69 Jahren verstarb.<\/p>\n<p>Peter war ein Trachtler mit Leib und Seele.\u00a0Nicht nur in seinem Verein \u2013 \u201eD\u00b4Roaga Buam Ismaning\u201c &#8211; wirkte er, nein, er war auch im Gau M\u00fcnchen und Umgebung und dar\u00fcber hinaus engagiert.\u00a0So \u00fcbernahm er im Jahr 1980 das Amt des 2. Gauvorplattlers, zwei Jahre sp\u00e4ter das des 1. Vorplattlers und f\u00fcllte es bis 1989 aus. Als er um Unterst\u00fctzung gebeten wurde, war es f\u00fcr ihn selbstverst\u00e4ndlich, jede Woche nach Garching zu fahren und den 18 Buam des Heimatvereins Garching das Schuhplattln zu lernen. Auch anderen Vereinen stand er mit seinem Wissen und K\u00f6nnen bei den Plattlerproben zur Seite. Gemeinsam mit der \u201eRoaga Musi\u201c bereicherte er verschiedenste Gauveranstaltungen wie Preisplattln oder Gaujugendnachmittage auf musikalische Art.\u00a0Mehrmals ist Peter eingesprungen, hat die Gaustandarte getragen und den damaligen Gauvorstand Valentin Lainer u.a. auch zu unserem Paten, den Rhein-Main-Gauverband, begleitet.<\/p>\n<p>F\u00fcr all sein Wirken wurde er 1985 mit der Verdienstnadel des Gau M\u00fcnchen und Umgebung ausgezeichnet.<\/p>\n<p>Mit Peter ist ein Vollblut-Trachtler von uns gegangen. Sein Einsatz f\u00fcr die Trachtensache wird uns immer in dankbarer Erinnerung bleiben.<\/p>\n<\/div><div class=\"fusion-image-element \" style=\"text-align:center;--awb-caption-title-font-family:var(--h2_typography-font-family);--awb-caption-title-font-weight:var(--h2_typography-font-weight);--awb-caption-title-font-style:var(--h2_typography-font-style);--awb-caption-title-size:var(--h2_typography-font-size);--awb-caption-title-transform:var(--h2_typography-text-transform);--awb-caption-title-line-height:var(--h2_typography-line-height);--awb-caption-title-letter-spacing:var(--h2_typography-letter-spacing);\"><span class=\" fusion-imageframe imageframe-none imageframe-1 hover-type-none\"><img decoding=\"async\" width=\"1024\" height=\"350\" title=\"Sonnenuntergang\" src=\"https:\/\/trachtengau.org\/wordpress\/wp-content\/uploads\/2024\/11\/Sonnenuntergang-1024x350.png\" alt class=\"img-responsive wp-image-2003\" srcset=\"https:\/\/trachtengau.org\/wordpress\/wp-content\/uploads\/2024\/11\/Sonnenuntergang-200x68.png 200w, https:\/\/trachtengau.org\/wordpress\/wp-content\/uploads\/2024\/11\/Sonnenuntergang-400x137.png 400w, https:\/\/trachtengau.org\/wordpress\/wp-content\/uploads\/2024\/11\/Sonnenuntergang-600x205.png 600w, https:\/\/trachtengau.org\/wordpress\/wp-content\/uploads\/2024\/11\/Sonnenuntergang-800x273.png 800w, https:\/\/trachtengau.org\/wordpress\/wp-content\/uploads\/2024\/11\/Sonnenuntergang-1200x410.png 1200w, https:\/\/trachtengau.org\/wordpress\/wp-content\/uploads\/2024\/11\/Sonnenuntergang.png 1920w\" sizes=\"(max-width: 640px) 100vw, 1200px\" \/><\/span><\/div><\/div><\/div><\/div><\/div>\n","protected":false},"excerpt":{"rendered":"","protected":false},"author":2,"featured_media":0,"parent":0,"menu_order":0,"comment_status":"closed","ping_status":"closed","template":"","meta":{"footnotes":""},"class_list":["post-2000","page","type-page","status-publish","hentry"],"yoast_head":"<!-- This site is optimized with the Yoast SEO plugin v21.7 - https:\/\/yoast.com\/wordpress\/plugins\/seo\/ -->\n<title>Nachruf Peter Rottenhuber sen. - Trachtengau M\u00fcnchen und Umgebung<\/title>\n<meta name=\"robots\" content=\"index, follow, max-snippet:-1, max-image-preview:large, max-video-preview:-1\" \/>\n<link rel=\"canonical\" href=\"https:\/\/trachtengau.org\/wordpress\/peter-rottenhuber-sen\/\" \/>\n<meta property=\"og:locale\" content=\"de_DE\" \/>\n<meta property=\"og:type\" content=\"article\" \/>\n<meta property=\"og:title\" content=\"Nachruf Peter Rottenhuber sen. - Trachtengau M\u00fcnchen und Umgebung\" \/>\n<meta property=\"og:url\" content=\"https:\/\/trachtengau.org\/wordpress\/peter-rottenhuber-sen\/\" \/>\n<meta property=\"og:site_name\" content=\"Trachtengau M\u00fcnchen und Umgebung\" \/>\n<meta property=\"article:modified_time\" content=\"2024-11-09T16:20:42+00:00\" \/>\n<meta property=\"og:image\" content=\"https:\/\/trachtengau.org\/wordpress\/wp-content\/uploads\/2024\/11\/IMG_20241026_0001-1-651x1024.jpg\" \/>\n<meta name=\"twitter:card\" content=\"summary_large_image\" \/>\n<meta name=\"twitter:label1\" content=\"Gesch\u00e4tzte Lesezeit\" \/>\n\t<meta name=\"twitter:data1\" content=\"2\u00a0Minuten\" \/>\n<script type=\"application\/ld+json\" class=\"yoast-schema-graph\">{\"@context\":\"https:\/\/schema.org\",\"@graph\":[{\"@type\":\"WebPage\",\"@id\":\"https:\/\/trachtengau.org\/wordpress\/peter-rottenhuber-sen\/\",\"url\":\"https:\/\/trachtengau.org\/wordpress\/peter-rottenhuber-sen\/\",\"name\":\"Nachruf Peter Rottenhuber sen. - Trachtengau M\u00fcnchen und Umgebung\",\"isPartOf\":{\"@id\":\"https:\/\/trachtengau.org\/wordpress\/#website\"},\"datePublished\":\"2024-11-09T15:58:04+00:00\",\"dateModified\":\"2024-11-09T16:20:42+00:00\",\"breadcrumb\":{\"@id\":\"https:\/\/trachtengau.org\/wordpress\/peter-rottenhuber-sen\/#breadcrumb\"},\"inLanguage\":\"de\",\"potentialAction\":[{\"@type\":\"ReadAction\",\"target\":[\"https:\/\/trachtengau.org\/wordpress\/peter-rottenhuber-sen\/\"]}]},{\"@type\":\"BreadcrumbList\",\"@id\":\"https:\/\/trachtengau.org\/wordpress\/peter-rottenhuber-sen\/#breadcrumb\",\"itemListElement\":[{\"@type\":\"ListItem\",\"position\":1,\"name\":\"Startseite\",\"item\":\"https:\/\/trachtengau.org\/wordpress\/\"},{\"@type\":\"ListItem\",\"position\":2,\"name\":\"Nachruf Peter Rottenhuber sen.\"}]},{\"@type\":\"WebSite\",\"@id\":\"https:\/\/trachtengau.org\/wordpress\/#website\",\"url\":\"https:\/\/trachtengau.org\/wordpress\/\",\"name\":\"Trachtengau M\u00fcnchen und Umgebung\",\"description\":\"\",\"potentialAction\":[{\"@type\":\"SearchAction\",\"target\":{\"@type\":\"EntryPoint\",\"urlTemplate\":\"https:\/\/trachtengau.org\/wordpress\/?s={search_term_string}\"},\"query-input\":\"required name=search_term_string\"}],\"inLanguage\":\"de\"}]}<\/script>\n<!-- \/ Yoast SEO plugin. -->","yoast_head_json":{"title":"Nachruf Peter Rottenhuber sen. - Trachtengau M\u00fcnchen und Umgebung","robots":{"index":"index","follow":"follow","max-snippet":"max-snippet:-1","max-image-preview":"max-image-preview:large","max-video-preview":"max-video-preview:-1"},"canonical":"https:\/\/trachtengau.org\/wordpress\/peter-rottenhuber-sen\/","og_locale":"de_DE","og_type":"article","og_title":"Nachruf Peter Rottenhuber sen. - Trachtengau M\u00fcnchen und Umgebung","og_url":"https:\/\/trachtengau.org\/wordpress\/peter-rottenhuber-sen\/","og_site_name":"Trachtengau M\u00fcnchen und Umgebung","article_modified_time":"2024-11-09T16:20:42+00:00","og_image":[{"url":"https:\/\/trachtengau.org\/wordpress\/wp-content\/uploads\/2024\/11\/IMG_20241026_0001-1-651x1024.jpg"}],"twitter_card":"summary_large_image","twitter_misc":{"Gesch\u00e4tzte Lesezeit":"2\u00a0Minuten"},"schema":{"@context":"https:\/\/schema.org","@graph":[{"@type":"WebPage","@id":"https:\/\/trachtengau.org\/wordpress\/peter-rottenhuber-sen\/","url":"https:\/\/trachtengau.org\/wordpress\/peter-rottenhuber-sen\/","name":"Nachruf Peter Rottenhuber sen. - Trachtengau M\u00fcnchen und Umgebung","isPartOf":{"@id":"https:\/\/trachtengau.org\/wordpress\/#website"},"datePublished":"2024-11-09T15:58:04+00:00","dateModified":"2024-11-09T16:20:42+00:00","breadcrumb":{"@id":"https:\/\/trachtengau.org\/wordpress\/peter-rottenhuber-sen\/#breadcrumb"},"inLanguage":"de","potentialAction":[{"@type":"ReadAction","target":["https:\/\/trachtengau.org\/wordpress\/peter-rottenhuber-sen\/"]}]},{"@type":"BreadcrumbList","@id":"https:\/\/trachtengau.org\/wordpress\/peter-rottenhuber-sen\/#breadcrumb","itemListElement":[{"@type":"ListItem","position":1,"name":"Startseite","item":"https:\/\/trachtengau.org\/wordpress\/"},{"@type":"ListItem","position":2,"name":"Nachruf Peter Rottenhuber sen."}]},{"@type":"WebSite","@id":"https:\/\/trachtengau.org\/wordpress\/#website","url":"https:\/\/trachtengau.org\/wordpress\/","name":"Trachtengau M\u00fcnchen und Umgebung","description":"","potentialAction":[{"@type":"SearchAction","target":{"@type":"EntryPoint","urlTemplate":"https:\/\/trachtengau.org\/wordpress\/?s={search_term_string}"},"query-input":"required name=search_term_string"}],"inLanguage":"de"}]}},"_links":{"self":[{"href":"https:\/\/trachtengau.org\/wordpress\/wp-json\/wp\/v2\/pages\/2000","targetHints":{"allow":["GET"]}}],"collection":[{"href":"https:\/\/trachtengau.org\/wordpress\/wp-json\/wp\/v2\/pages"}],"about":[{"href":"https:\/\/trachtengau.org\/wordpress\/wp-json\/wp\/v2\/types\/page"}],"author":[{"embeddable":true,"href":"https:\/\/trachtengau.org\/wordpress\/wp-json\/wp\/v2\/users\/2"}],"replies":[{"embeddable":true,"href":"https:\/\/trachtengau.org\/wordpress\/wp-json\/wp\/v2\/comments?post=2000"}],"version-history":[{"count":7,"href":"https:\/\/trachtengau.org\/wordpress\/wp-json\/wp\/v2\/pages\/2000\/revisions"}],"predecessor-version":[{"id":2015,"href":"https:\/\/trachtengau.org\/wordpress\/wp-json\/wp\/v2\/pages\/2000\/revisions\/2015"}],"wp:attachment":[{"href":"https:\/\/trachtengau.org\/wordpress\/wp-json\/wp\/v2\/media?parent=2000"}],"curies":[{"name":"wp","href":"https:\/\/api.w.org\/{rel}","templated":true}]}}

<div class="fusion-fullwidth fullwidth-box fusion-builder-row-1 fusion-flex-container has-pattern-background has-mask-background nonhundred-percent-fullwidth non-hundred-percent-height-scrolling" style="--awb-border-radius-top-left:0px;--awb-border-radius-top-right:0px;--awb-border-radius-bottom-right:0px;--awb-border-radius-bottom-left:0px;--awb-flex-wrap:wrap;" ><div class="fusion-builder-row fusion-row fusion-flex-align-items-flex-start fusion-flex-content-wrap" style="max-width:1248px;margin-left: calc(-4% / 2 );margin-right: calc(-4% / 2 );"><div class="fusion-layout-column fusion_builder_column fusion-builder-column-0 fusion_builder_column_1_1 1_1 fusion-flex-column" style="--awb-bg-size:cover;--awb-width-large:100%;--awb-margin-top-large:0px;--awb-spacing-right-large:1.92%;--awb-margin-bottom-large:20px;--awb-spacing-left-large:1.92%;--awb-width-medium:100%;--awb-order-medium:0;--awb-spacing-right-medium:1.92%;--awb-spacing-left-medium:1.92%;--awb-width-small:100%;--awb-order-small:0;--awb-spacing-right-small:1.92%;--awb-spacing-left-small:1.92%;"><div class="fusion-column-wrapper fusion-column-has-shadow fusion-flex-justify-content-flex-start fusion-content-layout-column"><div class="fusion-text fusion-text-1"><h3 style="text-align: center;"><strong>Nachruf Peter Rottenhuber sen.</strong></h3>
<p><img decoding="async" class="alignnone wp-image-2013 aligncenter" src="https://trachtengau.org/wordpress/wp-content/uploads/2024/11/IMG_20241026_0001-1-651x1024.jpg" alt="" width="249" height="391" srcset="https://trachtengau.org/wordpress/wp-content/uploads/2024/11/IMG_20241026_0001-1-191x300.jpg 191w, https://trachtengau.org/wordpress/wp-content/uploads/2024/11/IMG_20241026_0001-1-200x314.jpg 200w, https://trachtengau.org/wordpress/wp-content/uploads/2024/11/IMG_20241026_0001-1-400x629.jpg 400w, https://trachtengau.org/wordpress/wp-content/uploads/2024/11/IMG_20241026_0001-1-600x943.jpg 600w, https://trachtengau.org/wordpress/wp-content/uploads/2024/11/IMG_20241026_0001-1-651x1024.jpg 651w, https://trachtengau.org/wordpress/wp-content/uploads/2024/11/IMG_20241026_0001-1-768x1207.jpg 768w, https://trachtengau.org/wordpress/wp-content/uploads/2024/11/IMG_20241026_0001-1-800x1258.jpg 800w, https://trachtengau.org/wordpress/wp-content/uploads/2024/11/IMG_20241026_0001-1-977x1536.jpg 977w, https://trachtengau.org/wordpress/wp-content/uploads/2024/11/IMG_20241026_0001-1-1200x1887.jpg 1200w, https://trachtengau.org/wordpress/wp-content/uploads/2024/11/IMG_20241026_0001-1-1303x2048.jpg 1303w, https://trachtengau.org/wordpress/wp-content/uploads/2024/11/IMG_20241026_0001-1.jpg 1337w" sizes="(max-width: 249px) 100vw, 249px" /></p>
<h3 style="text-align: center;"></h3>
<p>Der Gau München und Umgebung trauert um seinen ehemaligen Gauvorplattler Peter Rottenhuber sen., der am 16. September 2024 im Alter von 69 Jahren verstarb.</p>
<p>Peter war ein Trachtler mit Leib und Seele. Nicht nur in seinem Verein – „D´Roaga Buam Ismaning“ &#8211; wirkte er, nein, er war auch im Gau München und Umgebung und darüber hinaus engagiert. So übernahm er im Jahr 1980 das Amt des 2. Gauvorplattlers, zwei Jahre später das des 1. Vorplattlers und füllte es bis 1989 aus. Als er um Unterstützung gebeten wurde, war es für ihn selbstverständlich, jede Woche nach Garching zu fahren und den 18 Buam des Heimatvereins Garching das Schuhplattln zu lernen. Auch anderen Vereinen stand er mit seinem Wissen und Können bei den Plattlerproben zur Seite. Gemeinsam mit der „Roaga Musi“ bereicherte er verschiedenste Gauveranstaltungen wie Preisplattln oder Gaujugendnachmittage auf musikalische Art. Mehrmals ist Peter eingesprungen, hat die Gaustandarte getragen und den damaligen Gauvorstand Valentin Lainer u.a. auch zu unserem Paten, den Rhein-Main-Gauverband, begleitet.</p>
<p>Für all sein Wirken wurde er 1985 mit der Verdienstnadel des Gau München und Umgebung ausgezeichnet.</p>
<p>Mit Peter ist ein Vollblut-Trachtler von uns gegangen. Sein Einsatz für die Trachtensache wird uns immer in dankbarer Erinnerung bleiben.</p>
</div><div class="fusion-image-element " style="text-align:center;--awb-caption-title-font-family:var(--h2_typography-font-family);--awb-caption-title-font-weight:var(--h2_typography-font-weight);--awb-caption-title-font-style:var(--h2_typography-font-style);--awb-caption-title-size:var(--h2_typography-font-size);--awb-caption-title-transform:var(--h2_typography-text-transform);--awb-caption-title-line-height:var(--h2_typography-line-height);--awb-caption-title-letter-spacing:var(--h2_typography-letter-spacing);"><span class=" fusion-imageframe imageframe-none imageframe-1 hover-type-none"><img decoding="async" width="1024" height="350" title="Sonnenuntergang" src="https://trachtengau.org/wordpress/wp-content/uploads/2024/11/Sonnenuntergang-1024x350.png" alt class="img-responsive wp-image-2003" srcset="https://trachtengau.org/wordpress/wp-content/uploads/2024/11/Sonnenuntergang-200x68.png 200w, https://trachtengau.org/wordpress/wp-content/uploads/2024/11/Sonnenuntergang-400x137.png 400w, https://trachtengau.org/wordpress/wp-content/uploads/2024/11/Sonnenuntergang-600x205.png 600w, https://trachtengau.org/wordpress/wp-content/uploads/2024/11/Sonnenuntergang-800x273.png 800w, https://trachtengau.org/wordpress/wp-content/uploads/2024/11/Sonnenuntergang-1200x410.png 1200w, https://trachtengau.org/wordpress/wp-content/uploads/2024/11/Sonnenuntergang.png 1920w" sizes="(max-width: 640px) 100vw, 1200px" /></span></div></div></div></div></div>

<!-- This site is optimized with the Yoast SEO plugin v21.7 - https://yoast.com/wordpress/plugins/seo/ -->
<title>Nachruf Peter Rottenhuber sen. - Trachtengau München und Umgebung</title>
<meta name="robots" content="index, follow, max-snippet:-1, max-image-preview:large, max-video-preview:-1" />
<link rel="canonical" href="https://trachtengau.org/wordpress/peter-rottenhuber-sen/" />
<meta property="og:locale" content="de_DE" />
<meta property="og:type" content="article" />
<meta property="og:title" content="Nachruf Peter Rottenhuber sen. - Trachtengau München und Umgebung" />
<meta property="og:url" content="https://trachtengau.org/wordpress/peter-rottenhuber-sen/" />
<meta property="og:site_name" content="Trachtengau München und Umgebung" />
<meta property="article:modified_time" content="2024-11-09T16:20:42+00:00" />
<meta property="og:image" content="https://trachtengau.org/wordpress/wp-content/uploads/2024/11/IMG_20241026_0001-1-651x1024.jpg" />
<meta name="twitter:card" content="summary_large_image" />
<meta name="twitter:label1" content="Geschätzte Lesezeit" />
	<meta name="twitter:data1" content="2 Minuten" />
<script type="application/ld+json" class="yoast-schema-graph">{"@context":"https://schema.org","@graph":[{"@type":"WebPage","@id":"https://trachtengau.org/wordpress/peter-rottenhuber-sen/","url":"https://trachtengau.org/wordpress/peter-rottenhuber-sen/","name":"Nachruf Peter Rottenhuber sen. - Trachtengau München und Umgebung","isPartOf":{"@id":"https://trachtengau.org/wordpress/#website"},"datePublished":"2024-11-09T15:58:04+00:00","dateModified":"2024-11-09T16:20:42+00:00","breadcrumb":{"@id":"https://trachtengau.org/wordpress/peter-rottenhuber-sen/#breadcrumb"},"inLanguage":"de","potentialAction":[{"@type":"ReadAction","target":["https://trachtengau.org/wordpress/peter-rottenhuber-sen/"]}]},{"@type":"BreadcrumbList","@id":"https://trachtengau.org/wordpress/peter-rottenhuber-sen/#breadcrumb","itemListElement":[{"@type":"ListItem","position":1,"name":"Startseite","item":"https://trachtengau.org/wordpress/"},{"@type":"ListItem","position":2,"name":"Nachruf Peter Rottenhuber sen."}]},{"@type":"WebSite","@id":"https://trachtengau.org/wordpress/#website","url":"https://trachtengau.org/wordpress/","name":"Trachtengau München und Umgebung","description":"","potentialAction":[{"@type":"SearchAction","target":{"@type":"EntryPoint","urlTemplate":"https://trachtengau.org/wordpress/?s={search_term_string}"},"query-input":"required name=search_term_string"}],"inLanguage":"de"}]}</script>
<!-- / Yoast SEO plugin. -->

Nachruf Peter Rottenhuber sen. - Trachtengau München und Umgebung

Trachtengau München und Umgebung
