{"id":1833,"date":"2024-05-22T16:46:55","date_gmt":"2024-05-22T14:46:55","guid":{"rendered":"https:\/\/trachtengau.org\/wordpress\/?page_id=1833"},"modified":"2024-05-22T16:51:01","modified_gmt":"2024-05-22T14:51:01","slug":"aej-lehrgang-2024","status":"publish","type":"page","link":"https:\/\/trachtengau.org\/wordpress\/aej-lehrgang-2024\/","title":{"rendered":"AEJ-Lehrgang 2024"},"content":{"rendered":"<div class=\"fusion-fullwidth fullwidth-box fusion-builder-row-1 fusion-flex-container has-pattern-background has-mask-background nonhundred-percent-fullwidth non-hundred-percent-height-scrolling\" style=\"--awb-border-radius-top-left:0px;--awb-border-radius-top-right:0px;--awb-border-radius-bottom-right:0px;--awb-border-radius-bottom-left:0px;--awb-flex-wrap:wrap;\" ><div class=\"fusion-builder-row fusion-row fusion-flex-align-items-flex-start fusion-flex-content-wrap\" style=\"max-width:1248px;margin-left: calc(-4% \/ 2 );margin-right: calc(-4% \/ 2 );\"><div class=\"fusion-layout-column fusion_builder_column fusion-builder-column-0 fusion_builder_column_1_1 1_1 fusion-flex-column\" style=\"--awb-bg-size:cover;--awb-width-large:100%;--awb-margin-top-large:0px;--awb-spacing-right-large:1.92%;--awb-margin-bottom-large:20px;--awb-spacing-left-large:1.92%;--awb-width-medium:100%;--awb-order-medium:0;--awb-spacing-right-medium:1.92%;--awb-spacing-left-medium:1.92%;--awb-width-small:100%;--awb-order-small:0;--awb-spacing-right-small:1.92%;--awb-spacing-left-small:1.92%;\"><div class=\"fusion-column-wrapper fusion-column-has-shadow fusion-flex-justify-content-flex-start fusion-content-layout-column\"><div class=\"fusion-text fusion-text-1\" style=\"--awb-content-alignment:justify;\"><h3 style=\"text-align: center;\">AEJ-Lehrgang 2024 in Holzhausen<\/h3>\n<h3 style=\"text-align: center;\">Thema: Brauchtumsb\u00e4ckerei<\/h3>\n<p><img decoding=\"async\" class=\"wp-image-1834 aligncenter\" src=\"https:\/\/trachtengau.org\/wordpress\/wp-content\/uploads\/2024\/05\/DSC_0648-bearbeitet-1024x685.jpg\" alt=\"\" width=\"542\" height=\"363\" srcset=\"https:\/\/trachtengau.org\/wordpress\/wp-content\/uploads\/2024\/05\/DSC_0648-bearbeitet-200x134.jpg 200w, https:\/\/trachtengau.org\/wordpress\/wp-content\/uploads\/2024\/05\/DSC_0648-bearbeitet-300x201.jpg 300w, https:\/\/trachtengau.org\/wordpress\/wp-content\/uploads\/2024\/05\/DSC_0648-bearbeitet-400x268.jpg 400w, https:\/\/trachtengau.org\/wordpress\/wp-content\/uploads\/2024\/05\/DSC_0648-bearbeitet-600x402.jpg 600w, https:\/\/trachtengau.org\/wordpress\/wp-content\/uploads\/2024\/05\/DSC_0648-bearbeitet-768x514.jpg 768w, https:\/\/trachtengau.org\/wordpress\/wp-content\/uploads\/2024\/05\/DSC_0648-bearbeitet-800x535.jpg 800w, https:\/\/trachtengau.org\/wordpress\/wp-content\/uploads\/2024\/05\/DSC_0648-bearbeitet-1024x685.jpg 1024w, https:\/\/trachtengau.org\/wordpress\/wp-content\/uploads\/2024\/05\/DSC_0648-bearbeitet-1200x803.jpg 1200w, https:\/\/trachtengau.org\/wordpress\/wp-content\/uploads\/2024\/05\/DSC_0648-bearbeitet-1536x1028.jpg 1536w\" sizes=\"(max-width: 542px) 100vw, 542px\" \/><\/p>\n<p>Was liegt denn in der Luft, ein ganz besonderer Duft. Ja genau, dass hatten wir bei unserem diesj\u00e4hrigen AEJ-Lehrgang vom 04.05. bis 05.05.2024 in Holzhausen. Das Hauptthema war Brauchtumsb\u00e4ckerei. Als Referentin konnten wir Frau Irmi Wagner gewinnen, die mit uns eine kleine Auswahl von Schmalzgeb\u00e4ckvariationen ausprobierte. Es wurden Apfelquarkballen, Hasn\u00f6hrl, Apfelkiachal, Hauberling und Martinswecken gebacken. Am Nachmittag stand ein Vergleichsbacken an. Die Teilnehmer wurden in vier Gruppen aufgeteilt und sie hatten eine Stunde Zeit, Osternesterl zu backen. Alle strengten sich an, denn es ging ja schlie\u00dflich um die Troph\u00e4e \u201eH\u00f6lzener Kochl\u00f6ffel\u201c. \u00a0Das Geb\u00e4ck konnte sich sehen lassen und der Jury wurde es somit nicht leicht gemacht.<\/p>\n<p>Am Abend konnten wir den Tag gem\u00fctlich mit Gesang, Tanz und einigen \u00dcberraschungen ausklingen lassen.<\/p>\n<p>Der Sonntag war auch sehr interessant, denn es wurden uns die Neuerungen f\u00fcr den Antrag der Staatsf\u00f6rderung vorgestellt.<br \/>\nAuch die Onlineantr\u00e4ge f\u00fcr die KJR\u00b4s wurden uns gezeigt.<\/p>\n<p>Mit vielen Informationen und \u201ekeinem Hunger\u201c ging es am Nachmittag wieder auf die Heimreise.<\/p>\n<p>Gaujugendschriftf\u00fchrerin Heike Hardi<\/p>\n<\/div><\/div><\/div><\/div><\/div>\n","protected":false},"excerpt":{"rendered":"","protected":false},"author":2,"featured_media":0,"parent":0,"menu_order":0,"comment_status":"closed","ping_status":"closed","template":"","meta":{"footnotes":""},"class_list":["post-1833","page","type-page","status-publish","hentry"],"yoast_head":"<!-- This site is optimized with the Yoast SEO plugin v21.7 - https:\/\/yoast.com\/wordpress\/plugins\/seo\/ -->\n<title>AEJ-Lehrgang 2024 - Trachtengau M\u00fcnchen und Umgebung<\/title>\n<meta name=\"robots\" content=\"index, follow, max-snippet:-1, max-image-preview:large, max-video-preview:-1\" \/>\n<link rel=\"canonical\" href=\"https:\/\/trachtengau.org\/wordpress\/aej-lehrgang-2024\/\" \/>\n<meta property=\"og:locale\" content=\"de_DE\" \/>\n<meta property=\"og:type\" content=\"article\" \/>\n<meta property=\"og:title\" content=\"AEJ-Lehrgang 2024 - Trachtengau M\u00fcnchen und Umgebung\" \/>\n<meta property=\"og:url\" content=\"https:\/\/trachtengau.org\/wordpress\/aej-lehrgang-2024\/\" \/>\n<meta property=\"og:site_name\" content=\"Trachtengau M\u00fcnchen und Umgebung\" \/>\n<meta property=\"article:modified_time\" content=\"2024-05-22T14:51:01+00:00\" \/>\n<meta property=\"og:image\" content=\"https:\/\/trachtengau.org\/wordpress\/wp-content\/uploads\/2024\/05\/DSC_0648-bearbeitet-1024x685.jpg\" \/>\n<meta name=\"twitter:card\" content=\"summary_large_image\" \/>\n<meta name=\"twitter:label1\" content=\"Gesch\u00e4tzte Lesezeit\" \/>\n\t<meta name=\"twitter:data1\" content=\"2\u00a0Minuten\" \/>\n<script type=\"application\/ld+json\" class=\"yoast-schema-graph\">{\"@context\":\"https:\/\/schema.org\",\"@graph\":[{\"@type\":\"WebPage\",\"@id\":\"https:\/\/trachtengau.org\/wordpress\/aej-lehrgang-2024\/\",\"url\":\"https:\/\/trachtengau.org\/wordpress\/aej-lehrgang-2024\/\",\"name\":\"AEJ-Lehrgang 2024 - Trachtengau M\u00fcnchen und Umgebung\",\"isPartOf\":{\"@id\":\"https:\/\/trachtengau.org\/wordpress\/#website\"},\"datePublished\":\"2024-05-22T14:46:55+00:00\",\"dateModified\":\"2024-05-22T14:51:01+00:00\",\"breadcrumb\":{\"@id\":\"https:\/\/trachtengau.org\/wordpress\/aej-lehrgang-2024\/#breadcrumb\"},\"inLanguage\":\"de\",\"potentialAction\":[{\"@type\":\"ReadAction\",\"target\":[\"https:\/\/trachtengau.org\/wordpress\/aej-lehrgang-2024\/\"]}]},{\"@type\":\"BreadcrumbList\",\"@id\":\"https:\/\/trachtengau.org\/wordpress\/aej-lehrgang-2024\/#breadcrumb\",\"itemListElement\":[{\"@type\":\"ListItem\",\"position\":1,\"name\":\"Startseite\",\"item\":\"https:\/\/trachtengau.org\/wordpress\/\"},{\"@type\":\"ListItem\",\"position\":2,\"name\":\"AEJ-Lehrgang 2024\"}]},{\"@type\":\"WebSite\",\"@id\":\"https:\/\/trachtengau.org\/wordpress\/#website\",\"url\":\"https:\/\/trachtengau.org\/wordpress\/\",\"name\":\"Trachtengau M\u00fcnchen und Umgebung\",\"description\":\"\",\"potentialAction\":[{\"@type\":\"SearchAction\",\"target\":{\"@type\":\"EntryPoint\",\"urlTemplate\":\"https:\/\/trachtengau.org\/wordpress\/?s={search_term_string}\"},\"query-input\":\"required name=search_term_string\"}],\"inLanguage\":\"de\"}]}<\/script>\n<!-- \/ Yoast SEO plugin. -->","yoast_head_json":{"title":"AEJ-Lehrgang 2024 - Trachtengau M\u00fcnchen und Umgebung","robots":{"index":"index","follow":"follow","max-snippet":"max-snippet:-1","max-image-preview":"max-image-preview:large","max-video-preview":"max-video-preview:-1"},"canonical":"https:\/\/trachtengau.org\/wordpress\/aej-lehrgang-2024\/","og_locale":"de_DE","og_type":"article","og_title":"AEJ-Lehrgang 2024 - Trachtengau M\u00fcnchen und Umgebung","og_url":"https:\/\/trachtengau.org\/wordpress\/aej-lehrgang-2024\/","og_site_name":"Trachtengau M\u00fcnchen und Umgebung","article_modified_time":"2024-05-22T14:51:01+00:00","og_image":[{"url":"https:\/\/trachtengau.org\/wordpress\/wp-content\/uploads\/2024\/05\/DSC_0648-bearbeitet-1024x685.jpg"}],"twitter_card":"summary_large_image","twitter_misc":{"Gesch\u00e4tzte Lesezeit":"2\u00a0Minuten"},"schema":{"@context":"https:\/\/schema.org","@graph":[{"@type":"WebPage","@id":"https:\/\/trachtengau.org\/wordpress\/aej-lehrgang-2024\/","url":"https:\/\/trachtengau.org\/wordpress\/aej-lehrgang-2024\/","name":"AEJ-Lehrgang 2024 - Trachtengau M\u00fcnchen und Umgebung","isPartOf":{"@id":"https:\/\/trachtengau.org\/wordpress\/#website"},"datePublished":"2024-05-22T14:46:55+00:00","dateModified":"2024-05-22T14:51:01+00:00","breadcrumb":{"@id":"https:\/\/trachtengau.org\/wordpress\/aej-lehrgang-2024\/#breadcrumb"},"inLanguage":"de","potentialAction":[{"@type":"ReadAction","target":["https:\/\/trachtengau.org\/wordpress\/aej-lehrgang-2024\/"]}]},{"@type":"BreadcrumbList","@id":"https:\/\/trachtengau.org\/wordpress\/aej-lehrgang-2024\/#breadcrumb","itemListElement":[{"@type":"ListItem","position":1,"name":"Startseite","item":"https:\/\/trachtengau.org\/wordpress\/"},{"@type":"ListItem","position":2,"name":"AEJ-Lehrgang 2024"}]},{"@type":"WebSite","@id":"https:\/\/trachtengau.org\/wordpress\/#website","url":"https:\/\/trachtengau.org\/wordpress\/","name":"Trachtengau M\u00fcnchen und Umgebung","description":"","potentialAction":[{"@type":"SearchAction","target":{"@type":"EntryPoint","urlTemplate":"https:\/\/trachtengau.org\/wordpress\/?s={search_term_string}"},"query-input":"required name=search_term_string"}],"inLanguage":"de"}]}},"_links":{"self":[{"href":"https:\/\/trachtengau.org\/wordpress\/wp-json\/wp\/v2\/pages\/1833","targetHints":{"allow":["GET"]}}],"collection":[{"href":"https:\/\/trachtengau.org\/wordpress\/wp-json\/wp\/v2\/pages"}],"about":[{"href":"https:\/\/trachtengau.org\/wordpress\/wp-json\/wp\/v2\/types\/page"}],"author":[{"embeddable":true,"href":"https:\/\/trachtengau.org\/wordpress\/wp-json\/wp\/v2\/users\/2"}],"replies":[{"embeddable":true,"href":"https:\/\/trachtengau.org\/wordpress\/wp-json\/wp\/v2\/comments?post=1833"}],"version-history":[{"count":4,"href":"https:\/\/trachtengau.org\/wordpress\/wp-json\/wp\/v2\/pages\/1833\/revisions"}],"predecessor-version":[{"id":1839,"href":"https:\/\/trachtengau.org\/wordpress\/wp-json\/wp\/v2\/pages\/1833\/revisions\/1839"}],"wp:attachment":[{"href":"https:\/\/trachtengau.org\/wordpress\/wp-json\/wp\/v2\/media?parent=1833"}],"curies":[{"name":"wp","href":"https:\/\/api.w.org\/{rel}","templated":true}]}}

<div class="fusion-fullwidth fullwidth-box fusion-builder-row-1 fusion-flex-container has-pattern-background has-mask-background nonhundred-percent-fullwidth non-hundred-percent-height-scrolling" style="--awb-border-radius-top-left:0px;--awb-border-radius-top-right:0px;--awb-border-radius-bottom-right:0px;--awb-border-radius-bottom-left:0px;--awb-flex-wrap:wrap;" ><div class="fusion-builder-row fusion-row fusion-flex-align-items-flex-start fusion-flex-content-wrap" style="max-width:1248px;margin-left: calc(-4% / 2 );margin-right: calc(-4% / 2 );"><div class="fusion-layout-column fusion_builder_column fusion-builder-column-0 fusion_builder_column_1_1 1_1 fusion-flex-column" style="--awb-bg-size:cover;--awb-width-large:100%;--awb-margin-top-large:0px;--awb-spacing-right-large:1.92%;--awb-margin-bottom-large:20px;--awb-spacing-left-large:1.92%;--awb-width-medium:100%;--awb-order-medium:0;--awb-spacing-right-medium:1.92%;--awb-spacing-left-medium:1.92%;--awb-width-small:100%;--awb-order-small:0;--awb-spacing-right-small:1.92%;--awb-spacing-left-small:1.92%;"><div class="fusion-column-wrapper fusion-column-has-shadow fusion-flex-justify-content-flex-start fusion-content-layout-column"><div class="fusion-text fusion-text-1" style="--awb-content-alignment:justify;"><h3 style="text-align: center;">AEJ-Lehrgang 2024 in Holzhausen</h3>
<h3 style="text-align: center;">Thema: Brauchtumsbäckerei</h3>
<p><img decoding="async" class="wp-image-1834 aligncenter" src="https://trachtengau.org/wordpress/wp-content/uploads/2024/05/DSC_0648-bearbeitet-1024x685.jpg" alt="" width="542" height="363" srcset="https://trachtengau.org/wordpress/wp-content/uploads/2024/05/DSC_0648-bearbeitet-200x134.jpg 200w, https://trachtengau.org/wordpress/wp-content/uploads/2024/05/DSC_0648-bearbeitet-300x201.jpg 300w, https://trachtengau.org/wordpress/wp-content/uploads/2024/05/DSC_0648-bearbeitet-400x268.jpg 400w, https://trachtengau.org/wordpress/wp-content/uploads/2024/05/DSC_0648-bearbeitet-600x402.jpg 600w, https://trachtengau.org/wordpress/wp-content/uploads/2024/05/DSC_0648-bearbeitet-768x514.jpg 768w, https://trachtengau.org/wordpress/wp-content/uploads/2024/05/DSC_0648-bearbeitet-800x535.jpg 800w, https://trachtengau.org/wordpress/wp-content/uploads/2024/05/DSC_0648-bearbeitet-1024x685.jpg 1024w, https://trachtengau.org/wordpress/wp-content/uploads/2024/05/DSC_0648-bearbeitet-1200x803.jpg 1200w, https://trachtengau.org/wordpress/wp-content/uploads/2024/05/DSC_0648-bearbeitet-1536x1028.jpg 1536w" sizes="(max-width: 542px) 100vw, 542px" /></p>
<p>Was liegt denn in der Luft, ein ganz besonderer Duft. Ja genau, dass hatten wir bei unserem diesjährigen AEJ-Lehrgang vom 04.05. bis 05.05.2024 in Holzhausen. Das Hauptthema war Brauchtumsbäckerei. Als Referentin konnten wir Frau Irmi Wagner gewinnen, die mit uns eine kleine Auswahl von Schmalzgebäckvariationen ausprobierte. Es wurden Apfelquarkballen, Hasnöhrl, Apfelkiachal, Hauberling und Martinswecken gebacken. Am Nachmittag stand ein Vergleichsbacken an. Die Teilnehmer wurden in vier Gruppen aufgeteilt und sie hatten eine Stunde Zeit, Osternesterl zu backen. Alle strengten sich an, denn es ging ja schließlich um die Trophäe „Hölzener Kochlöffel“.  Das Gebäck konnte sich sehen lassen und der Jury wurde es somit nicht leicht gemacht.</p>
<p>Am Abend konnten wir den Tag gemütlich mit Gesang, Tanz und einigen Überraschungen ausklingen lassen.</p>
<p>Der Sonntag war auch sehr interessant, denn es wurden uns die Neuerungen für den Antrag der Staatsförderung vorgestellt.<br />
Auch die Onlineanträge für die KJR´s wurden uns gezeigt.</p>
<p>Mit vielen Informationen und „keinem Hunger“ ging es am Nachmittag wieder auf die Heimreise.</p>
<p>Gaujugendschriftführerin Heike Hardi</p>
</div></div></div></div></div>

<!-- This site is optimized with the Yoast SEO plugin v21.7 - https://yoast.com/wordpress/plugins/seo/ -->
<title>AEJ-Lehrgang 2024 - Trachtengau München und Umgebung</title>
<meta name="robots" content="index, follow, max-snippet:-1, max-image-preview:large, max-video-preview:-1" />
<link rel="canonical" href="https://trachtengau.org/wordpress/aej-lehrgang-2024/" />
<meta property="og:locale" content="de_DE" />
<meta property="og:type" content="article" />
<meta property="og:title" content="AEJ-Lehrgang 2024 - Trachtengau München und Umgebung" />
<meta property="og:url" content="https://trachtengau.org/wordpress/aej-lehrgang-2024/" />
<meta property="og:site_name" content="Trachtengau München und Umgebung" />
<meta property="article:modified_time" content="2024-05-22T14:51:01+00:00" />
<meta property="og:image" content="https://trachtengau.org/wordpress/wp-content/uploads/2024/05/DSC_0648-bearbeitet-1024x685.jpg" />
<meta name="twitter:card" content="summary_large_image" />
<meta name="twitter:label1" content="Geschätzte Lesezeit" />
	<meta name="twitter:data1" content="2 Minuten" />
<script type="application/ld+json" class="yoast-schema-graph">{"@context":"https://schema.org","@graph":[{"@type":"WebPage","@id":"https://trachtengau.org/wordpress/aej-lehrgang-2024/","url":"https://trachtengau.org/wordpress/aej-lehrgang-2024/","name":"AEJ-Lehrgang 2024 - Trachtengau München und Umgebung","isPartOf":{"@id":"https://trachtengau.org/wordpress/#website"},"datePublished":"2024-05-22T14:46:55+00:00","dateModified":"2024-05-22T14:51:01+00:00","breadcrumb":{"@id":"https://trachtengau.org/wordpress/aej-lehrgang-2024/#breadcrumb"},"inLanguage":"de","potentialAction":[{"@type":"ReadAction","target":["https://trachtengau.org/wordpress/aej-lehrgang-2024/"]}]},{"@type":"BreadcrumbList","@id":"https://trachtengau.org/wordpress/aej-lehrgang-2024/#breadcrumb","itemListElement":[{"@type":"ListItem","position":1,"name":"Startseite","item":"https://trachtengau.org/wordpress/"},{"@type":"ListItem","position":2,"name":"AEJ-Lehrgang 2024"}]},{"@type":"WebSite","@id":"https://trachtengau.org/wordpress/#website","url":"https://trachtengau.org/wordpress/","name":"Trachtengau München und Umgebung","description":"","potentialAction":[{"@type":"SearchAction","target":{"@type":"EntryPoint","urlTemplate":"https://trachtengau.org/wordpress/?s={search_term_string}"},"query-input":"required name=search_term_string"}],"inLanguage":"de"}]}</script>
<!-- / Yoast SEO plugin. -->

AEJ-Lehrgang 2024 - Trachtengau München und Umgebung

Trachtengau München und Umgebung
