{"id":1669,"date":"2024-02-02T18:49:32","date_gmt":"2024-02-02T17:49:32","guid":{"rendered":"https:\/\/trachtengau.org\/wordpress\/?page_id=1669"},"modified":"2024-02-02T18:49:51","modified_gmt":"2024-02-02T17:49:51","slug":"faschingsgaudi-der-trachtenjugend","status":"publish","type":"page","link":"https:\/\/trachtengau.org\/wordpress\/faschingsgaudi-der-trachtenjugend\/","title":{"rendered":"Faschingsgaudi der Trachtenjugend"},"content":{"rendered":"<div class=\"fusion-fullwidth fullwidth-box fusion-builder-row-1 fusion-flex-container has-pattern-background has-mask-background nonhundred-percent-fullwidth non-hundred-percent-height-scrolling\" style=\"--awb-border-radius-top-left:0px;--awb-border-radius-top-right:0px;--awb-border-radius-bottom-right:0px;--awb-border-radius-bottom-left:0px;--awb-flex-wrap:wrap;\" ><div class=\"fusion-builder-row fusion-row fusion-flex-align-items-flex-start fusion-flex-content-wrap\" style=\"max-width:1248px;margin-left: calc(-4% \/ 2 );margin-right: calc(-4% \/ 2 );\"><div class=\"fusion-layout-column fusion_builder_column fusion-builder-column-0 fusion_builder_column_1_1 1_1 fusion-flex-column\" style=\"--awb-bg-size:cover;--awb-width-large:100%;--awb-margin-top-large:0px;--awb-spacing-right-large:1.92%;--awb-margin-bottom-large:20px;--awb-spacing-left-large:1.92%;--awb-width-medium:100%;--awb-order-medium:0;--awb-spacing-right-medium:1.92%;--awb-spacing-left-medium:1.92%;--awb-width-small:100%;--awb-order-small:0;--awb-spacing-right-small:1.92%;--awb-spacing-left-small:1.92%;\"><div class=\"fusion-column-wrapper fusion-column-has-shadow fusion-flex-justify-content-flex-start fusion-content-layout-column\"><div class=\"fusion-text fusion-text-1\"><h3 style=\"text-align: center;\"><strong>Endlich wieder Fasching!<\/strong><\/h3>\n<p><img decoding=\"async\" class=\"wp-image-1671 aligncenter\" src=\"https:\/\/trachtengau.org\/wordpress\/wp-content\/uploads\/2024\/02\/DSC_0363-1-1024x681.jpg\" alt=\"\" width=\"495\" height=\"329\" srcset=\"https:\/\/trachtengau.org\/wordpress\/wp-content\/uploads\/2024\/02\/DSC_0363-1-200x133.jpg 200w, https:\/\/trachtengau.org\/wordpress\/wp-content\/uploads\/2024\/02\/DSC_0363-1-300x200.jpg 300w, https:\/\/trachtengau.org\/wordpress\/wp-content\/uploads\/2024\/02\/DSC_0363-1-400x266.jpg 400w, https:\/\/trachtengau.org\/wordpress\/wp-content\/uploads\/2024\/02\/DSC_0363-1-600x399.jpg 600w, https:\/\/trachtengau.org\/wordpress\/wp-content\/uploads\/2024\/02\/DSC_0363-1-768x511.jpg 768w, https:\/\/trachtengau.org\/wordpress\/wp-content\/uploads\/2024\/02\/DSC_0363-1-800x532.jpg 800w, https:\/\/trachtengau.org\/wordpress\/wp-content\/uploads\/2024\/02\/DSC_0363-1-1024x681.jpg 1024w, https:\/\/trachtengau.org\/wordpress\/wp-content\/uploads\/2024\/02\/DSC_0363-1-1200x798.jpg 1200w, https:\/\/trachtengau.org\/wordpress\/wp-content\/uploads\/2024\/02\/DSC_0363-1-1536x1021.jpg 1536w\" sizes=\"(max-width: 495px) 100vw, 495px\" \/><\/p>\n<p>Nach vier Jahren coronabedingter Zwangspause war es wieder so weit, endlich konnte unsere Trachtenjugend wieder ganz ungezwungen Fasching feiern.\u00a0Kunterbunt ging es am 27. Januar 2024 im Vereinsheim der \u201eSchl\u00f6\u00dflbergler\u201c \u00a0in Anzing zu, denn eine gro\u00dfe Anzahl kleiner und gro\u00dfer faschingsbegeisterten N\u00e4rrinnen und Narren folgten der Einladung zur Faschingsgaudi der Trachtenjugend Gau M\u00fcnchen und Umgebung.\u00a0Inmitten von Luftballons, Luftschlangen und bunt glitzernder Dekoration konnten die Kinder tanzen, spielen und sich austoben. Ob Luftballontanz, Boblied, Reise nach Jerusalem, Zeitungstanz oder Tschu Tschu Wah, die Kinder und auch die Eltern der Kleinen waren voll dabei und machten begeistert mit. Und was w\u00e4re eine Faschingsfeier ohne eine lange Polonaise durch den buntgeschm\u00fcckten Saal? \u00a0F\u00fcr gute Laune sorgte DJ Anderl, der den G\u00e4sten mit fetziger Partymusik ordentlich einheizte. Gro\u00dfen Applaus gab es f\u00fcr das lustige Hitparaden-Sockentheater, das das Faschings-Organisationsteam pr\u00e4sentierte. W\u00e4hrend des bunten Treibens konnten sich alle bestens mit Faschingskrapfen, belegten Semmeln und fantasievoll angerichteten Gem\u00fcsesticks st\u00e4rken. Doch irgendwann war auch dieser sch\u00f6ne Nachmittag zu Ende. Gl\u00fccklich, aber auch m\u00fcde von so vielen Ereignissen, machten sich die kleinen Faschingsfreunde am sp\u00e4ten Nachmittag auf den Nachhauseweg. Wir freuen uns schon auf n\u00e4chstes Jahr, wenn es wieder hei\u00dft: \u201eAuf geht\u2019s zur Faschingsgaudi der Trachtenjugend!\u201c<\/p>\n<\/div><\/div><\/div><\/div><\/div>\n","protected":false},"excerpt":{"rendered":"","protected":false},"author":2,"featured_media":0,"parent":0,"menu_order":0,"comment_status":"closed","ping_status":"closed","template":"","meta":{"footnotes":""},"class_list":["post-1669","page","type-page","status-publish","hentry"],"yoast_head":"<!-- This site is optimized with the Yoast SEO plugin v21.7 - https:\/\/yoast.com\/wordpress\/plugins\/seo\/ -->\n<title>Faschingsgaudi der Trachtenjugend - Trachtengau M\u00fcnchen und Umgebung<\/title>\n<meta name=\"robots\" content=\"index, follow, max-snippet:-1, max-image-preview:large, max-video-preview:-1\" \/>\n<link rel=\"canonical\" href=\"https:\/\/trachtengau.org\/wordpress\/faschingsgaudi-der-trachtenjugend\/\" \/>\n<meta property=\"og:locale\" content=\"de_DE\" \/>\n<meta property=\"og:type\" content=\"article\" \/>\n<meta property=\"og:title\" content=\"Faschingsgaudi der Trachtenjugend - Trachtengau M\u00fcnchen und Umgebung\" \/>\n<meta property=\"og:url\" content=\"https:\/\/trachtengau.org\/wordpress\/faschingsgaudi-der-trachtenjugend\/\" \/>\n<meta property=\"og:site_name\" content=\"Trachtengau M\u00fcnchen und Umgebung\" \/>\n<meta property=\"article:modified_time\" content=\"2024-02-02T17:49:51+00:00\" \/>\n<meta property=\"og:image\" content=\"https:\/\/trachtengau.org\/wordpress\/wp-content\/uploads\/2024\/02\/DSC_0363-1-1024x681.jpg\" \/>\n<meta name=\"twitter:card\" content=\"summary_large_image\" \/>\n<meta name=\"twitter:label1\" content=\"Gesch\u00e4tzte Lesezeit\" \/>\n\t<meta name=\"twitter:data1\" content=\"2\u00a0Minuten\" \/>\n<script type=\"application\/ld+json\" class=\"yoast-schema-graph\">{\"@context\":\"https:\/\/schema.org\",\"@graph\":[{\"@type\":\"WebPage\",\"@id\":\"https:\/\/trachtengau.org\/wordpress\/faschingsgaudi-der-trachtenjugend\/\",\"url\":\"https:\/\/trachtengau.org\/wordpress\/faschingsgaudi-der-trachtenjugend\/\",\"name\":\"Faschingsgaudi der Trachtenjugend - Trachtengau M\u00fcnchen und Umgebung\",\"isPartOf\":{\"@id\":\"https:\/\/trachtengau.org\/wordpress\/#website\"},\"datePublished\":\"2024-02-02T17:49:32+00:00\",\"dateModified\":\"2024-02-02T17:49:51+00:00\",\"breadcrumb\":{\"@id\":\"https:\/\/trachtengau.org\/wordpress\/faschingsgaudi-der-trachtenjugend\/#breadcrumb\"},\"inLanguage\":\"de\",\"potentialAction\":[{\"@type\":\"ReadAction\",\"target\":[\"https:\/\/trachtengau.org\/wordpress\/faschingsgaudi-der-trachtenjugend\/\"]}]},{\"@type\":\"BreadcrumbList\",\"@id\":\"https:\/\/trachtengau.org\/wordpress\/faschingsgaudi-der-trachtenjugend\/#breadcrumb\",\"itemListElement\":[{\"@type\":\"ListItem\",\"position\":1,\"name\":\"Startseite\",\"item\":\"https:\/\/trachtengau.org\/wordpress\/\"},{\"@type\":\"ListItem\",\"position\":2,\"name\":\"Faschingsgaudi der Trachtenjugend\"}]},{\"@type\":\"WebSite\",\"@id\":\"https:\/\/trachtengau.org\/wordpress\/#website\",\"url\":\"https:\/\/trachtengau.org\/wordpress\/\",\"name\":\"Trachtengau M\u00fcnchen und Umgebung\",\"description\":\"\",\"potentialAction\":[{\"@type\":\"SearchAction\",\"target\":{\"@type\":\"EntryPoint\",\"urlTemplate\":\"https:\/\/trachtengau.org\/wordpress\/?s={search_term_string}\"},\"query-input\":\"required name=search_term_string\"}],\"inLanguage\":\"de\"}]}<\/script>\n<!-- \/ Yoast SEO plugin. -->","yoast_head_json":{"title":"Faschingsgaudi der Trachtenjugend - Trachtengau M\u00fcnchen und Umgebung","robots":{"index":"index","follow":"follow","max-snippet":"max-snippet:-1","max-image-preview":"max-image-preview:large","max-video-preview":"max-video-preview:-1"},"canonical":"https:\/\/trachtengau.org\/wordpress\/faschingsgaudi-der-trachtenjugend\/","og_locale":"de_DE","og_type":"article","og_title":"Faschingsgaudi der Trachtenjugend - Trachtengau M\u00fcnchen und Umgebung","og_url":"https:\/\/trachtengau.org\/wordpress\/faschingsgaudi-der-trachtenjugend\/","og_site_name":"Trachtengau M\u00fcnchen und Umgebung","article_modified_time":"2024-02-02T17:49:51+00:00","og_image":[{"url":"https:\/\/trachtengau.org\/wordpress\/wp-content\/uploads\/2024\/02\/DSC_0363-1-1024x681.jpg"}],"twitter_card":"summary_large_image","twitter_misc":{"Gesch\u00e4tzte Lesezeit":"2\u00a0Minuten"},"schema":{"@context":"https:\/\/schema.org","@graph":[{"@type":"WebPage","@id":"https:\/\/trachtengau.org\/wordpress\/faschingsgaudi-der-trachtenjugend\/","url":"https:\/\/trachtengau.org\/wordpress\/faschingsgaudi-der-trachtenjugend\/","name":"Faschingsgaudi der Trachtenjugend - Trachtengau M\u00fcnchen und Umgebung","isPartOf":{"@id":"https:\/\/trachtengau.org\/wordpress\/#website"},"datePublished":"2024-02-02T17:49:32+00:00","dateModified":"2024-02-02T17:49:51+00:00","breadcrumb":{"@id":"https:\/\/trachtengau.org\/wordpress\/faschingsgaudi-der-trachtenjugend\/#breadcrumb"},"inLanguage":"de","potentialAction":[{"@type":"ReadAction","target":["https:\/\/trachtengau.org\/wordpress\/faschingsgaudi-der-trachtenjugend\/"]}]},{"@type":"BreadcrumbList","@id":"https:\/\/trachtengau.org\/wordpress\/faschingsgaudi-der-trachtenjugend\/#breadcrumb","itemListElement":[{"@type":"ListItem","position":1,"name":"Startseite","item":"https:\/\/trachtengau.org\/wordpress\/"},{"@type":"ListItem","position":2,"name":"Faschingsgaudi der Trachtenjugend"}]},{"@type":"WebSite","@id":"https:\/\/trachtengau.org\/wordpress\/#website","url":"https:\/\/trachtengau.org\/wordpress\/","name":"Trachtengau M\u00fcnchen und Umgebung","description":"","potentialAction":[{"@type":"SearchAction","target":{"@type":"EntryPoint","urlTemplate":"https:\/\/trachtengau.org\/wordpress\/?s={search_term_string}"},"query-input":"required name=search_term_string"}],"inLanguage":"de"}]}},"_links":{"self":[{"href":"https:\/\/trachtengau.org\/wordpress\/wp-json\/wp\/v2\/pages\/1669","targetHints":{"allow":["GET"]}}],"collection":[{"href":"https:\/\/trachtengau.org\/wordpress\/wp-json\/wp\/v2\/pages"}],"about":[{"href":"https:\/\/trachtengau.org\/wordpress\/wp-json\/wp\/v2\/types\/page"}],"author":[{"embeddable":true,"href":"https:\/\/trachtengau.org\/wordpress\/wp-json\/wp\/v2\/users\/2"}],"replies":[{"embeddable":true,"href":"https:\/\/trachtengau.org\/wordpress\/wp-json\/wp\/v2\/comments?post=1669"}],"version-history":[{"count":3,"href":"https:\/\/trachtengau.org\/wordpress\/wp-json\/wp\/v2\/pages\/1669\/revisions"}],"predecessor-version":[{"id":1719,"href":"https:\/\/trachtengau.org\/wordpress\/wp-json\/wp\/v2\/pages\/1669\/revisions\/1719"}],"wp:attachment":[{"href":"https:\/\/trachtengau.org\/wordpress\/wp-json\/wp\/v2\/media?parent=1669"}],"curies":[{"name":"wp","href":"https:\/\/api.w.org\/{rel}","templated":true}]}}

<div class="fusion-fullwidth fullwidth-box fusion-builder-row-1 fusion-flex-container has-pattern-background has-mask-background nonhundred-percent-fullwidth non-hundred-percent-height-scrolling" style="--awb-border-radius-top-left:0px;--awb-border-radius-top-right:0px;--awb-border-radius-bottom-right:0px;--awb-border-radius-bottom-left:0px;--awb-flex-wrap:wrap;" ><div class="fusion-builder-row fusion-row fusion-flex-align-items-flex-start fusion-flex-content-wrap" style="max-width:1248px;margin-left: calc(-4% / 2 );margin-right: calc(-4% / 2 );"><div class="fusion-layout-column fusion_builder_column fusion-builder-column-0 fusion_builder_column_1_1 1_1 fusion-flex-column" style="--awb-bg-size:cover;--awb-width-large:100%;--awb-margin-top-large:0px;--awb-spacing-right-large:1.92%;--awb-margin-bottom-large:20px;--awb-spacing-left-large:1.92%;--awb-width-medium:100%;--awb-order-medium:0;--awb-spacing-right-medium:1.92%;--awb-spacing-left-medium:1.92%;--awb-width-small:100%;--awb-order-small:0;--awb-spacing-right-small:1.92%;--awb-spacing-left-small:1.92%;"><div class="fusion-column-wrapper fusion-column-has-shadow fusion-flex-justify-content-flex-start fusion-content-layout-column"><div class="fusion-text fusion-text-1"><h3 style="text-align: center;"><strong>Endlich wieder Fasching!</strong></h3>
<p><img decoding="async" class="wp-image-1671 aligncenter" src="https://trachtengau.org/wordpress/wp-content/uploads/2024/02/DSC_0363-1-1024x681.jpg" alt="" width="495" height="329" srcset="https://trachtengau.org/wordpress/wp-content/uploads/2024/02/DSC_0363-1-200x133.jpg 200w, https://trachtengau.org/wordpress/wp-content/uploads/2024/02/DSC_0363-1-300x200.jpg 300w, https://trachtengau.org/wordpress/wp-content/uploads/2024/02/DSC_0363-1-400x266.jpg 400w, https://trachtengau.org/wordpress/wp-content/uploads/2024/02/DSC_0363-1-600x399.jpg 600w, https://trachtengau.org/wordpress/wp-content/uploads/2024/02/DSC_0363-1-768x511.jpg 768w, https://trachtengau.org/wordpress/wp-content/uploads/2024/02/DSC_0363-1-800x532.jpg 800w, https://trachtengau.org/wordpress/wp-content/uploads/2024/02/DSC_0363-1-1024x681.jpg 1024w, https://trachtengau.org/wordpress/wp-content/uploads/2024/02/DSC_0363-1-1200x798.jpg 1200w, https://trachtengau.org/wordpress/wp-content/uploads/2024/02/DSC_0363-1-1536x1021.jpg 1536w" sizes="(max-width: 495px) 100vw, 495px" /></p>
<p>Nach vier Jahren coronabedingter Zwangspause war es wieder so weit, endlich konnte unsere Trachtenjugend wieder ganz ungezwungen Fasching feiern. Kunterbunt ging es am 27. Januar 2024 im Vereinsheim der „Schlößlbergler“  in Anzing zu, denn eine große Anzahl kleiner und großer faschingsbegeisterten Närrinnen und Narren folgten der Einladung zur Faschingsgaudi der Trachtenjugend Gau München und Umgebung. Inmitten von Luftballons, Luftschlangen und bunt glitzernder Dekoration konnten die Kinder tanzen, spielen und sich austoben. Ob Luftballontanz, Boblied, Reise nach Jerusalem, Zeitungstanz oder Tschu Tschu Wah, die Kinder und auch die Eltern der Kleinen waren voll dabei und machten begeistert mit. Und was wäre eine Faschingsfeier ohne eine lange Polonaise durch den buntgeschmückten Saal?  Für gute Laune sorgte DJ Anderl, der den Gästen mit fetziger Partymusik ordentlich einheizte. Großen Applaus gab es für das lustige Hitparaden-Sockentheater, das das Faschings-Organisationsteam präsentierte. Während des bunten Treibens konnten sich alle bestens mit Faschingskrapfen, belegten Semmeln und fantasievoll angerichteten Gemüsesticks stärken. Doch irgendwann war auch dieser schöne Nachmittag zu Ende. Glücklich, aber auch müde von so vielen Ereignissen, machten sich die kleinen Faschingsfreunde am späten Nachmittag auf den Nachhauseweg. Wir freuen uns schon auf nächstes Jahr, wenn es wieder heißt: „Auf geht’s zur Faschingsgaudi der Trachtenjugend!“</p>
</div></div></div></div></div>

<!-- This site is optimized with the Yoast SEO plugin v21.7 - https://yoast.com/wordpress/plugins/seo/ -->
<title>Faschingsgaudi der Trachtenjugend - Trachtengau München und Umgebung</title>
<meta name="robots" content="index, follow, max-snippet:-1, max-image-preview:large, max-video-preview:-1" />
<link rel="canonical" href="https://trachtengau.org/wordpress/faschingsgaudi-der-trachtenjugend/" />
<meta property="og:locale" content="de_DE" />
<meta property="og:type" content="article" />
<meta property="og:title" content="Faschingsgaudi der Trachtenjugend - Trachtengau München und Umgebung" />
<meta property="og:url" content="https://trachtengau.org/wordpress/faschingsgaudi-der-trachtenjugend/" />
<meta property="og:site_name" content="Trachtengau München und Umgebung" />
<meta property="article:modified_time" content="2024-02-02T17:49:51+00:00" />
<meta property="og:image" content="https://trachtengau.org/wordpress/wp-content/uploads/2024/02/DSC_0363-1-1024x681.jpg" />
<meta name="twitter:card" content="summary_large_image" />
<meta name="twitter:label1" content="Geschätzte Lesezeit" />
	<meta name="twitter:data1" content="2 Minuten" />
<script type="application/ld+json" class="yoast-schema-graph">{"@context":"https://schema.org","@graph":[{"@type":"WebPage","@id":"https://trachtengau.org/wordpress/faschingsgaudi-der-trachtenjugend/","url":"https://trachtengau.org/wordpress/faschingsgaudi-der-trachtenjugend/","name":"Faschingsgaudi der Trachtenjugend - Trachtengau München und Umgebung","isPartOf":{"@id":"https://trachtengau.org/wordpress/#website"},"datePublished":"2024-02-02T17:49:32+00:00","dateModified":"2024-02-02T17:49:51+00:00","breadcrumb":{"@id":"https://trachtengau.org/wordpress/faschingsgaudi-der-trachtenjugend/#breadcrumb"},"inLanguage":"de","potentialAction":[{"@type":"ReadAction","target":["https://trachtengau.org/wordpress/faschingsgaudi-der-trachtenjugend/"]}]},{"@type":"BreadcrumbList","@id":"https://trachtengau.org/wordpress/faschingsgaudi-der-trachtenjugend/#breadcrumb","itemListElement":[{"@type":"ListItem","position":1,"name":"Startseite","item":"https://trachtengau.org/wordpress/"},{"@type":"ListItem","position":2,"name":"Faschingsgaudi der Trachtenjugend"}]},{"@type":"WebSite","@id":"https://trachtengau.org/wordpress/#website","url":"https://trachtengau.org/wordpress/","name":"Trachtengau München und Umgebung","description":"","potentialAction":[{"@type":"SearchAction","target":{"@type":"EntryPoint","urlTemplate":"https://trachtengau.org/wordpress/?s={search_term_string}"},"query-input":"required name=search_term_string"}],"inLanguage":"de"}]}</script>
<!-- / Yoast SEO plugin. -->

Faschingsgaudi der Trachtenjugend - Trachtengau München und Umgebung

Trachtengau München und Umgebung
