{"id":1655,"date":"2024-01-31T15:37:13","date_gmt":"2024-01-31T14:37:13","guid":{"rendered":"https:\/\/trachtengau.org\/wordpress\/?page_id=1655"},"modified":"2024-01-31T15:51:37","modified_gmt":"2024-01-31T14:51:37","slug":"neuwahl-der-gaujgendleitung","status":"publish","type":"page","link":"https:\/\/trachtengau.org\/wordpress\/neuwahl-der-gaujgendleitung\/","title":{"rendered":"Neuwahl der Gaujugendleitung"},"content":{"rendered":"<div class=\"fusion-fullwidth fullwidth-box fusion-builder-row-1 fusion-flex-container has-pattern-background has-mask-background nonhundred-percent-fullwidth non-hundred-percent-height-scrolling\" style=\"--awb-border-radius-top-left:0px;--awb-border-radius-top-right:0px;--awb-border-radius-bottom-right:0px;--awb-border-radius-bottom-left:0px;--awb-flex-wrap:wrap;\" ><div class=\"fusion-builder-row fusion-row fusion-flex-align-items-flex-start fusion-flex-content-wrap\" style=\"max-width:1248px;margin-left: calc(-4% \/ 2 );margin-right: calc(-4% \/ 2 );\"><div class=\"fusion-layout-column fusion_builder_column fusion-builder-column-0 fusion_builder_column_1_1 1_1 fusion-flex-column\" style=\"--awb-bg-size:cover;--awb-width-large:100%;--awb-margin-top-large:0px;--awb-spacing-right-large:1.92%;--awb-margin-bottom-large:20px;--awb-spacing-left-large:1.92%;--awb-width-medium:100%;--awb-order-medium:0;--awb-spacing-right-medium:1.92%;--awb-spacing-left-medium:1.92%;--awb-width-small:100%;--awb-order-small:0;--awb-spacing-right-small:1.92%;--awb-spacing-left-small:1.92%;\"><div class=\"fusion-column-wrapper fusion-column-has-shadow fusion-flex-justify-content-flex-start fusion-content-layout-column\"><div class=\"fusion-text fusion-text-1\"><h4 style=\"text-align: center;\"><strong>Die Trachtenjugend des Gaus M\u00fcnchen und Umgebung unter neuer Leitung<\/strong><\/h4>\n<p><img decoding=\"async\" class=\" wp-image-1656 aligncenter\" src=\"https:\/\/trachtengau.org\/wordpress\/wp-content\/uploads\/2024\/01\/Gaujugend-Auschuss-2-1024x668.jpg\" alt=\"\" width=\"424\" height=\"277\" srcset=\"https:\/\/trachtengau.org\/wordpress\/wp-content\/uploads\/2024\/01\/Gaujugend-Auschuss-2-200x130.jpg 200w, https:\/\/trachtengau.org\/wordpress\/wp-content\/uploads\/2024\/01\/Gaujugend-Auschuss-2-300x196.jpg 300w, https:\/\/trachtengau.org\/wordpress\/wp-content\/uploads\/2024\/01\/Gaujugend-Auschuss-2-400x261.jpg 400w, https:\/\/trachtengau.org\/wordpress\/wp-content\/uploads\/2024\/01\/Gaujugend-Auschuss-2-600x391.jpg 600w, https:\/\/trachtengau.org\/wordpress\/wp-content\/uploads\/2024\/01\/Gaujugend-Auschuss-2-768x501.jpg 768w, https:\/\/trachtengau.org\/wordpress\/wp-content\/uploads\/2024\/01\/Gaujugend-Auschuss-2-800x522.jpg 800w, https:\/\/trachtengau.org\/wordpress\/wp-content\/uploads\/2024\/01\/Gaujugend-Auschuss-2-1024x668.jpg 1024w, https:\/\/trachtengau.org\/wordpress\/wp-content\/uploads\/2024\/01\/Gaujugend-Auschuss-2-1200x782.jpg 1200w, https:\/\/trachtengau.org\/wordpress\/wp-content\/uploads\/2024\/01\/Gaujugend-Auschuss-2-1536x1001.jpg 1536w\" sizes=\"(max-width: 424px) 100vw, 424px\" \/><\/p>\n<p style=\"text-align: left;\">Am Samstag, den 20. Januar 2024 fand im Vereinsheim der Ammertaler Ottendichl die allj\u00e4hrliche Jahreshauptversammlung mit Neuwahlen statt.\u00a0 Der bisherige Ausschuss trat nicht mehr zur Wahl an, denn er wollte Platz f\u00fcr die j\u00fcngere Generation machen. Mit Petra Seifert von den Roaga Buam Ismaning hat nun die Gaujugend eine neue erste Gaujugendleiterin. Sie \u00fcbernimmt das Amt von Markus Hochlahner vom Heimatverein Garching. Heike Hardi von den Ammertalern war bislang zweite Gaujugendleiterin und \u00fcbergibt ihr Amt an Franziska Graf von den Untersbergern M\u00fcnchen. Daf\u00fcr \u00fcbernimmt Heike Hardi die Schriftf\u00fchrung von Michaela Pinnau von der Riesengebirgs-Trachtengruppe M\u00fcnchen. Daniel Malovetz von den Roaga Buam Ismaning tritt als Gaujugend-Kassier in die Fu\u00dfstapfen von Doris Jantke von den Schl\u00f6\u00dflberglern Anzing. Wir gratulieren ganz herzlich allen Neugew\u00e4hlten und w\u00fcnschen Ihnen viel Erfolg und gutes Gelingen in der Gaujugend!<\/p>\n<\/div><\/div><\/div><\/div><\/div>\n","protected":false},"excerpt":{"rendered":"","protected":false},"author":2,"featured_media":0,"parent":0,"menu_order":0,"comment_status":"closed","ping_status":"closed","template":"","meta":{"footnotes":""},"class_list":["post-1655","page","type-page","status-publish","hentry"],"yoast_head":"<!-- This site is optimized with the Yoast SEO plugin v21.7 - https:\/\/yoast.com\/wordpress\/plugins\/seo\/ -->\n<title>Neuwahl der Gaujugendleitung - Trachtengau M\u00fcnchen und Umgebung<\/title>\n<meta name=\"robots\" content=\"index, follow, max-snippet:-1, max-image-preview:large, max-video-preview:-1\" \/>\n<link rel=\"canonical\" href=\"https:\/\/trachtengau.org\/wordpress\/neuwahl-der-gaujgendleitung\/\" \/>\n<meta property=\"og:locale\" content=\"de_DE\" \/>\n<meta property=\"og:type\" content=\"article\" \/>\n<meta property=\"og:title\" content=\"Neuwahl der Gaujugendleitung - Trachtengau M\u00fcnchen und Umgebung\" \/>\n<meta property=\"og:url\" content=\"https:\/\/trachtengau.org\/wordpress\/neuwahl-der-gaujgendleitung\/\" \/>\n<meta property=\"og:site_name\" content=\"Trachtengau M\u00fcnchen und Umgebung\" \/>\n<meta property=\"article:modified_time\" content=\"2024-01-31T14:51:37+00:00\" \/>\n<meta property=\"og:image\" content=\"https:\/\/trachtengau.org\/wordpress\/wp-content\/uploads\/2024\/01\/Gaujugend-Auschuss-2-1024x668.jpg\" \/>\n<meta name=\"twitter:card\" content=\"summary_large_image\" \/>\n<meta name=\"twitter:label1\" content=\"Gesch\u00e4tzte Lesezeit\" \/>\n\t<meta name=\"twitter:data1\" content=\"1\u00a0Minute\" \/>\n<script type=\"application\/ld+json\" class=\"yoast-schema-graph\">{\"@context\":\"https:\/\/schema.org\",\"@graph\":[{\"@type\":\"WebPage\",\"@id\":\"https:\/\/trachtengau.org\/wordpress\/neuwahl-der-gaujgendleitung\/\",\"url\":\"https:\/\/trachtengau.org\/wordpress\/neuwahl-der-gaujgendleitung\/\",\"name\":\"Neuwahl der Gaujugendleitung - Trachtengau M\u00fcnchen und Umgebung\",\"isPartOf\":{\"@id\":\"https:\/\/trachtengau.org\/wordpress\/#website\"},\"datePublished\":\"2024-01-31T14:37:13+00:00\",\"dateModified\":\"2024-01-31T14:51:37+00:00\",\"breadcrumb\":{\"@id\":\"https:\/\/trachtengau.org\/wordpress\/neuwahl-der-gaujgendleitung\/#breadcrumb\"},\"inLanguage\":\"de\",\"potentialAction\":[{\"@type\":\"ReadAction\",\"target\":[\"https:\/\/trachtengau.org\/wordpress\/neuwahl-der-gaujgendleitung\/\"]}]},{\"@type\":\"BreadcrumbList\",\"@id\":\"https:\/\/trachtengau.org\/wordpress\/neuwahl-der-gaujgendleitung\/#breadcrumb\",\"itemListElement\":[{\"@type\":\"ListItem\",\"position\":1,\"name\":\"Startseite\",\"item\":\"https:\/\/trachtengau.org\/wordpress\/\"},{\"@type\":\"ListItem\",\"position\":2,\"name\":\"Neuwahl der Gaujugendleitung\"}]},{\"@type\":\"WebSite\",\"@id\":\"https:\/\/trachtengau.org\/wordpress\/#website\",\"url\":\"https:\/\/trachtengau.org\/wordpress\/\",\"name\":\"Trachtengau M\u00fcnchen und Umgebung\",\"description\":\"\",\"potentialAction\":[{\"@type\":\"SearchAction\",\"target\":{\"@type\":\"EntryPoint\",\"urlTemplate\":\"https:\/\/trachtengau.org\/wordpress\/?s={search_term_string}\"},\"query-input\":\"required name=search_term_string\"}],\"inLanguage\":\"de\"}]}<\/script>\n<!-- \/ Yoast SEO plugin. -->","yoast_head_json":{"title":"Neuwahl der Gaujugendleitung - Trachtengau M\u00fcnchen und Umgebung","robots":{"index":"index","follow":"follow","max-snippet":"max-snippet:-1","max-image-preview":"max-image-preview:large","max-video-preview":"max-video-preview:-1"},"canonical":"https:\/\/trachtengau.org\/wordpress\/neuwahl-der-gaujgendleitung\/","og_locale":"de_DE","og_type":"article","og_title":"Neuwahl der Gaujugendleitung - Trachtengau M\u00fcnchen und Umgebung","og_url":"https:\/\/trachtengau.org\/wordpress\/neuwahl-der-gaujgendleitung\/","og_site_name":"Trachtengau M\u00fcnchen und Umgebung","article_modified_time":"2024-01-31T14:51:37+00:00","og_image":[{"url":"https:\/\/trachtengau.org\/wordpress\/wp-content\/uploads\/2024\/01\/Gaujugend-Auschuss-2-1024x668.jpg"}],"twitter_card":"summary_large_image","twitter_misc":{"Gesch\u00e4tzte Lesezeit":"1\u00a0Minute"},"schema":{"@context":"https:\/\/schema.org","@graph":[{"@type":"WebPage","@id":"https:\/\/trachtengau.org\/wordpress\/neuwahl-der-gaujgendleitung\/","url":"https:\/\/trachtengau.org\/wordpress\/neuwahl-der-gaujgendleitung\/","name":"Neuwahl der Gaujugendleitung - Trachtengau M\u00fcnchen und Umgebung","isPartOf":{"@id":"https:\/\/trachtengau.org\/wordpress\/#website"},"datePublished":"2024-01-31T14:37:13+00:00","dateModified":"2024-01-31T14:51:37+00:00","breadcrumb":{"@id":"https:\/\/trachtengau.org\/wordpress\/neuwahl-der-gaujgendleitung\/#breadcrumb"},"inLanguage":"de","potentialAction":[{"@type":"ReadAction","target":["https:\/\/trachtengau.org\/wordpress\/neuwahl-der-gaujgendleitung\/"]}]},{"@type":"BreadcrumbList","@id":"https:\/\/trachtengau.org\/wordpress\/neuwahl-der-gaujgendleitung\/#breadcrumb","itemListElement":[{"@type":"ListItem","position":1,"name":"Startseite","item":"https:\/\/trachtengau.org\/wordpress\/"},{"@type":"ListItem","position":2,"name":"Neuwahl der Gaujugendleitung"}]},{"@type":"WebSite","@id":"https:\/\/trachtengau.org\/wordpress\/#website","url":"https:\/\/trachtengau.org\/wordpress\/","name":"Trachtengau M\u00fcnchen und Umgebung","description":"","potentialAction":[{"@type":"SearchAction","target":{"@type":"EntryPoint","urlTemplate":"https:\/\/trachtengau.org\/wordpress\/?s={search_term_string}"},"query-input":"required name=search_term_string"}],"inLanguage":"de"}]}},"_links":{"self":[{"href":"https:\/\/trachtengau.org\/wordpress\/wp-json\/wp\/v2\/pages\/1655","targetHints":{"allow":["GET"]}}],"collection":[{"href":"https:\/\/trachtengau.org\/wordpress\/wp-json\/wp\/v2\/pages"}],"about":[{"href":"https:\/\/trachtengau.org\/wordpress\/wp-json\/wp\/v2\/types\/page"}],"author":[{"embeddable":true,"href":"https:\/\/trachtengau.org\/wordpress\/wp-json\/wp\/v2\/users\/2"}],"replies":[{"embeddable":true,"href":"https:\/\/trachtengau.org\/wordpress\/wp-json\/wp\/v2\/comments?post=1655"}],"version-history":[{"count":5,"href":"https:\/\/trachtengau.org\/wordpress\/wp-json\/wp\/v2\/pages\/1655\/revisions"}],"predecessor-version":[{"id":1659,"href":"https:\/\/trachtengau.org\/wordpress\/wp-json\/wp\/v2\/pages\/1655\/revisions\/1659"}],"wp:attachment":[{"href":"https:\/\/trachtengau.org\/wordpress\/wp-json\/wp\/v2\/media?parent=1655"}],"curies":[{"name":"wp","href":"https:\/\/api.w.org\/{rel}","templated":true}]}}

<div class="fusion-fullwidth fullwidth-box fusion-builder-row-1 fusion-flex-container has-pattern-background has-mask-background nonhundred-percent-fullwidth non-hundred-percent-height-scrolling" style="--awb-border-radius-top-left:0px;--awb-border-radius-top-right:0px;--awb-border-radius-bottom-right:0px;--awb-border-radius-bottom-left:0px;--awb-flex-wrap:wrap;" ><div class="fusion-builder-row fusion-row fusion-flex-align-items-flex-start fusion-flex-content-wrap" style="max-width:1248px;margin-left: calc(-4% / 2 );margin-right: calc(-4% / 2 );"><div class="fusion-layout-column fusion_builder_column fusion-builder-column-0 fusion_builder_column_1_1 1_1 fusion-flex-column" style="--awb-bg-size:cover;--awb-width-large:100%;--awb-margin-top-large:0px;--awb-spacing-right-large:1.92%;--awb-margin-bottom-large:20px;--awb-spacing-left-large:1.92%;--awb-width-medium:100%;--awb-order-medium:0;--awb-spacing-right-medium:1.92%;--awb-spacing-left-medium:1.92%;--awb-width-small:100%;--awb-order-small:0;--awb-spacing-right-small:1.92%;--awb-spacing-left-small:1.92%;"><div class="fusion-column-wrapper fusion-column-has-shadow fusion-flex-justify-content-flex-start fusion-content-layout-column"><div class="fusion-text fusion-text-1"><h4 style="text-align: center;"><strong>Die Trachtenjugend des Gaus München und Umgebung unter neuer Leitung</strong></h4>
<p><img decoding="async" class=" wp-image-1656 aligncenter" src="https://trachtengau.org/wordpress/wp-content/uploads/2024/01/Gaujugend-Auschuss-2-1024x668.jpg" alt="" width="424" height="277" srcset="https://trachtengau.org/wordpress/wp-content/uploads/2024/01/Gaujugend-Auschuss-2-200x130.jpg 200w, https://trachtengau.org/wordpress/wp-content/uploads/2024/01/Gaujugend-Auschuss-2-300x196.jpg 300w, https://trachtengau.org/wordpress/wp-content/uploads/2024/01/Gaujugend-Auschuss-2-400x261.jpg 400w, https://trachtengau.org/wordpress/wp-content/uploads/2024/01/Gaujugend-Auschuss-2-600x391.jpg 600w, https://trachtengau.org/wordpress/wp-content/uploads/2024/01/Gaujugend-Auschuss-2-768x501.jpg 768w, https://trachtengau.org/wordpress/wp-content/uploads/2024/01/Gaujugend-Auschuss-2-800x522.jpg 800w, https://trachtengau.org/wordpress/wp-content/uploads/2024/01/Gaujugend-Auschuss-2-1024x668.jpg 1024w, https://trachtengau.org/wordpress/wp-content/uploads/2024/01/Gaujugend-Auschuss-2-1200x782.jpg 1200w, https://trachtengau.org/wordpress/wp-content/uploads/2024/01/Gaujugend-Auschuss-2-1536x1001.jpg 1536w" sizes="(max-width: 424px) 100vw, 424px" /></p>
<p style="text-align: left;">Am Samstag, den 20. Januar 2024 fand im Vereinsheim der Ammertaler Ottendichl die alljährliche Jahreshauptversammlung mit Neuwahlen statt.  Der bisherige Ausschuss trat nicht mehr zur Wahl an, denn er wollte Platz für die jüngere Generation machen. Mit Petra Seifert von den Roaga Buam Ismaning hat nun die Gaujugend eine neue erste Gaujugendleiterin. Sie übernimmt das Amt von Markus Hochlahner vom Heimatverein Garching. Heike Hardi von den Ammertalern war bislang zweite Gaujugendleiterin und übergibt ihr Amt an Franziska Graf von den Untersbergern München. Dafür übernimmt Heike Hardi die Schriftführung von Michaela Pinnau von der Riesengebirgs-Trachtengruppe München. Daniel Malovetz von den Roaga Buam Ismaning tritt als Gaujugend-Kassier in die Fußstapfen von Doris Jantke von den Schlößlberglern Anzing. Wir gratulieren ganz herzlich allen Neugewählten und wünschen Ihnen viel Erfolg und gutes Gelingen in der Gaujugend!</p>
</div></div></div></div></div>

<!-- This site is optimized with the Yoast SEO plugin v21.7 - https://yoast.com/wordpress/plugins/seo/ -->
<title>Neuwahl der Gaujugendleitung - Trachtengau München und Umgebung</title>
<meta name="robots" content="index, follow, max-snippet:-1, max-image-preview:large, max-video-preview:-1" />
<link rel="canonical" href="https://trachtengau.org/wordpress/neuwahl-der-gaujgendleitung/" />
<meta property="og:locale" content="de_DE" />
<meta property="og:type" content="article" />
<meta property="og:title" content="Neuwahl der Gaujugendleitung - Trachtengau München und Umgebung" />
<meta property="og:url" content="https://trachtengau.org/wordpress/neuwahl-der-gaujgendleitung/" />
<meta property="og:site_name" content="Trachtengau München und Umgebung" />
<meta property="article:modified_time" content="2024-01-31T14:51:37+00:00" />
<meta property="og:image" content="https://trachtengau.org/wordpress/wp-content/uploads/2024/01/Gaujugend-Auschuss-2-1024x668.jpg" />
<meta name="twitter:card" content="summary_large_image" />
<meta name="twitter:label1" content="Geschätzte Lesezeit" />
	<meta name="twitter:data1" content="1 Minute" />
<script type="application/ld+json" class="yoast-schema-graph">{"@context":"https://schema.org","@graph":[{"@type":"WebPage","@id":"https://trachtengau.org/wordpress/neuwahl-der-gaujgendleitung/","url":"https://trachtengau.org/wordpress/neuwahl-der-gaujgendleitung/","name":"Neuwahl der Gaujugendleitung - Trachtengau München und Umgebung","isPartOf":{"@id":"https://trachtengau.org/wordpress/#website"},"datePublished":"2024-01-31T14:37:13+00:00","dateModified":"2024-01-31T14:51:37+00:00","breadcrumb":{"@id":"https://trachtengau.org/wordpress/neuwahl-der-gaujgendleitung/#breadcrumb"},"inLanguage":"de","potentialAction":[{"@type":"ReadAction","target":["https://trachtengau.org/wordpress/neuwahl-der-gaujgendleitung/"]}]},{"@type":"BreadcrumbList","@id":"https://trachtengau.org/wordpress/neuwahl-der-gaujgendleitung/#breadcrumb","itemListElement":[{"@type":"ListItem","position":1,"name":"Startseite","item":"https://trachtengau.org/wordpress/"},{"@type":"ListItem","position":2,"name":"Neuwahl der Gaujugendleitung"}]},{"@type":"WebSite","@id":"https://trachtengau.org/wordpress/#website","url":"https://trachtengau.org/wordpress/","name":"Trachtengau München und Umgebung","description":"","potentialAction":[{"@type":"SearchAction","target":{"@type":"EntryPoint","urlTemplate":"https://trachtengau.org/wordpress/?s={search_term_string}"},"query-input":"required name=search_term_string"}],"inLanguage":"de"}]}</script>
<!-- / Yoast SEO plugin. -->

Neuwahl der Gaujugendleitung - Trachtengau München und Umgebung

Trachtengau München und Umgebung
