{"id":1546,"date":"2023-05-02T17:44:52","date_gmt":"2023-05-02T15:44:52","guid":{"rendered":"https:\/\/trachtengau.org\/wordpress\/?page_id=1546"},"modified":"2023-05-02T20:13:26","modified_gmt":"2023-05-02T18:13:26","slug":"gaujugendtag-2023","status":"publish","type":"page","link":"https:\/\/trachtengau.org\/wordpress\/gaujugendtag-2023\/","title":{"rendered":"Gaujugendtag 2023"},"content":{"rendered":"<div class=\"fusion-fullwidth fullwidth-box fusion-builder-row-1 fusion-flex-container has-pattern-background has-mask-background nonhundred-percent-fullwidth non-hundred-percent-height-scrolling\" style=\"--awb-border-radius-top-left:0px;--awb-border-radius-top-right:0px;--awb-border-radius-bottom-right:0px;--awb-border-radius-bottom-left:0px;--awb-flex-wrap:wrap;\" ><div class=\"fusion-builder-row fusion-row fusion-flex-align-items-flex-start fusion-flex-content-wrap\" style=\"max-width:1248px;margin-left: calc(-4% \/ 2 );margin-right: calc(-4% \/ 2 );\"><div class=\"fusion-layout-column fusion_builder_column fusion-builder-column-0 fusion_builder_column_1_1 1_1 fusion-flex-column\" style=\"--awb-bg-size:cover;--awb-width-large:100%;--awb-margin-top-large:0px;--awb-spacing-right-large:1.92%;--awb-margin-bottom-large:20px;--awb-spacing-left-large:1.92%;--awb-width-medium:100%;--awb-order-medium:0;--awb-spacing-right-medium:1.92%;--awb-spacing-left-medium:1.92%;--awb-width-small:100%;--awb-order-small:0;--awb-spacing-right-small:1.92%;--awb-spacing-left-small:1.92%;\"><div class=\"fusion-column-wrapper fusion-column-has-shadow fusion-flex-justify-content-flex-start fusion-content-layout-column\"><div class=\"fusion-text fusion-text-1\"><h3 style=\"text-align: center;\"><strong>Gaujugendtag der Trachtenjugend Gau M\u00fcnchen und Umgebung in Ismaning<\/strong><\/h3>\n<p style=\"text-align: center;\"><img decoding=\"async\" class=\"alignnone wp-image-1547\" src=\"https:\/\/trachtengau.org\/wordpress\/wp-content\/uploads\/2023\/05\/DSC_0110-1024x771.jpg\" alt=\"\" width=\"625\" height=\"470\" srcset=\"https:\/\/trachtengau.org\/wordpress\/wp-content\/uploads\/2023\/05\/DSC_0110-200x151.jpg 200w, https:\/\/trachtengau.org\/wordpress\/wp-content\/uploads\/2023\/05\/DSC_0110-300x226.jpg 300w, https:\/\/trachtengau.org\/wordpress\/wp-content\/uploads\/2023\/05\/DSC_0110-400x301.jpg 400w, https:\/\/trachtengau.org\/wordpress\/wp-content\/uploads\/2023\/05\/DSC_0110-600x452.jpg 600w, https:\/\/trachtengau.org\/wordpress\/wp-content\/uploads\/2023\/05\/DSC_0110-768x578.jpg 768w, https:\/\/trachtengau.org\/wordpress\/wp-content\/uploads\/2023\/05\/DSC_0110-800x603.jpg 800w, https:\/\/trachtengau.org\/wordpress\/wp-content\/uploads\/2023\/05\/DSC_0110-1024x771.jpg 1024w, https:\/\/trachtengau.org\/wordpress\/wp-content\/uploads\/2023\/05\/DSC_0110-1200x904.jpg 1200w, https:\/\/trachtengau.org\/wordpress\/wp-content\/uploads\/2023\/05\/DSC_0110-1536x1157.jpg 1536w\" sizes=\"(max-width: 625px) 100vw, 625px\" \/><\/p>\n<p>Die Trachtenjugend Gau M\u00fcnchen und Umgebung lud am Sonntag, den 23. April 2023 zum Gaujugendtag im B\u00fcrgersaal Ismaning ein, diesmal in einem anderen Gewand.<\/p>\n<p>Zahlreiche junge Trachtlerinnen und Trachtler erlernten in vier Arbeitsgruppen Volkst\u00e4nze, Lieder, kleine Theaterst\u00fccke sowie das Spiel mit den Kuhglocken. Ziel war es, das gemeinsam Erlernte im offiziellen Teil des Nachmittags dem Publikum zu pr\u00e4sentieren. Auch die Eltern kamen nicht zu kurz, sie durften in der Zwischenzeit unter Anleitung des Gauvorplattlers und der -vort\u00e4nzerin Volkst\u00e4nze einstudieren. Am Nachmittag begann mit den Gru\u00dfworten der Ehreng\u00e4ste das bunte Programm des Gaujugendtags.\u00a0 Ehreng\u00e4ste waren der erste B\u00fcrgermeister Dr. Alexander Greulich, \u00a0die stellvertretende Landr\u00e4tin Annette Ganssm\u00fcller-Maluche sowie der Landtagsabgeordnete Nikolaus Kraus. Alle anwesenden Vereine tanzten nun einen Auftanz, der bei einem Gaujugendtag nat\u00fcrlich nicht fehlen darf. Danach konnten die Kinder und Jugendlichen endlich zeigen, was sie zuvor in den Arbeitskreisen einge\u00fcbt hatten. Das Publikum erfreute sich an den T\u00e4nzen \u201eDreher aus Riedelsbach\u201c und \u201eRediwa\u201c. Die eifrigen S\u00e4ngerInnen gaben Lieder wie \u201eDa Schneider fangt a Maus\u201c und \u00a0\u201eHeut kommt der Hans zu mir\u201c zum Besten und auch die Zuh\u00f6rerInnen sangen flei\u00dfig mit. Gro\u00dfen Applaus gab es auch f\u00fcr das \u201eDas Rindvieh\u201c, das gegl\u00f6ckelt wurde, und beim \u201estummen Theater\u201c und \u201eDornr\u00f6schen\u201c blieb vor Lachen kein Auge trocken. Es ist schon erstaunlich, was man in der kurzen Zeit so alles auf die Beine stellen kann. Die Ergebnisse konnten sich durchaus sehen lassen. F\u00fcr die musikalische Untermalung sorgten mit Akkordeon und Steirischen Martin Werner und Daniel Huber. Der Nachmittag, der heuer ein richtiger Familientag war, verging wie im Flug und fand mit dem gemeinsamen Schlusslied \u201eKein sch\u00f6ner Land\u201c einen sch\u00f6nen Ausklang. Ein gro\u00dfer Dank galt dem Verein D\u2018 Roaga Buam Ismaning, der f\u00fcr die Bewirtung im Saal sorgte.<\/p>\n<p>Michaela Pinnau<\/p>\n<\/div><div class=\"fusion-text fusion-text-2\"><h4><a href=\"https:\/\/trachtengau.org\/wordpress\/gaujugendtag-am-23-04-2023\/\">Hier geht&#8217;s zu den Bildern<\/a><\/h4>\n<\/div><\/div><\/div><\/div><\/div>\n","protected":false},"excerpt":{"rendered":"","protected":false},"author":2,"featured_media":0,"parent":0,"menu_order":0,"comment_status":"closed","ping_status":"closed","template":"","meta":{"footnotes":""},"class_list":["post-1546","page","type-page","status-publish","hentry"],"yoast_head":"<!-- This site is optimized with the Yoast SEO plugin v21.7 - https:\/\/yoast.com\/wordpress\/plugins\/seo\/ -->\n<title>Gaujugendtag 2023 - Trachtengau M\u00fcnchen und Umgebung<\/title>\n<meta name=\"robots\" content=\"index, follow, max-snippet:-1, max-image-preview:large, max-video-preview:-1\" \/>\n<link rel=\"canonical\" href=\"https:\/\/trachtengau.org\/wordpress\/gaujugendtag-2023\/\" \/>\n<meta property=\"og:locale\" content=\"de_DE\" \/>\n<meta property=\"og:type\" content=\"article\" \/>\n<meta property=\"og:title\" content=\"Gaujugendtag 2023 - Trachtengau M\u00fcnchen und Umgebung\" \/>\n<meta property=\"og:url\" content=\"https:\/\/trachtengau.org\/wordpress\/gaujugendtag-2023\/\" \/>\n<meta property=\"og:site_name\" content=\"Trachtengau M\u00fcnchen und Umgebung\" \/>\n<meta property=\"article:modified_time\" content=\"2023-05-02T18:13:26+00:00\" \/>\n<meta property=\"og:image\" content=\"https:\/\/trachtengau.org\/wordpress\/wp-content\/uploads\/2023\/05\/DSC_0110-1024x771.jpg\" \/>\n<meta name=\"twitter:card\" content=\"summary_large_image\" \/>\n<meta name=\"twitter:label1\" content=\"Gesch\u00e4tzte Lesezeit\" \/>\n\t<meta name=\"twitter:data1\" content=\"4\u00a0Minuten\" \/>\n<script type=\"application\/ld+json\" class=\"yoast-schema-graph\">{\"@context\":\"https:\/\/schema.org\",\"@graph\":[{\"@type\":\"WebPage\",\"@id\":\"https:\/\/trachtengau.org\/wordpress\/gaujugendtag-2023\/\",\"url\":\"https:\/\/trachtengau.org\/wordpress\/gaujugendtag-2023\/\",\"name\":\"Gaujugendtag 2023 - Trachtengau M\u00fcnchen und Umgebung\",\"isPartOf\":{\"@id\":\"https:\/\/trachtengau.org\/wordpress\/#website\"},\"datePublished\":\"2023-05-02T15:44:52+00:00\",\"dateModified\":\"2023-05-02T18:13:26+00:00\",\"breadcrumb\":{\"@id\":\"https:\/\/trachtengau.org\/wordpress\/gaujugendtag-2023\/#breadcrumb\"},\"inLanguage\":\"de\",\"potentialAction\":[{\"@type\":\"ReadAction\",\"target\":[\"https:\/\/trachtengau.org\/wordpress\/gaujugendtag-2023\/\"]}]},{\"@type\":\"BreadcrumbList\",\"@id\":\"https:\/\/trachtengau.org\/wordpress\/gaujugendtag-2023\/#breadcrumb\",\"itemListElement\":[{\"@type\":\"ListItem\",\"position\":1,\"name\":\"Startseite\",\"item\":\"https:\/\/trachtengau.org\/wordpress\/\"},{\"@type\":\"ListItem\",\"position\":2,\"name\":\"Gaujugendtag 2023\"}]},{\"@type\":\"WebSite\",\"@id\":\"https:\/\/trachtengau.org\/wordpress\/#website\",\"url\":\"https:\/\/trachtengau.org\/wordpress\/\",\"name\":\"Trachtengau M\u00fcnchen und Umgebung\",\"description\":\"\",\"potentialAction\":[{\"@type\":\"SearchAction\",\"target\":{\"@type\":\"EntryPoint\",\"urlTemplate\":\"https:\/\/trachtengau.org\/wordpress\/?s={search_term_string}\"},\"query-input\":\"required name=search_term_string\"}],\"inLanguage\":\"de\"}]}<\/script>\n<!-- \/ Yoast SEO plugin. -->","yoast_head_json":{"title":"Gaujugendtag 2023 - Trachtengau M\u00fcnchen und Umgebung","robots":{"index":"index","follow":"follow","max-snippet":"max-snippet:-1","max-image-preview":"max-image-preview:large","max-video-preview":"max-video-preview:-1"},"canonical":"https:\/\/trachtengau.org\/wordpress\/gaujugendtag-2023\/","og_locale":"de_DE","og_type":"article","og_title":"Gaujugendtag 2023 - Trachtengau M\u00fcnchen und Umgebung","og_url":"https:\/\/trachtengau.org\/wordpress\/gaujugendtag-2023\/","og_site_name":"Trachtengau M\u00fcnchen und Umgebung","article_modified_time":"2023-05-02T18:13:26+00:00","og_image":[{"url":"https:\/\/trachtengau.org\/wordpress\/wp-content\/uploads\/2023\/05\/DSC_0110-1024x771.jpg"}],"twitter_card":"summary_large_image","twitter_misc":{"Gesch\u00e4tzte Lesezeit":"4\u00a0Minuten"},"schema":{"@context":"https:\/\/schema.org","@graph":[{"@type":"WebPage","@id":"https:\/\/trachtengau.org\/wordpress\/gaujugendtag-2023\/","url":"https:\/\/trachtengau.org\/wordpress\/gaujugendtag-2023\/","name":"Gaujugendtag 2023 - Trachtengau M\u00fcnchen und Umgebung","isPartOf":{"@id":"https:\/\/trachtengau.org\/wordpress\/#website"},"datePublished":"2023-05-02T15:44:52+00:00","dateModified":"2023-05-02T18:13:26+00:00","breadcrumb":{"@id":"https:\/\/trachtengau.org\/wordpress\/gaujugendtag-2023\/#breadcrumb"},"inLanguage":"de","potentialAction":[{"@type":"ReadAction","target":["https:\/\/trachtengau.org\/wordpress\/gaujugendtag-2023\/"]}]},{"@type":"BreadcrumbList","@id":"https:\/\/trachtengau.org\/wordpress\/gaujugendtag-2023\/#breadcrumb","itemListElement":[{"@type":"ListItem","position":1,"name":"Startseite","item":"https:\/\/trachtengau.org\/wordpress\/"},{"@type":"ListItem","position":2,"name":"Gaujugendtag 2023"}]},{"@type":"WebSite","@id":"https:\/\/trachtengau.org\/wordpress\/#website","url":"https:\/\/trachtengau.org\/wordpress\/","name":"Trachtengau M\u00fcnchen und Umgebung","description":"","potentialAction":[{"@type":"SearchAction","target":{"@type":"EntryPoint","urlTemplate":"https:\/\/trachtengau.org\/wordpress\/?s={search_term_string}"},"query-input":"required name=search_term_string"}],"inLanguage":"de"}]}},"_links":{"self":[{"href":"https:\/\/trachtengau.org\/wordpress\/wp-json\/wp\/v2\/pages\/1546","targetHints":{"allow":["GET"]}}],"collection":[{"href":"https:\/\/trachtengau.org\/wordpress\/wp-json\/wp\/v2\/pages"}],"about":[{"href":"https:\/\/trachtengau.org\/wordpress\/wp-json\/wp\/v2\/types\/page"}],"author":[{"embeddable":true,"href":"https:\/\/trachtengau.org\/wordpress\/wp-json\/wp\/v2\/users\/2"}],"replies":[{"embeddable":true,"href":"https:\/\/trachtengau.org\/wordpress\/wp-json\/wp\/v2\/comments?post=1546"}],"version-history":[{"count":4,"href":"https:\/\/trachtengau.org\/wordpress\/wp-json\/wp\/v2\/pages\/1546\/revisions"}],"predecessor-version":[{"id":1597,"href":"https:\/\/trachtengau.org\/wordpress\/wp-json\/wp\/v2\/pages\/1546\/revisions\/1597"}],"wp:attachment":[{"href":"https:\/\/trachtengau.org\/wordpress\/wp-json\/wp\/v2\/media?parent=1546"}],"curies":[{"name":"wp","href":"https:\/\/api.w.org\/{rel}","templated":true}]}}

<div class="fusion-fullwidth fullwidth-box fusion-builder-row-1 fusion-flex-container has-pattern-background has-mask-background nonhundred-percent-fullwidth non-hundred-percent-height-scrolling" style="--awb-border-radius-top-left:0px;--awb-border-radius-top-right:0px;--awb-border-radius-bottom-right:0px;--awb-border-radius-bottom-left:0px;--awb-flex-wrap:wrap;" ><div class="fusion-builder-row fusion-row fusion-flex-align-items-flex-start fusion-flex-content-wrap" style="max-width:1248px;margin-left: calc(-4% / 2 );margin-right: calc(-4% / 2 );"><div class="fusion-layout-column fusion_builder_column fusion-builder-column-0 fusion_builder_column_1_1 1_1 fusion-flex-column" style="--awb-bg-size:cover;--awb-width-large:100%;--awb-margin-top-large:0px;--awb-spacing-right-large:1.92%;--awb-margin-bottom-large:20px;--awb-spacing-left-large:1.92%;--awb-width-medium:100%;--awb-order-medium:0;--awb-spacing-right-medium:1.92%;--awb-spacing-left-medium:1.92%;--awb-width-small:100%;--awb-order-small:0;--awb-spacing-right-small:1.92%;--awb-spacing-left-small:1.92%;"><div class="fusion-column-wrapper fusion-column-has-shadow fusion-flex-justify-content-flex-start fusion-content-layout-column"><div class="fusion-text fusion-text-1"><h3 style="text-align: center;"><strong>Gaujugendtag der Trachtenjugend Gau München und Umgebung in Ismaning</strong></h3>
<p style="text-align: center;"><img decoding="async" class="alignnone wp-image-1547" src="https://trachtengau.org/wordpress/wp-content/uploads/2023/05/DSC_0110-1024x771.jpg" alt="" width="625" height="470" srcset="https://trachtengau.org/wordpress/wp-content/uploads/2023/05/DSC_0110-200x151.jpg 200w, https://trachtengau.org/wordpress/wp-content/uploads/2023/05/DSC_0110-300x226.jpg 300w, https://trachtengau.org/wordpress/wp-content/uploads/2023/05/DSC_0110-400x301.jpg 400w, https://trachtengau.org/wordpress/wp-content/uploads/2023/05/DSC_0110-600x452.jpg 600w, https://trachtengau.org/wordpress/wp-content/uploads/2023/05/DSC_0110-768x578.jpg 768w, https://trachtengau.org/wordpress/wp-content/uploads/2023/05/DSC_0110-800x603.jpg 800w, https://trachtengau.org/wordpress/wp-content/uploads/2023/05/DSC_0110-1024x771.jpg 1024w, https://trachtengau.org/wordpress/wp-content/uploads/2023/05/DSC_0110-1200x904.jpg 1200w, https://trachtengau.org/wordpress/wp-content/uploads/2023/05/DSC_0110-1536x1157.jpg 1536w" sizes="(max-width: 625px) 100vw, 625px" /></p>
<p>Die Trachtenjugend Gau München und Umgebung lud am Sonntag, den 23. April 2023 zum Gaujugendtag im Bürgersaal Ismaning ein, diesmal in einem anderen Gewand.</p>
<p>Zahlreiche junge Trachtlerinnen und Trachtler erlernten in vier Arbeitsgruppen Volkstänze, Lieder, kleine Theaterstücke sowie das Spiel mit den Kuhglocken. Ziel war es, das gemeinsam Erlernte im offiziellen Teil des Nachmittags dem Publikum zu präsentieren. Auch die Eltern kamen nicht zu kurz, sie durften in der Zwischenzeit unter Anleitung des Gauvorplattlers und der -vortänzerin Volkstänze einstudieren. Am Nachmittag begann mit den Grußworten der Ehrengäste das bunte Programm des Gaujugendtags.  Ehrengäste waren der erste Bürgermeister Dr. Alexander Greulich,  die stellvertretende Landrätin Annette Ganssmüller-Maluche sowie der Landtagsabgeordnete Nikolaus Kraus. Alle anwesenden Vereine tanzten nun einen Auftanz, der bei einem Gaujugendtag natürlich nicht fehlen darf. Danach konnten die Kinder und Jugendlichen endlich zeigen, was sie zuvor in den Arbeitskreisen eingeübt hatten. Das Publikum erfreute sich an den Tänzen „Dreher aus Riedelsbach“ und „Rediwa“. Die eifrigen SängerInnen gaben Lieder wie „Da Schneider fangt a Maus“ und  „Heut kommt der Hans zu mir“ zum Besten und auch die ZuhörerInnen sangen fleißig mit. Großen Applaus gab es auch für das „Das Rindvieh“, das geglöckelt wurde, und beim „stummen Theater“ und „Dornröschen“ blieb vor Lachen kein Auge trocken. Es ist schon erstaunlich, was man in der kurzen Zeit so alles auf die Beine stellen kann. Die Ergebnisse konnten sich durchaus sehen lassen. Für die musikalische Untermalung sorgten mit Akkordeon und Steirischen Martin Werner und Daniel Huber. Der Nachmittag, der heuer ein richtiger Familientag war, verging wie im Flug und fand mit dem gemeinsamen Schlusslied „Kein schöner Land“ einen schönen Ausklang. Ein großer Dank galt dem Verein D‘ Roaga Buam Ismaning, der für die Bewirtung im Saal sorgte.</p>
<p>Michaela Pinnau</p>
</div><div class="fusion-text fusion-text-2"><h4><a href="https://trachtengau.org/wordpress/gaujugendtag-am-23-04-2023/">Hier geht&#8217;s zu den Bildern</a></h4>
</div></div></div></div></div>

<!-- This site is optimized with the Yoast SEO plugin v21.7 - https://yoast.com/wordpress/plugins/seo/ -->
<title>Gaujugendtag 2023 - Trachtengau München und Umgebung</title>
<meta name="robots" content="index, follow, max-snippet:-1, max-image-preview:large, max-video-preview:-1" />
<link rel="canonical" href="https://trachtengau.org/wordpress/gaujugendtag-2023/" />
<meta property="og:locale" content="de_DE" />
<meta property="og:type" content="article" />
<meta property="og:title" content="Gaujugendtag 2023 - Trachtengau München und Umgebung" />
<meta property="og:url" content="https://trachtengau.org/wordpress/gaujugendtag-2023/" />
<meta property="og:site_name" content="Trachtengau München und Umgebung" />
<meta property="article:modified_time" content="2023-05-02T18:13:26+00:00" />
<meta property="og:image" content="https://trachtengau.org/wordpress/wp-content/uploads/2023/05/DSC_0110-1024x771.jpg" />
<meta name="twitter:card" content="summary_large_image" />
<meta name="twitter:label1" content="Geschätzte Lesezeit" />
	<meta name="twitter:data1" content="4 Minuten" />
<script type="application/ld+json" class="yoast-schema-graph">{"@context":"https://schema.org","@graph":[{"@type":"WebPage","@id":"https://trachtengau.org/wordpress/gaujugendtag-2023/","url":"https://trachtengau.org/wordpress/gaujugendtag-2023/","name":"Gaujugendtag 2023 - Trachtengau München und Umgebung","isPartOf":{"@id":"https://trachtengau.org/wordpress/#website"},"datePublished":"2023-05-02T15:44:52+00:00","dateModified":"2023-05-02T18:13:26+00:00","breadcrumb":{"@id":"https://trachtengau.org/wordpress/gaujugendtag-2023/#breadcrumb"},"inLanguage":"de","potentialAction":[{"@type":"ReadAction","target":["https://trachtengau.org/wordpress/gaujugendtag-2023/"]}]},{"@type":"BreadcrumbList","@id":"https://trachtengau.org/wordpress/gaujugendtag-2023/#breadcrumb","itemListElement":[{"@type":"ListItem","position":1,"name":"Startseite","item":"https://trachtengau.org/wordpress/"},{"@type":"ListItem","position":2,"name":"Gaujugendtag 2023"}]},{"@type":"WebSite","@id":"https://trachtengau.org/wordpress/#website","url":"https://trachtengau.org/wordpress/","name":"Trachtengau München und Umgebung","description":"","potentialAction":[{"@type":"SearchAction","target":{"@type":"EntryPoint","urlTemplate":"https://trachtengau.org/wordpress/?s={search_term_string}"},"query-input":"required name=search_term_string"}],"inLanguage":"de"}]}</script>
<!-- / Yoast SEO plugin. -->

Gaujugendtag 2023 - Trachtengau München und Umgebung

Trachtengau München und Umgebung
