{"id":1297,"date":"2022-05-23T14:26:20","date_gmt":"2022-05-23T12:26:20","guid":{"rendered":"https:\/\/trachtengau.org\/wordpress\/?page_id=1297"},"modified":"2022-05-23T14:28:43","modified_gmt":"2022-05-23T12:28:43","slug":"die-goldene-ehrennadel-fuer-markus-hochlahner","status":"publish","type":"page","link":"https:\/\/trachtengau.org\/wordpress\/die-goldene-ehrennadel-fuer-markus-hochlahner\/","title":{"rendered":"Die goldene Ehrennadel f\u00fcr Markus Hochlahner"},"content":{"rendered":"<div class=\"fusion-fullwidth fullwidth-box fusion-builder-row-1 fusion-flex-container nonhundred-percent-fullwidth non-hundred-percent-height-scrolling\" style=\"--awb-border-radius-top-left:0px;--awb-border-radius-top-right:0px;--awb-border-radius-bottom-right:0px;--awb-border-radius-bottom-left:0px;--awb-flex-wrap:wrap;\" ><div class=\"fusion-builder-row fusion-row fusion-flex-align-items-flex-start fusion-flex-content-wrap\" style=\"max-width:1248px;margin-left: calc(-4% \/ 2 );margin-right: calc(-4% \/ 2 );\"><div class=\"fusion-layout-column fusion_builder_column fusion-builder-column-0 fusion_builder_column_1_1 1_1 fusion-flex-column\" style=\"--awb-bg-size:cover;--awb-width-large:100%;--awb-margin-top-large:0px;--awb-spacing-right-large:1.92%;--awb-margin-bottom-large:20px;--awb-spacing-left-large:1.92%;--awb-width-medium:100%;--awb-order-medium:0;--awb-spacing-right-medium:1.92%;--awb-spacing-left-medium:1.92%;--awb-width-small:100%;--awb-order-small:0;--awb-spacing-right-small:1.92%;--awb-spacing-left-small:1.92%;\"><div class=\"fusion-column-wrapper fusion-column-has-shadow fusion-flex-justify-content-flex-start fusion-content-layout-column\"><div class=\"fusion-text fusion-text-1\" style=\"--awb-text-transform:none;\"><p><img decoding=\"async\" class=\"wp-image-1299 aligncenter\" src=\"https:\/\/trachtengau.org\/wordpress\/wp-content\/uploads\/2022\/05\/Ehrung-Markus-Hochlahner-1024x713.jpg\" alt=\"\" width=\"672\" height=\"468\" srcset=\"https:\/\/trachtengau.org\/wordpress\/wp-content\/uploads\/2022\/05\/Ehrung-Markus-Hochlahner-200x139.jpg 200w, https:\/\/trachtengau.org\/wordpress\/wp-content\/uploads\/2022\/05\/Ehrung-Markus-Hochlahner-300x209.jpg 300w, https:\/\/trachtengau.org\/wordpress\/wp-content\/uploads\/2022\/05\/Ehrung-Markus-Hochlahner-400x279.jpg 400w, https:\/\/trachtengau.org\/wordpress\/wp-content\/uploads\/2022\/05\/Ehrung-Markus-Hochlahner-600x418.jpg 600w, https:\/\/trachtengau.org\/wordpress\/wp-content\/uploads\/2022\/05\/Ehrung-Markus-Hochlahner-768x535.jpg 768w, https:\/\/trachtengau.org\/wordpress\/wp-content\/uploads\/2022\/05\/Ehrung-Markus-Hochlahner-800x557.jpg 800w, https:\/\/trachtengau.org\/wordpress\/wp-content\/uploads\/2022\/05\/Ehrung-Markus-Hochlahner-1024x713.jpg 1024w, https:\/\/trachtengau.org\/wordpress\/wp-content\/uploads\/2022\/05\/Ehrung-Markus-Hochlahner-1200x836.jpg 1200w, https:\/\/trachtengau.org\/wordpress\/wp-content\/uploads\/2022\/05\/Ehrung-Markus-Hochlahner-1536x1070.jpg 1536w\" sizes=\"(max-width: 672px) 100vw, 672px\" \/><\/p>\n<p style=\"text-align: center;\"><strong>Die Ehrennadel in Gold f\u00fcr Markus Hochlahner<\/strong><\/p>\n<p><strong>\u00a0<\/strong>Im Rahmen des 50-j\u00e4hrigen Jubil\u00e4ums der Trachtenjugend am 15. Mai 2022 kam unserem Gaujugendleiter eine ganz besondere Ehrung zuteil. Sichtlich \u00fcberrascht nahm Markus Hochlahner aus der Hand des Landesjugendvertreters Armin Schmid die Ehrenadel in Gold sowie eine Urkunde f\u00fcr seine besonderen Verdienste in der Jugendarbeit entgegen. Bereits 1997 \u00fcbernahm Markus Hochlahner im Heimatverein Garching das Amt des dritten Jugendleiters, bis er 2001 schlie\u00dflich zum ersten Jugendleiter gew\u00e4hlt wurde. Dieses Amt bekleidet er mit viel Herzblut bis heute. Auch im Trachtengau M\u00fcnchen und Umgebung ist sein Engagement sehr gro\u00df. 2004 \u00fcbernahm er zun\u00e4chst das Amt des zweiten Gaujugendleiters, seit 2008 leitet er mit sehr gro\u00dfem Engagement als erster Gaujugendleiter die Geschicke der Gaujugend. \u00a0Aber damit nicht genug, auch in der Bayerischen Trachtenjugend ist er als Kassier in der Landesjugendvorstandschaft t\u00e4tig. Wir gratulieren Markus Hochlahner ganz herzlich f\u00fcr diese besondere Auszeichnung!<\/p>\n<\/div><\/div><\/div><\/div><\/div>\n","protected":false},"excerpt":{"rendered":"","protected":false},"author":2,"featured_media":0,"parent":0,"menu_order":0,"comment_status":"closed","ping_status":"closed","template":"","meta":{"footnotes":""},"class_list":["post-1297","page","type-page","status-publish","hentry"],"yoast_head":"<!-- This site is optimized with the Yoast SEO plugin v21.7 - https:\/\/yoast.com\/wordpress\/plugins\/seo\/ -->\n<title>Die goldene Ehrennadel f\u00fcr Markus Hochlahner - Trachtengau M\u00fcnchen und Umgebung<\/title>\n<meta name=\"robots\" content=\"index, follow, max-snippet:-1, max-image-preview:large, max-video-preview:-1\" \/>\n<link rel=\"canonical\" href=\"https:\/\/trachtengau.org\/wordpress\/die-goldene-ehrennadel-fuer-markus-hochlahner\/\" \/>\n<meta property=\"og:locale\" content=\"de_DE\" \/>\n<meta property=\"og:type\" content=\"article\" \/>\n<meta property=\"og:title\" content=\"Die goldene Ehrennadel f\u00fcr Markus Hochlahner - Trachtengau M\u00fcnchen und Umgebung\" \/>\n<meta property=\"og:url\" content=\"https:\/\/trachtengau.org\/wordpress\/die-goldene-ehrennadel-fuer-markus-hochlahner\/\" \/>\n<meta property=\"og:site_name\" content=\"Trachtengau M\u00fcnchen und Umgebung\" \/>\n<meta property=\"article:modified_time\" content=\"2022-05-23T12:28:43+00:00\" \/>\n<meta property=\"og:image\" content=\"https:\/\/trachtengau.org\/wordpress\/wp-content\/uploads\/2022\/05\/Ehrung-Markus-Hochlahner-1024x713.jpg\" \/>\n<meta name=\"twitter:card\" content=\"summary_large_image\" \/>\n<script type=\"application\/ld+json\" class=\"yoast-schema-graph\">{\"@context\":\"https:\/\/schema.org\",\"@graph\":[{\"@type\":\"WebPage\",\"@id\":\"https:\/\/trachtengau.org\/wordpress\/die-goldene-ehrennadel-fuer-markus-hochlahner\/\",\"url\":\"https:\/\/trachtengau.org\/wordpress\/die-goldene-ehrennadel-fuer-markus-hochlahner\/\",\"name\":\"Die goldene Ehrennadel f\u00fcr Markus Hochlahner - Trachtengau M\u00fcnchen und Umgebung\",\"isPartOf\":{\"@id\":\"https:\/\/trachtengau.org\/wordpress\/#website\"},\"datePublished\":\"2022-05-23T12:26:20+00:00\",\"dateModified\":\"2022-05-23T12:28:43+00:00\",\"breadcrumb\":{\"@id\":\"https:\/\/trachtengau.org\/wordpress\/die-goldene-ehrennadel-fuer-markus-hochlahner\/#breadcrumb\"},\"inLanguage\":\"de\",\"potentialAction\":[{\"@type\":\"ReadAction\",\"target\":[\"https:\/\/trachtengau.org\/wordpress\/die-goldene-ehrennadel-fuer-markus-hochlahner\/\"]}]},{\"@type\":\"BreadcrumbList\",\"@id\":\"https:\/\/trachtengau.org\/wordpress\/die-goldene-ehrennadel-fuer-markus-hochlahner\/#breadcrumb\",\"itemListElement\":[{\"@type\":\"ListItem\",\"position\":1,\"name\":\"Startseite\",\"item\":\"https:\/\/trachtengau.org\/wordpress\/\"},{\"@type\":\"ListItem\",\"position\":2,\"name\":\"Die goldene Ehrennadel f\u00fcr Markus Hochlahner\"}]},{\"@type\":\"WebSite\",\"@id\":\"https:\/\/trachtengau.org\/wordpress\/#website\",\"url\":\"https:\/\/trachtengau.org\/wordpress\/\",\"name\":\"Trachtengau M\u00fcnchen und Umgebung\",\"description\":\"\",\"potentialAction\":[{\"@type\":\"SearchAction\",\"target\":{\"@type\":\"EntryPoint\",\"urlTemplate\":\"https:\/\/trachtengau.org\/wordpress\/?s={search_term_string}\"},\"query-input\":\"required name=search_term_string\"}],\"inLanguage\":\"de\"}]}<\/script>\n<!-- \/ Yoast SEO plugin. -->","yoast_head_json":{"title":"Die goldene Ehrennadel f\u00fcr Markus Hochlahner - Trachtengau M\u00fcnchen und Umgebung","robots":{"index":"index","follow":"follow","max-snippet":"max-snippet:-1","max-image-preview":"max-image-preview:large","max-video-preview":"max-video-preview:-1"},"canonical":"https:\/\/trachtengau.org\/wordpress\/die-goldene-ehrennadel-fuer-markus-hochlahner\/","og_locale":"de_DE","og_type":"article","og_title":"Die goldene Ehrennadel f\u00fcr Markus Hochlahner - Trachtengau M\u00fcnchen und Umgebung","og_url":"https:\/\/trachtengau.org\/wordpress\/die-goldene-ehrennadel-fuer-markus-hochlahner\/","og_site_name":"Trachtengau M\u00fcnchen und Umgebung","article_modified_time":"2022-05-23T12:28:43+00:00","og_image":[{"url":"https:\/\/trachtengau.org\/wordpress\/wp-content\/uploads\/2022\/05\/Ehrung-Markus-Hochlahner-1024x713.jpg"}],"twitter_card":"summary_large_image","schema":{"@context":"https:\/\/schema.org","@graph":[{"@type":"WebPage","@id":"https:\/\/trachtengau.org\/wordpress\/die-goldene-ehrennadel-fuer-markus-hochlahner\/","url":"https:\/\/trachtengau.org\/wordpress\/die-goldene-ehrennadel-fuer-markus-hochlahner\/","name":"Die goldene Ehrennadel f\u00fcr Markus Hochlahner - Trachtengau M\u00fcnchen und Umgebung","isPartOf":{"@id":"https:\/\/trachtengau.org\/wordpress\/#website"},"datePublished":"2022-05-23T12:26:20+00:00","dateModified":"2022-05-23T12:28:43+00:00","breadcrumb":{"@id":"https:\/\/trachtengau.org\/wordpress\/die-goldene-ehrennadel-fuer-markus-hochlahner\/#breadcrumb"},"inLanguage":"de","potentialAction":[{"@type":"ReadAction","target":["https:\/\/trachtengau.org\/wordpress\/die-goldene-ehrennadel-fuer-markus-hochlahner\/"]}]},{"@type":"BreadcrumbList","@id":"https:\/\/trachtengau.org\/wordpress\/die-goldene-ehrennadel-fuer-markus-hochlahner\/#breadcrumb","itemListElement":[{"@type":"ListItem","position":1,"name":"Startseite","item":"https:\/\/trachtengau.org\/wordpress\/"},{"@type":"ListItem","position":2,"name":"Die goldene Ehrennadel f\u00fcr Markus Hochlahner"}]},{"@type":"WebSite","@id":"https:\/\/trachtengau.org\/wordpress\/#website","url":"https:\/\/trachtengau.org\/wordpress\/","name":"Trachtengau M\u00fcnchen und Umgebung","description":"","potentialAction":[{"@type":"SearchAction","target":{"@type":"EntryPoint","urlTemplate":"https:\/\/trachtengau.org\/wordpress\/?s={search_term_string}"},"query-input":"required name=search_term_string"}],"inLanguage":"de"}]}},"_links":{"self":[{"href":"https:\/\/trachtengau.org\/wordpress\/wp-json\/wp\/v2\/pages\/1297","targetHints":{"allow":["GET"]}}],"collection":[{"href":"https:\/\/trachtengau.org\/wordpress\/wp-json\/wp\/v2\/pages"}],"about":[{"href":"https:\/\/trachtengau.org\/wordpress\/wp-json\/wp\/v2\/types\/page"}],"author":[{"embeddable":true,"href":"https:\/\/trachtengau.org\/wordpress\/wp-json\/wp\/v2\/users\/2"}],"replies":[{"embeddable":true,"href":"https:\/\/trachtengau.org\/wordpress\/wp-json\/wp\/v2\/comments?post=1297"}],"version-history":[{"count":2,"href":"https:\/\/trachtengau.org\/wordpress\/wp-json\/wp\/v2\/pages\/1297\/revisions"}],"predecessor-version":[{"id":1300,"href":"https:\/\/trachtengau.org\/wordpress\/wp-json\/wp\/v2\/pages\/1297\/revisions\/1300"}],"wp:attachment":[{"href":"https:\/\/trachtengau.org\/wordpress\/wp-json\/wp\/v2\/media?parent=1297"}],"curies":[{"name":"wp","href":"https:\/\/api.w.org\/{rel}","templated":true}]}}

Die goldene Ehrennadel für Markus Hochlahner

<div class="fusion-fullwidth fullwidth-box fusion-builder-row-1 fusion-flex-container nonhundred-percent-fullwidth non-hundred-percent-height-scrolling" style="--awb-border-radius-top-left:0px;--awb-border-radius-top-right:0px;--awb-border-radius-bottom-right:0px;--awb-border-radius-bottom-left:0px;--awb-flex-wrap:wrap;" ><div class="fusion-builder-row fusion-row fusion-flex-align-items-flex-start fusion-flex-content-wrap" style="max-width:1248px;margin-left: calc(-4% / 2 );margin-right: calc(-4% / 2 );"><div class="fusion-layout-column fusion_builder_column fusion-builder-column-0 fusion_builder_column_1_1 1_1 fusion-flex-column" style="--awb-bg-size:cover;--awb-width-large:100%;--awb-margin-top-large:0px;--awb-spacing-right-large:1.92%;--awb-margin-bottom-large:20px;--awb-spacing-left-large:1.92%;--awb-width-medium:100%;--awb-order-medium:0;--awb-spacing-right-medium:1.92%;--awb-spacing-left-medium:1.92%;--awb-width-small:100%;--awb-order-small:0;--awb-spacing-right-small:1.92%;--awb-spacing-left-small:1.92%;"><div class="fusion-column-wrapper fusion-column-has-shadow fusion-flex-justify-content-flex-start fusion-content-layout-column"><div class="fusion-text fusion-text-1" style="--awb-text-transform:none;"><p><img decoding="async" class="wp-image-1299 aligncenter" src="https://trachtengau.org/wordpress/wp-content/uploads/2022/05/Ehrung-Markus-Hochlahner-1024x713.jpg" alt="" width="672" height="468" srcset="https://trachtengau.org/wordpress/wp-content/uploads/2022/05/Ehrung-Markus-Hochlahner-200x139.jpg 200w, https://trachtengau.org/wordpress/wp-content/uploads/2022/05/Ehrung-Markus-Hochlahner-300x209.jpg 300w, https://trachtengau.org/wordpress/wp-content/uploads/2022/05/Ehrung-Markus-Hochlahner-400x279.jpg 400w, https://trachtengau.org/wordpress/wp-content/uploads/2022/05/Ehrung-Markus-Hochlahner-600x418.jpg 600w, https://trachtengau.org/wordpress/wp-content/uploads/2022/05/Ehrung-Markus-Hochlahner-768x535.jpg 768w, https://trachtengau.org/wordpress/wp-content/uploads/2022/05/Ehrung-Markus-Hochlahner-800x557.jpg 800w, https://trachtengau.org/wordpress/wp-content/uploads/2022/05/Ehrung-Markus-Hochlahner-1024x713.jpg 1024w, https://trachtengau.org/wordpress/wp-content/uploads/2022/05/Ehrung-Markus-Hochlahner-1200x836.jpg 1200w, https://trachtengau.org/wordpress/wp-content/uploads/2022/05/Ehrung-Markus-Hochlahner-1536x1070.jpg 1536w" sizes="(max-width: 672px) 100vw, 672px" /></p>
<p style="text-align: center;"><strong>Die Ehrennadel in Gold für Markus Hochlahner</strong></p>
<p><strong> </strong>Im Rahmen des 50-jährigen Jubiläums der Trachtenjugend am 15. Mai 2022 kam unserem Gaujugendleiter eine ganz besondere Ehrung zuteil. Sichtlich überrascht nahm Markus Hochlahner aus der Hand des Landesjugendvertreters Armin Schmid die Ehrenadel in Gold sowie eine Urkunde für seine besonderen Verdienste in der Jugendarbeit entgegen. Bereits 1997 übernahm Markus Hochlahner im Heimatverein Garching das Amt des dritten Jugendleiters, bis er 2001 schließlich zum ersten Jugendleiter gewählt wurde. Dieses Amt bekleidet er mit viel Herzblut bis heute. Auch im Trachtengau München und Umgebung ist sein Engagement sehr groß. 2004 übernahm er zunächst das Amt des zweiten Gaujugendleiters, seit 2008 leitet er mit sehr großem Engagement als erster Gaujugendleiter die Geschicke der Gaujugend.  Aber damit nicht genug, auch in der Bayerischen Trachtenjugend ist er als Kassier in der Landesjugendvorstandschaft tätig. Wir gratulieren Markus Hochlahner ganz herzlich für diese besondere Auszeichnung!</p>
</div></div></div></div></div>

<!-- This site is optimized with the Yoast SEO plugin v21.7 - https://yoast.com/wordpress/plugins/seo/ -->
<title>Die goldene Ehrennadel für Markus Hochlahner - Trachtengau München und Umgebung</title>
<meta name="robots" content="index, follow, max-snippet:-1, max-image-preview:large, max-video-preview:-1" />
<link rel="canonical" href="https://trachtengau.org/wordpress/die-goldene-ehrennadel-fuer-markus-hochlahner/" />
<meta property="og:locale" content="de_DE" />
<meta property="og:type" content="article" />
<meta property="og:title" content="Die goldene Ehrennadel für Markus Hochlahner - Trachtengau München und Umgebung" />
<meta property="og:url" content="https://trachtengau.org/wordpress/die-goldene-ehrennadel-fuer-markus-hochlahner/" />
<meta property="og:site_name" content="Trachtengau München und Umgebung" />
<meta property="article:modified_time" content="2022-05-23T12:28:43+00:00" />
<meta property="og:image" content="https://trachtengau.org/wordpress/wp-content/uploads/2022/05/Ehrung-Markus-Hochlahner-1024x713.jpg" />
<meta name="twitter:card" content="summary_large_image" />
<script type="application/ld+json" class="yoast-schema-graph">{"@context":"https://schema.org","@graph":[{"@type":"WebPage","@id":"https://trachtengau.org/wordpress/die-goldene-ehrennadel-fuer-markus-hochlahner/","url":"https://trachtengau.org/wordpress/die-goldene-ehrennadel-fuer-markus-hochlahner/","name":"Die goldene Ehrennadel für Markus Hochlahner - Trachtengau München und Umgebung","isPartOf":{"@id":"https://trachtengau.org/wordpress/#website"},"datePublished":"2022-05-23T12:26:20+00:00","dateModified":"2022-05-23T12:28:43+00:00","breadcrumb":{"@id":"https://trachtengau.org/wordpress/die-goldene-ehrennadel-fuer-markus-hochlahner/#breadcrumb"},"inLanguage":"de","potentialAction":[{"@type":"ReadAction","target":["https://trachtengau.org/wordpress/die-goldene-ehrennadel-fuer-markus-hochlahner/"]}]},{"@type":"BreadcrumbList","@id":"https://trachtengau.org/wordpress/die-goldene-ehrennadel-fuer-markus-hochlahner/#breadcrumb","itemListElement":[{"@type":"ListItem","position":1,"name":"Startseite","item":"https://trachtengau.org/wordpress/"},{"@type":"ListItem","position":2,"name":"Die goldene Ehrennadel für Markus Hochlahner"}]},{"@type":"WebSite","@id":"https://trachtengau.org/wordpress/#website","url":"https://trachtengau.org/wordpress/","name":"Trachtengau München und Umgebung","description":"","potentialAction":[{"@type":"SearchAction","target":{"@type":"EntryPoint","urlTemplate":"https://trachtengau.org/wordpress/?s={search_term_string}"},"query-input":"required name=search_term_string"}],"inLanguage":"de"}]}</script>
<!-- / Yoast SEO plugin. -->

Die goldene Ehrennadel für Markus Hochlahner - Trachtengau München und Umgebung

Trachtengau München und Umgebung
