{"id":1289,"date":"2022-05-23T14:10:46","date_gmt":"2022-05-23T12:10:46","guid":{"rendered":"https:\/\/trachtengau.org\/wordpress\/?page_id=1289"},"modified":"2022-05-23T14:24:10","modified_gmt":"2022-05-23T12:24:10","slug":"50-jahre-trachtenjugend-gau-muenchen-und-umgebung","status":"publish","type":"page","link":"https:\/\/trachtengau.org\/wordpress\/50-jahre-trachtenjugend-gau-muenchen-und-umgebung\/","title":{"rendered":"50 Jahre Trachtenjugend Gau M\u00fcnchen und Umgebung"},"content":{"rendered":"<div class=\"fusion-fullwidth fullwidth-box fusion-builder-row-1 fusion-flex-container nonhundred-percent-fullwidth non-hundred-percent-height-scrolling\" style=\"--awb-border-radius-top-left:0px;--awb-border-radius-top-right:0px;--awb-border-radius-bottom-right:0px;--awb-border-radius-bottom-left:0px;--awb-flex-wrap:wrap;\" ><div class=\"fusion-builder-row fusion-row fusion-flex-align-items-flex-start fusion-flex-content-wrap\" style=\"max-width:1248px;margin-left: calc(-4% \/ 2 );margin-right: calc(-4% \/ 2 );\"><div class=\"fusion-layout-column fusion_builder_column fusion-builder-column-0 fusion_builder_column_1_1 1_1 fusion-flex-column\" style=\"--awb-bg-size:cover;--awb-width-large:100%;--awb-margin-top-large:0px;--awb-spacing-right-large:1.92%;--awb-margin-bottom-large:20px;--awb-spacing-left-large:1.92%;--awb-width-medium:100%;--awb-order-medium:0;--awb-spacing-right-medium:1.92%;--awb-spacing-left-medium:1.92%;--awb-width-small:100%;--awb-order-small:0;--awb-spacing-right-small:1.92%;--awb-spacing-left-small:1.92%;\"><div class=\"fusion-column-wrapper fusion-column-has-shadow fusion-flex-justify-content-flex-start fusion-content-layout-column\"><div class=\"fusion-text fusion-text-1\" style=\"--awb-text-transform:none;\"><p style=\"text-align: center;\"><img decoding=\"async\" class=\"wp-image-1294\" src=\"https:\/\/trachtengau.org\/wordpress\/wp-content\/uploads\/2022\/05\/50-Jahre-Trachtenjugend-Andacht-1024x683.jpg\" alt=\"\" width=\"570\" height=\"380\" srcset=\"https:\/\/trachtengau.org\/wordpress\/wp-content\/uploads\/2022\/05\/50-Jahre-Trachtenjugend-Andacht-200x133.jpg 200w, https:\/\/trachtengau.org\/wordpress\/wp-content\/uploads\/2022\/05\/50-Jahre-Trachtenjugend-Andacht-300x200.jpg 300w, https:\/\/trachtengau.org\/wordpress\/wp-content\/uploads\/2022\/05\/50-Jahre-Trachtenjugend-Andacht-400x267.jpg 400w, https:\/\/trachtengau.org\/wordpress\/wp-content\/uploads\/2022\/05\/50-Jahre-Trachtenjugend-Andacht-600x400.jpg 600w, https:\/\/trachtengau.org\/wordpress\/wp-content\/uploads\/2022\/05\/50-Jahre-Trachtenjugend-Andacht-768x512.jpg 768w, https:\/\/trachtengau.org\/wordpress\/wp-content\/uploads\/2022\/05\/50-Jahre-Trachtenjugend-Andacht-800x533.jpg 800w, https:\/\/trachtengau.org\/wordpress\/wp-content\/uploads\/2022\/05\/50-Jahre-Trachtenjugend-Andacht-1024x683.jpg 1024w, https:\/\/trachtengau.org\/wordpress\/wp-content\/uploads\/2022\/05\/50-Jahre-Trachtenjugend-Andacht-1200x800.jpg 1200w, https:\/\/trachtengau.org\/wordpress\/wp-content\/uploads\/2022\/05\/50-Jahre-Trachtenjugend-Andacht-1536x1024.jpg 1536w, https:\/\/trachtengau.org\/wordpress\/wp-content\/uploads\/2022\/05\/50-Jahre-Trachtenjugend-Andacht.jpg 1773w\" sizes=\"(max-width: 570px) 100vw, 570px\" \/><\/p>\n<p style=\"text-align: center;\"><strong>\u00a050 Jahre Trachtenjugend Gau M\u00fcnchen und Umgebung<\/strong><\/p>\n<p>Endlich war so weit! Am Sonntag, den 15. Mai 2022 feierte unsere Trachtenjugend im B\u00fcrgerhaus in Garching ihr 50-j\u00e4hriges Bestehen. Der Festtag begann mit einer Andacht in der Laudate-Kirche, die festlich und liebevoll von Hilde Weidendorfer und Jugendlichen unseres Gaus gestaltet wurde. Mit Blasmusik zogen die Trachtler dann in das nahe gelegene B\u00fcrgerhaus ein, um das Jubil\u00e4um geb\u00fchrend zu feiern. Gaujugendleiter Markus Hochlahner konnte als Ehreng\u00e4ste den B\u00fcrgermeister Dietmar Gruchmann, Landrat Christoph G\u00f6bel, den 1. Vorsitzenden des Bayerischen Trachtenverbandes G\u00fcnter Frey und Landesjugendvertreter Armin Schmid sowie Vertreter der Kreisjugendringe M\u00fcnchen Stadt und Land begr\u00fc\u00dfen. Die Schirmherrschaft \u00fcbernahm Alt-Landr\u00e4tin Johanna Rumsch\u00f6ttel, die unserer Trachtenjugend auch in der Vergangenheit immer sehr zugetan war. Sie lie\u00df es sich nicht nehmen, jedes Kind mit einem Schirm zu beschenken, der mit unserem Maskottchen, den kleinen L\u00f6wen Wiggerl, bedruckt war. Nach einem Auftanz aller anwesenden Vereine, bei dem sogar die Ehreng\u00e4ste mitmachten, konnten die jungen Trachtler der Gauvereine mit Volkst\u00e4nzen, Plattler und dem Glockenspiel ihr K\u00f6nnen unter Beweis stellen. Auch die 2018 ins Leben gerufene Gaujugendgruppe trug mit ihren T\u00e4nzen zum Gelingen des Nachmittags bei. Nat\u00fcrlich durfte auch ein lustiges Spiel bei dieser Feier nicht fehlen. Beim \u201eBesentanz\u201c herrschte ausgelassene Stimmung, wobei das Publikum die Kinder begeistert anfeuerte. Durch das Programm f\u00fchrten locker und ungezwungen zwei Deandl der Ammertaler Ottendichl und f\u00fcr die musikalische Untermalung sorgten die Band \u201emiaSans\u201c sowie die \u201eZuaweziaga\u201c. Zwei Garanten f\u00fcr gute Stimmung. Wir\u00a0bedanken uns ganz herzlich bei\u00a0allen\u00a0Mitwirkenden, Mitgliedern des Festausschusses und Kuchenspendern f\u00fcr diese gelungene Fest! Schee war\u2019s!<\/p>\n<\/div><\/div><\/div><\/div><\/div>\n","protected":false},"excerpt":{"rendered":"","protected":false},"author":2,"featured_media":0,"parent":0,"menu_order":0,"comment_status":"closed","ping_status":"closed","template":"","meta":{"footnotes":""},"class_list":["post-1289","page","type-page","status-publish","hentry"],"yoast_head":"<!-- This site is optimized with the Yoast SEO plugin v21.7 - https:\/\/yoast.com\/wordpress\/plugins\/seo\/ -->\n<title>50 Jahre Trachtenjugend Gau M\u00fcnchen und Umgebung - Trachtengau M\u00fcnchen und Umgebung<\/title>\n<meta name=\"robots\" content=\"index, follow, max-snippet:-1, max-image-preview:large, max-video-preview:-1\" \/>\n<link rel=\"canonical\" href=\"https:\/\/trachtengau.org\/wordpress\/50-jahre-trachtenjugend-gau-muenchen-und-umgebung\/\" \/>\n<meta property=\"og:locale\" content=\"de_DE\" \/>\n<meta property=\"og:type\" content=\"article\" \/>\n<meta property=\"og:title\" content=\"50 Jahre Trachtenjugend Gau M\u00fcnchen und Umgebung - Trachtengau M\u00fcnchen und Umgebung\" \/>\n<meta property=\"og:url\" content=\"https:\/\/trachtengau.org\/wordpress\/50-jahre-trachtenjugend-gau-muenchen-und-umgebung\/\" \/>\n<meta property=\"og:site_name\" content=\"Trachtengau M\u00fcnchen und Umgebung\" \/>\n<meta property=\"article:modified_time\" content=\"2022-05-23T12:24:10+00:00\" \/>\n<meta property=\"og:image\" content=\"https:\/\/trachtengau.org\/wordpress\/wp-content\/uploads\/2022\/05\/50-Jahre-Trachtenjugend-Andacht-1024x683.jpg\" \/>\n<meta name=\"twitter:card\" content=\"summary_large_image\" \/>\n<meta name=\"twitter:label1\" content=\"Gesch\u00e4tzte Lesezeit\" \/>\n\t<meta name=\"twitter:data1\" content=\"3\u00a0Minuten\" \/>\n<script type=\"application\/ld+json\" class=\"yoast-schema-graph\">{\"@context\":\"https:\/\/schema.org\",\"@graph\":[{\"@type\":\"WebPage\",\"@id\":\"https:\/\/trachtengau.org\/wordpress\/50-jahre-trachtenjugend-gau-muenchen-und-umgebung\/\",\"url\":\"https:\/\/trachtengau.org\/wordpress\/50-jahre-trachtenjugend-gau-muenchen-und-umgebung\/\",\"name\":\"50 Jahre Trachtenjugend Gau M\u00fcnchen und Umgebung - Trachtengau M\u00fcnchen und Umgebung\",\"isPartOf\":{\"@id\":\"https:\/\/trachtengau.org\/wordpress\/#website\"},\"datePublished\":\"2022-05-23T12:10:46+00:00\",\"dateModified\":\"2022-05-23T12:24:10+00:00\",\"breadcrumb\":{\"@id\":\"https:\/\/trachtengau.org\/wordpress\/50-jahre-trachtenjugend-gau-muenchen-und-umgebung\/#breadcrumb\"},\"inLanguage\":\"de\",\"potentialAction\":[{\"@type\":\"ReadAction\",\"target\":[\"https:\/\/trachtengau.org\/wordpress\/50-jahre-trachtenjugend-gau-muenchen-und-umgebung\/\"]}]},{\"@type\":\"BreadcrumbList\",\"@id\":\"https:\/\/trachtengau.org\/wordpress\/50-jahre-trachtenjugend-gau-muenchen-und-umgebung\/#breadcrumb\",\"itemListElement\":[{\"@type\":\"ListItem\",\"position\":1,\"name\":\"Startseite\",\"item\":\"https:\/\/trachtengau.org\/wordpress\/\"},{\"@type\":\"ListItem\",\"position\":2,\"name\":\"50 Jahre Trachtenjugend Gau M\u00fcnchen und Umgebung\"}]},{\"@type\":\"WebSite\",\"@id\":\"https:\/\/trachtengau.org\/wordpress\/#website\",\"url\":\"https:\/\/trachtengau.org\/wordpress\/\",\"name\":\"Trachtengau M\u00fcnchen und Umgebung\",\"description\":\"\",\"potentialAction\":[{\"@type\":\"SearchAction\",\"target\":{\"@type\":\"EntryPoint\",\"urlTemplate\":\"https:\/\/trachtengau.org\/wordpress\/?s={search_term_string}\"},\"query-input\":\"required name=search_term_string\"}],\"inLanguage\":\"de\"}]}<\/script>\n<!-- \/ Yoast SEO plugin. -->","yoast_head_json":{"title":"50 Jahre Trachtenjugend Gau M\u00fcnchen und Umgebung - Trachtengau M\u00fcnchen und Umgebung","robots":{"index":"index","follow":"follow","max-snippet":"max-snippet:-1","max-image-preview":"max-image-preview:large","max-video-preview":"max-video-preview:-1"},"canonical":"https:\/\/trachtengau.org\/wordpress\/50-jahre-trachtenjugend-gau-muenchen-und-umgebung\/","og_locale":"de_DE","og_type":"article","og_title":"50 Jahre Trachtenjugend Gau M\u00fcnchen und Umgebung - Trachtengau M\u00fcnchen und Umgebung","og_url":"https:\/\/trachtengau.org\/wordpress\/50-jahre-trachtenjugend-gau-muenchen-und-umgebung\/","og_site_name":"Trachtengau M\u00fcnchen und Umgebung","article_modified_time":"2022-05-23T12:24:10+00:00","og_image":[{"url":"https:\/\/trachtengau.org\/wordpress\/wp-content\/uploads\/2022\/05\/50-Jahre-Trachtenjugend-Andacht-1024x683.jpg"}],"twitter_card":"summary_large_image","twitter_misc":{"Gesch\u00e4tzte Lesezeit":"3\u00a0Minuten"},"schema":{"@context":"https:\/\/schema.org","@graph":[{"@type":"WebPage","@id":"https:\/\/trachtengau.org\/wordpress\/50-jahre-trachtenjugend-gau-muenchen-und-umgebung\/","url":"https:\/\/trachtengau.org\/wordpress\/50-jahre-trachtenjugend-gau-muenchen-und-umgebung\/","name":"50 Jahre Trachtenjugend Gau M\u00fcnchen und Umgebung - Trachtengau M\u00fcnchen und Umgebung","isPartOf":{"@id":"https:\/\/trachtengau.org\/wordpress\/#website"},"datePublished":"2022-05-23T12:10:46+00:00","dateModified":"2022-05-23T12:24:10+00:00","breadcrumb":{"@id":"https:\/\/trachtengau.org\/wordpress\/50-jahre-trachtenjugend-gau-muenchen-und-umgebung\/#breadcrumb"},"inLanguage":"de","potentialAction":[{"@type":"ReadAction","target":["https:\/\/trachtengau.org\/wordpress\/50-jahre-trachtenjugend-gau-muenchen-und-umgebung\/"]}]},{"@type":"BreadcrumbList","@id":"https:\/\/trachtengau.org\/wordpress\/50-jahre-trachtenjugend-gau-muenchen-und-umgebung\/#breadcrumb","itemListElement":[{"@type":"ListItem","position":1,"name":"Startseite","item":"https:\/\/trachtengau.org\/wordpress\/"},{"@type":"ListItem","position":2,"name":"50 Jahre Trachtenjugend Gau M\u00fcnchen und Umgebung"}]},{"@type":"WebSite","@id":"https:\/\/trachtengau.org\/wordpress\/#website","url":"https:\/\/trachtengau.org\/wordpress\/","name":"Trachtengau M\u00fcnchen und Umgebung","description":"","potentialAction":[{"@type":"SearchAction","target":{"@type":"EntryPoint","urlTemplate":"https:\/\/trachtengau.org\/wordpress\/?s={search_term_string}"},"query-input":"required name=search_term_string"}],"inLanguage":"de"}]}},"_links":{"self":[{"href":"https:\/\/trachtengau.org\/wordpress\/wp-json\/wp\/v2\/pages\/1289","targetHints":{"allow":["GET"]}}],"collection":[{"href":"https:\/\/trachtengau.org\/wordpress\/wp-json\/wp\/v2\/pages"}],"about":[{"href":"https:\/\/trachtengau.org\/wordpress\/wp-json\/wp\/v2\/types\/page"}],"author":[{"embeddable":true,"href":"https:\/\/trachtengau.org\/wordpress\/wp-json\/wp\/v2\/users\/2"}],"replies":[{"embeddable":true,"href":"https:\/\/trachtengau.org\/wordpress\/wp-json\/wp\/v2\/comments?post=1289"}],"version-history":[{"count":4,"href":"https:\/\/trachtengau.org\/wordpress\/wp-json\/wp\/v2\/pages\/1289\/revisions"}],"predecessor-version":[{"id":1296,"href":"https:\/\/trachtengau.org\/wordpress\/wp-json\/wp\/v2\/pages\/1289\/revisions\/1296"}],"wp:attachment":[{"href":"https:\/\/trachtengau.org\/wordpress\/wp-json\/wp\/v2\/media?parent=1289"}],"curies":[{"name":"wp","href":"https:\/\/api.w.org\/{rel}","templated":true}]}}

50 Jahre Trachtenjugend Gau München und Umgebung

<div class="fusion-fullwidth fullwidth-box fusion-builder-row-1 fusion-flex-container nonhundred-percent-fullwidth non-hundred-percent-height-scrolling" style="--awb-border-radius-top-left:0px;--awb-border-radius-top-right:0px;--awb-border-radius-bottom-right:0px;--awb-border-radius-bottom-left:0px;--awb-flex-wrap:wrap;" ><div class="fusion-builder-row fusion-row fusion-flex-align-items-flex-start fusion-flex-content-wrap" style="max-width:1248px;margin-left: calc(-4% / 2 );margin-right: calc(-4% / 2 );"><div class="fusion-layout-column fusion_builder_column fusion-builder-column-0 fusion_builder_column_1_1 1_1 fusion-flex-column" style="--awb-bg-size:cover;--awb-width-large:100%;--awb-margin-top-large:0px;--awb-spacing-right-large:1.92%;--awb-margin-bottom-large:20px;--awb-spacing-left-large:1.92%;--awb-width-medium:100%;--awb-order-medium:0;--awb-spacing-right-medium:1.92%;--awb-spacing-left-medium:1.92%;--awb-width-small:100%;--awb-order-small:0;--awb-spacing-right-small:1.92%;--awb-spacing-left-small:1.92%;"><div class="fusion-column-wrapper fusion-column-has-shadow fusion-flex-justify-content-flex-start fusion-content-layout-column"><div class="fusion-text fusion-text-1" style="--awb-text-transform:none;"><p style="text-align: center;"><img decoding="async" class="wp-image-1294" src="https://trachtengau.org/wordpress/wp-content/uploads/2022/05/50-Jahre-Trachtenjugend-Andacht-1024x683.jpg" alt="" width="570" height="380" srcset="https://trachtengau.org/wordpress/wp-content/uploads/2022/05/50-Jahre-Trachtenjugend-Andacht-200x133.jpg 200w, https://trachtengau.org/wordpress/wp-content/uploads/2022/05/50-Jahre-Trachtenjugend-Andacht-300x200.jpg 300w, https://trachtengau.org/wordpress/wp-content/uploads/2022/05/50-Jahre-Trachtenjugend-Andacht-400x267.jpg 400w, https://trachtengau.org/wordpress/wp-content/uploads/2022/05/50-Jahre-Trachtenjugend-Andacht-600x400.jpg 600w, https://trachtengau.org/wordpress/wp-content/uploads/2022/05/50-Jahre-Trachtenjugend-Andacht-768x512.jpg 768w, https://trachtengau.org/wordpress/wp-content/uploads/2022/05/50-Jahre-Trachtenjugend-Andacht-800x533.jpg 800w, https://trachtengau.org/wordpress/wp-content/uploads/2022/05/50-Jahre-Trachtenjugend-Andacht-1024x683.jpg 1024w, https://trachtengau.org/wordpress/wp-content/uploads/2022/05/50-Jahre-Trachtenjugend-Andacht-1200x800.jpg 1200w, https://trachtengau.org/wordpress/wp-content/uploads/2022/05/50-Jahre-Trachtenjugend-Andacht-1536x1024.jpg 1536w, https://trachtengau.org/wordpress/wp-content/uploads/2022/05/50-Jahre-Trachtenjugend-Andacht.jpg 1773w" sizes="(max-width: 570px) 100vw, 570px" /></p>
<p style="text-align: center;"><strong> 50 Jahre Trachtenjugend Gau München und Umgebung</strong></p>
<p>Endlich war so weit! Am Sonntag, den 15. Mai 2022 feierte unsere Trachtenjugend im Bürgerhaus in Garching ihr 50-jähriges Bestehen. Der Festtag begann mit einer Andacht in der Laudate-Kirche, die festlich und liebevoll von Hilde Weidendorfer und Jugendlichen unseres Gaus gestaltet wurde. Mit Blasmusik zogen die Trachtler dann in das nahe gelegene Bürgerhaus ein, um das Jubiläum gebührend zu feiern. Gaujugendleiter Markus Hochlahner konnte als Ehrengäste den Bürgermeister Dietmar Gruchmann, Landrat Christoph Göbel, den 1. Vorsitzenden des Bayerischen Trachtenverbandes Günter Frey und Landesjugendvertreter Armin Schmid sowie Vertreter der Kreisjugendringe München Stadt und Land begrüßen. Die Schirmherrschaft übernahm Alt-Landrätin Johanna Rumschöttel, die unserer Trachtenjugend auch in der Vergangenheit immer sehr zugetan war. Sie ließ es sich nicht nehmen, jedes Kind mit einem Schirm zu beschenken, der mit unserem Maskottchen, den kleinen Löwen Wiggerl, bedruckt war. Nach einem Auftanz aller anwesenden Vereine, bei dem sogar die Ehrengäste mitmachten, konnten die jungen Trachtler der Gauvereine mit Volkstänzen, Plattler und dem Glockenspiel ihr Können unter Beweis stellen. Auch die 2018 ins Leben gerufene Gaujugendgruppe trug mit ihren Tänzen zum Gelingen des Nachmittags bei. Natürlich durfte auch ein lustiges Spiel bei dieser Feier nicht fehlen. Beim „Besentanz“ herrschte ausgelassene Stimmung, wobei das Publikum die Kinder begeistert anfeuerte. Durch das Programm führten locker und ungezwungen zwei Deandl der Ammertaler Ottendichl und für die musikalische Untermalung sorgten die Band „miaSans“ sowie die „Zuaweziaga“. Zwei Garanten für gute Stimmung. Wir bedanken uns ganz herzlich bei allen Mitwirkenden, Mitgliedern des Festausschusses und Kuchenspendern für diese gelungene Fest! Schee war’s!</p>
</div></div></div></div></div>

<!-- This site is optimized with the Yoast SEO plugin v21.7 - https://yoast.com/wordpress/plugins/seo/ -->
<title>50 Jahre Trachtenjugend Gau München und Umgebung - Trachtengau München und Umgebung</title>
<meta name="robots" content="index, follow, max-snippet:-1, max-image-preview:large, max-video-preview:-1" />
<link rel="canonical" href="https://trachtengau.org/wordpress/50-jahre-trachtenjugend-gau-muenchen-und-umgebung/" />
<meta property="og:locale" content="de_DE" />
<meta property="og:type" content="article" />
<meta property="og:title" content="50 Jahre Trachtenjugend Gau München und Umgebung - Trachtengau München und Umgebung" />
<meta property="og:url" content="https://trachtengau.org/wordpress/50-jahre-trachtenjugend-gau-muenchen-und-umgebung/" />
<meta property="og:site_name" content="Trachtengau München und Umgebung" />
<meta property="article:modified_time" content="2022-05-23T12:24:10+00:00" />
<meta property="og:image" content="https://trachtengau.org/wordpress/wp-content/uploads/2022/05/50-Jahre-Trachtenjugend-Andacht-1024x683.jpg" />
<meta name="twitter:card" content="summary_large_image" />
<meta name="twitter:label1" content="Geschätzte Lesezeit" />
	<meta name="twitter:data1" content="3 Minuten" />
<script type="application/ld+json" class="yoast-schema-graph">{"@context":"https://schema.org","@graph":[{"@type":"WebPage","@id":"https://trachtengau.org/wordpress/50-jahre-trachtenjugend-gau-muenchen-und-umgebung/","url":"https://trachtengau.org/wordpress/50-jahre-trachtenjugend-gau-muenchen-und-umgebung/","name":"50 Jahre Trachtenjugend Gau München und Umgebung - Trachtengau München und Umgebung","isPartOf":{"@id":"https://trachtengau.org/wordpress/#website"},"datePublished":"2022-05-23T12:10:46+00:00","dateModified":"2022-05-23T12:24:10+00:00","breadcrumb":{"@id":"https://trachtengau.org/wordpress/50-jahre-trachtenjugend-gau-muenchen-und-umgebung/#breadcrumb"},"inLanguage":"de","potentialAction":[{"@type":"ReadAction","target":["https://trachtengau.org/wordpress/50-jahre-trachtenjugend-gau-muenchen-und-umgebung/"]}]},{"@type":"BreadcrumbList","@id":"https://trachtengau.org/wordpress/50-jahre-trachtenjugend-gau-muenchen-und-umgebung/#breadcrumb","itemListElement":[{"@type":"ListItem","position":1,"name":"Startseite","item":"https://trachtengau.org/wordpress/"},{"@type":"ListItem","position":2,"name":"50 Jahre Trachtenjugend Gau München und Umgebung"}]},{"@type":"WebSite","@id":"https://trachtengau.org/wordpress/#website","url":"https://trachtengau.org/wordpress/","name":"Trachtengau München und Umgebung","description":"","potentialAction":[{"@type":"SearchAction","target":{"@type":"EntryPoint","urlTemplate":"https://trachtengau.org/wordpress/?s={search_term_string}"},"query-input":"required name=search_term_string"}],"inLanguage":"de"}]}</script>
<!-- / Yoast SEO plugin. -->

50 Jahre Trachtenjugend Gau München und Umgebung - Trachtengau München und Umgebung

Trachtengau München und Umgebung
