{"id":128,"date":"2021-09-12T15:23:33","date_gmt":"2021-09-12T13:23:33","guid":{"rendered":"https:\/\/trachtengau.org\/wordpress\/?page_id=128"},"modified":"2026-01-28T17:58:07","modified_gmt":"2026-01-28T16:58:07","slug":"gauausschuss","status":"publish","type":"page","link":"https:\/\/trachtengau.org\/wordpress\/gauausschuss\/","title":{"rendered":"Gauausschuss"},"content":{"rendered":"<p><div class=\"fusion-fullwidth fullwidth-box fusion-builder-row-1 fusion-flex-container nonhundred-percent-fullwidth non-hundred-percent-height-scrolling\" style=\"--awb-border-radius-top-left:0px;--awb-border-radius-top-right:0px;--awb-border-radius-bottom-right:0px;--awb-border-radius-bottom-left:0px;--awb-flex-wrap:wrap;\" ><div class=\"fusion-builder-row fusion-row fusion-flex-align-items-flex-start fusion-flex-content-wrap\" style=\"max-width:1248px;margin-left: calc(-4% \/ 2 );margin-right: calc(-4% \/ 2 );\"><div class=\"fusion-layout-column fusion_builder_column fusion-builder-column-0 fusion_builder_column_1_1 1_1 fusion-flex-column\" style=\"--awb-bg-size:cover;--awb-width-large:100%;--awb-margin-top-large:0px;--awb-spacing-right-large:1.92%;--awb-margin-bottom-large:20px;--awb-spacing-left-large:1.92%;--awb-width-medium:100%;--awb-order-medium:0;--awb-spacing-right-medium:1.92%;--awb-spacing-left-medium:1.92%;--awb-width-small:100%;--awb-order-small:0;--awb-spacing-right-small:1.92%;--awb-spacing-left-small:1.92%;\"><div class=\"fusion-column-wrapper fusion-column-has-shadow fusion-flex-justify-content-flex-start fusion-content-layout-column\"><div class=\"fusion-title title fusion-title-1 fusion-sep-none fusion-title-text fusion-title-size-one\"><h1 class=\"fusion-title-heading title-heading-left\" style=\"margin:0;\">Unser Gau<\/h1><\/div><\/div><\/div><\/div><\/div><div class=\"fusion-fullwidth fullwidth-box fusion-builder-row-2 fusion-flex-container nonhundred-percent-fullwidth non-hundred-percent-height-scrolling\" style=\"--awb-border-radius-top-left:0px;--awb-border-radius-top-right:0px;--awb-border-radius-bottom-right:0px;--awb-border-radius-bottom-left:0px;--awb-flex-wrap:wrap;\" ><div class=\"fusion-builder-row fusion-row fusion-flex-align-items-flex-start fusion-flex-content-wrap\" style=\"max-width:1248px;margin-left: calc(-4% \/ 2 );margin-right: calc(-4% \/ 2 );\"><div class=\"fusion-layout-column fusion_builder_column fusion-builder-column-1 fusion_builder_column_1_6 1_6 fusion-flex-column\" style=\"--awb-bg-size:cover;--awb-width-large:16.666666666667%;--awb-margin-top-large:0px;--awb-spacing-right-large:11.52%;--awb-margin-bottom-large:20px;--awb-spacing-left-large:11.52%;--awb-width-medium:16.666666666667%;--awb-order-medium:0;--awb-spacing-right-medium:11.52%;--awb-spacing-left-medium:11.52%;--awb-width-small:100%;--awb-order-small:0;--awb-spacing-right-small:1.92%;--awb-spacing-left-small:1.92%;\"><div class=\"fusion-column-wrapper fusion-column-has-shadow fusion-flex-justify-content-flex-start fusion-content-layout-column\"><\/div><\/div><div class=\"fusion-layout-column fusion_builder_column fusion-builder-column-2 fusion_builder_column_2_3 2_3 fusion-flex-column\" style=\"--awb-bg-size:cover;--awb-width-large:66.666666666667%;--awb-margin-top-large:0px;--awb-spacing-right-large:2.88%;--awb-margin-bottom-large:20px;--awb-spacing-left-large:2.88%;--awb-width-medium:66.666666666667%;--awb-order-medium:0;--awb-spacing-right-medium:2.88%;--awb-spacing-left-medium:2.88%;--awb-width-small:100%;--awb-order-small:0;--awb-spacing-right-small:1.92%;--awb-spacing-left-small:1.92%;\"><div class=\"fusion-column-wrapper fusion-column-has-shadow fusion-flex-justify-content-flex-start fusion-content-layout-column\"><div class=\"fusion-text fusion-text-1\"><h2><img decoding=\"async\" class=\"alignnone wp-image-1744\" src=\"https:\/\/trachtengau.org\/wordpress\/wp-content\/uploads\/2024\/03\/DSC_0746-1024x683.jpg\" alt=\"\" width=\"735\" height=\"490\" srcset=\"https:\/\/trachtengau.org\/wordpress\/wp-content\/uploads\/2024\/03\/DSC_0746-200x133.jpg 200w, https:\/\/trachtengau.org\/wordpress\/wp-content\/uploads\/2024\/03\/DSC_0746-300x200.jpg 300w, https:\/\/trachtengau.org\/wordpress\/wp-content\/uploads\/2024\/03\/DSC_0746-400x267.jpg 400w, https:\/\/trachtengau.org\/wordpress\/wp-content\/uploads\/2024\/03\/DSC_0746-600x400.jpg 600w, https:\/\/trachtengau.org\/wordpress\/wp-content\/uploads\/2024\/03\/DSC_0746-768x512.jpg 768w, https:\/\/trachtengau.org\/wordpress\/wp-content\/uploads\/2024\/03\/DSC_0746-800x533.jpg 800w, https:\/\/trachtengau.org\/wordpress\/wp-content\/uploads\/2024\/03\/DSC_0746-1024x683.jpg 1024w, https:\/\/trachtengau.org\/wordpress\/wp-content\/uploads\/2024\/03\/DSC_0746-1200x800.jpg 1200w, https:\/\/trachtengau.org\/wordpress\/wp-content\/uploads\/2024\/03\/DSC_0746-1536x1024.jpg 1536w\" sizes=\"(max-width: 735px) 100vw, 735px\" \/><\/h2>\n<h2>Gauausschuss<\/h2>\n<p><strong>1. Gauvorsitzender: <\/strong>Markus Hochlahner (Heimatverein Garching), Am Egernfeld 31, 85748 Garching,<br \/>\n089-320 41 89, vorstand(at)trachtengau(dot)org<\/p>\n<p><strong>2. Gauvorsitzende: <\/strong>Heike Hardi (D&#8216; Ammertaler Ottendichl), Prof.-Messerschmitt-Str. 22,<br \/>\n85579 Neubiberg, Tel. 089-60 66 96 16, vorstand(at)trachtengau(dot)org<\/p>\n<p><strong>3. Gauvorsitzende: <\/strong>Michaela Pinnau(Riesengebirgs-Trachtengruppe M\u00fcnchen), Anzengruberstr. 3,<br \/>\n82291 Mammendorf, Tel. 08145-95 11 98, vorstand(at)trachtengau(dot)org<\/p>\n<p><strong>1. Gauschriftf\u00fchrerin:<\/strong> Caroline Hupfauer (Lechler M\u00fcnchen), schriftfuehrer(at)trachtengau(dot)org<\/p>\n<p><strong>2. Gauschriftf\u00fchrer:<\/strong> Patrik Jantke (Schl\u00f6\u00dfbergler Anzing)<\/p>\n<p><strong>1. Gaukassierin:<\/strong> Doris Jantke (D&#8216; Schl\u00f6\u00dflbergler Anzing), kassier(at)trachtengau(dot)org<\/p>\n<p><strong>2. Gaukassier:<\/strong> Peter Wimmer (Heimatverein Garching)<\/p>\n<p><strong>1. Gauvorplattler:\u00a0<\/strong>Markus Moll (D&#8217;Roaga Buam Ismaning)<\/p>\n<p><strong>2. Gauvorplattler:<\/strong> Christian Strasser (D&#8216; Ammertaler Ottendichl)<\/p>\n<p><strong>1. Gauvort\u00e4nzerin:\u00a0<\/strong>Veronika Moll (Riesengebirgs-Trachtengruppe M\u00fcnchen)<\/p>\n<p><strong>Dirndlvertreterin:<\/strong> Michaela Haider (D&#8217;Ammertaler Ottendichl)<\/p>\n<p><strong>1. Gaujugendleiterin:<\/strong> Petra Seifert (D&#8216; Roaga Buam Ismaning), gaujugend(at)trachtengau(dot)org<\/p>\n<p><strong>2. Gaujugendleiterin:<\/strong> Katja Weidendorfer (Heimatverein Garching), gaujugend(at)trachtengau(dot)org<\/p>\n<p><strong>Gauf\u00e4hnrich:\u00a0<\/strong>nicht besetzt<\/p>\n<p><strong>Gaurevisoren<\/strong>: Cornelia Grusz (D`Ammertaler Ottendichl), Karin Pl\u00f6chinger (D&#8216; Roaga Buam Ismaning)<\/p>\n<p><strong>Gaubeisitzer<\/strong>: Helmut Graf (D&#8217;Untersberger M\u00fcnchen), Ludwig Huber (Edelwei\u00df Unterf\u00f6hring), Regina Lohr\u00a0 (Alt-Miesbach M\u00fcnchen)<\/p>\n<p><strong>Sachaussch\u00fcsse:<\/strong><\/p>\n<p><strong>Presse und \u00d6ffentlichkeitsarbeit<\/strong>: nicht besetzt<\/p>\n<p><strong>Volkslied und Volksmusik: <\/strong>Martin Werner (Lechler M\u00fcnchen) und Franziska Graf (D&#8216; Untersberger)<\/p>\n<p><strong>Laienspiel und Mundart: <\/strong>Barbara Steinbei\u00dfer (D`Ammertaler Ottendichl), Franziska Huber (Edelwei\u00df Unterf\u00f6hring)<\/p>\n<p><strong>Trachtenpflege und Trachtenforschung: <\/strong>Caroline Hupfauer (Lechler M\u00fcnchen)<\/p>\n<\/div><\/div><\/div><\/div><\/div><\/p>\n","protected":false},"excerpt":{"rendered":"","protected":false},"author":1,"featured_media":0,"parent":0,"menu_order":0,"comment_status":"closed","ping_status":"closed","template":"","meta":{"footnotes":""},"class_list":["post-128","page","type-page","status-publish","hentry"],"yoast_head":"<!-- This site is optimized with the Yoast SEO plugin v21.7 - https:\/\/yoast.com\/wordpress\/plugins\/seo\/ -->\n<title>Gauausschuss - Trachtengau M\u00fcnchen und Umgebung<\/title>\n<meta name=\"robots\" content=\"index, follow, max-snippet:-1, max-image-preview:large, max-video-preview:-1\" \/>\n<link rel=\"canonical\" href=\"https:\/\/trachtengau.org\/wordpress\/gauausschuss\/\" \/>\n<meta property=\"og:locale\" content=\"de_DE\" \/>\n<meta property=\"og:type\" content=\"article\" \/>\n<meta property=\"og:title\" content=\"Gauausschuss - Trachtengau M\u00fcnchen und Umgebung\" \/>\n<meta property=\"og:url\" content=\"https:\/\/trachtengau.org\/wordpress\/gauausschuss\/\" \/>\n<meta property=\"og:site_name\" content=\"Trachtengau M\u00fcnchen und Umgebung\" \/>\n<meta property=\"article:modified_time\" content=\"2026-01-28T16:58:07+00:00\" \/>\n<meta property=\"og:image\" content=\"https:\/\/trachtengau.org\/wordpress\/wp-content\/uploads\/2024\/03\/DSC_0746-1024x683.jpg\" \/>\n<meta name=\"twitter:card\" content=\"summary_large_image\" \/>\n<meta name=\"twitter:label1\" content=\"Gesch\u00e4tzte Lesezeit\" \/>\n\t<meta name=\"twitter:data1\" content=\"2\u00a0Minuten\" \/>\n<script type=\"application\/ld+json\" class=\"yoast-schema-graph\">{\"@context\":\"https:\/\/schema.org\",\"@graph\":[{\"@type\":\"WebPage\",\"@id\":\"https:\/\/trachtengau.org\/wordpress\/gauausschuss\/\",\"url\":\"https:\/\/trachtengau.org\/wordpress\/gauausschuss\/\",\"name\":\"Gauausschuss - Trachtengau M\u00fcnchen und Umgebung\",\"isPartOf\":{\"@id\":\"https:\/\/trachtengau.org\/wordpress\/#website\"},\"datePublished\":\"2021-09-12T13:23:33+00:00\",\"dateModified\":\"2026-01-28T16:58:07+00:00\",\"breadcrumb\":{\"@id\":\"https:\/\/trachtengau.org\/wordpress\/gauausschuss\/#breadcrumb\"},\"inLanguage\":\"de\",\"potentialAction\":[{\"@type\":\"ReadAction\",\"target\":[\"https:\/\/trachtengau.org\/wordpress\/gauausschuss\/\"]}]},{\"@type\":\"BreadcrumbList\",\"@id\":\"https:\/\/trachtengau.org\/wordpress\/gauausschuss\/#breadcrumb\",\"itemListElement\":[{\"@type\":\"ListItem\",\"position\":1,\"name\":\"Startseite\",\"item\":\"https:\/\/trachtengau.org\/wordpress\/\"},{\"@type\":\"ListItem\",\"position\":2,\"name\":\"Gauausschuss\"}]},{\"@type\":\"WebSite\",\"@id\":\"https:\/\/trachtengau.org\/wordpress\/#website\",\"url\":\"https:\/\/trachtengau.org\/wordpress\/\",\"name\":\"Trachtengau M\u00fcnchen und Umgebung\",\"description\":\"\",\"potentialAction\":[{\"@type\":\"SearchAction\",\"target\":{\"@type\":\"EntryPoint\",\"urlTemplate\":\"https:\/\/trachtengau.org\/wordpress\/?s={search_term_string}\"},\"query-input\":\"required name=search_term_string\"}],\"inLanguage\":\"de\"}]}<\/script>\n<!-- \/ Yoast SEO plugin. -->","yoast_head_json":{"title":"Gauausschuss - Trachtengau M\u00fcnchen und Umgebung","robots":{"index":"index","follow":"follow","max-snippet":"max-snippet:-1","max-image-preview":"max-image-preview:large","max-video-preview":"max-video-preview:-1"},"canonical":"https:\/\/trachtengau.org\/wordpress\/gauausschuss\/","og_locale":"de_DE","og_type":"article","og_title":"Gauausschuss - Trachtengau M\u00fcnchen und Umgebung","og_url":"https:\/\/trachtengau.org\/wordpress\/gauausschuss\/","og_site_name":"Trachtengau M\u00fcnchen und Umgebung","article_modified_time":"2026-01-28T16:58:07+00:00","og_image":[{"url":"https:\/\/trachtengau.org\/wordpress\/wp-content\/uploads\/2024\/03\/DSC_0746-1024x683.jpg"}],"twitter_card":"summary_large_image","twitter_misc":{"Gesch\u00e4tzte Lesezeit":"2\u00a0Minuten"},"schema":{"@context":"https:\/\/schema.org","@graph":[{"@type":"WebPage","@id":"https:\/\/trachtengau.org\/wordpress\/gauausschuss\/","url":"https:\/\/trachtengau.org\/wordpress\/gauausschuss\/","name":"Gauausschuss - Trachtengau M\u00fcnchen und Umgebung","isPartOf":{"@id":"https:\/\/trachtengau.org\/wordpress\/#website"},"datePublished":"2021-09-12T13:23:33+00:00","dateModified":"2026-01-28T16:58:07+00:00","breadcrumb":{"@id":"https:\/\/trachtengau.org\/wordpress\/gauausschuss\/#breadcrumb"},"inLanguage":"de","potentialAction":[{"@type":"ReadAction","target":["https:\/\/trachtengau.org\/wordpress\/gauausschuss\/"]}]},{"@type":"BreadcrumbList","@id":"https:\/\/trachtengau.org\/wordpress\/gauausschuss\/#breadcrumb","itemListElement":[{"@type":"ListItem","position":1,"name":"Startseite","item":"https:\/\/trachtengau.org\/wordpress\/"},{"@type":"ListItem","position":2,"name":"Gauausschuss"}]},{"@type":"WebSite","@id":"https:\/\/trachtengau.org\/wordpress\/#website","url":"https:\/\/trachtengau.org\/wordpress\/","name":"Trachtengau M\u00fcnchen und Umgebung","description":"","potentialAction":[{"@type":"SearchAction","target":{"@type":"EntryPoint","urlTemplate":"https:\/\/trachtengau.org\/wordpress\/?s={search_term_string}"},"query-input":"required name=search_term_string"}],"inLanguage":"de"}]}},"_links":{"self":[{"href":"https:\/\/trachtengau.org\/wordpress\/wp-json\/wp\/v2\/pages\/128","targetHints":{"allow":["GET"]}}],"collection":[{"href":"https:\/\/trachtengau.org\/wordpress\/wp-json\/wp\/v2\/pages"}],"about":[{"href":"https:\/\/trachtengau.org\/wordpress\/wp-json\/wp\/v2\/types\/page"}],"author":[{"embeddable":true,"href":"https:\/\/trachtengau.org\/wordpress\/wp-json\/wp\/v2\/users\/1"}],"replies":[{"embeddable":true,"href":"https:\/\/trachtengau.org\/wordpress\/wp-json\/wp\/v2\/comments?post=128"}],"version-history":[{"count":10,"href":"https:\/\/trachtengau.org\/wordpress\/wp-json\/wp\/v2\/pages\/128\/revisions"}],"predecessor-version":[{"id":2134,"href":"https:\/\/trachtengau.org\/wordpress\/wp-json\/wp\/v2\/pages\/128\/revisions\/2134"}],"wp:attachment":[{"href":"https:\/\/trachtengau.org\/wordpress\/wp-json\/wp\/v2\/media?parent=128"}],"curies":[{"name":"wp","href":"https:\/\/api.w.org\/{rel}","templated":true}]}}

<p><div class="fusion-fullwidth fullwidth-box fusion-builder-row-1 fusion-flex-container nonhundred-percent-fullwidth non-hundred-percent-height-scrolling" style="--awb-border-radius-top-left:0px;--awb-border-radius-top-right:0px;--awb-border-radius-bottom-right:0px;--awb-border-radius-bottom-left:0px;--awb-flex-wrap:wrap;" ><div class="fusion-builder-row fusion-row fusion-flex-align-items-flex-start fusion-flex-content-wrap" style="max-width:1248px;margin-left: calc(-4% / 2 );margin-right: calc(-4% / 2 );"><div class="fusion-layout-column fusion_builder_column fusion-builder-column-0 fusion_builder_column_1_1 1_1 fusion-flex-column" style="--awb-bg-size:cover;--awb-width-large:100%;--awb-margin-top-large:0px;--awb-spacing-right-large:1.92%;--awb-margin-bottom-large:20px;--awb-spacing-left-large:1.92%;--awb-width-medium:100%;--awb-order-medium:0;--awb-spacing-right-medium:1.92%;--awb-spacing-left-medium:1.92%;--awb-width-small:100%;--awb-order-small:0;--awb-spacing-right-small:1.92%;--awb-spacing-left-small:1.92%;"><div class="fusion-column-wrapper fusion-column-has-shadow fusion-flex-justify-content-flex-start fusion-content-layout-column"><div class="fusion-title title fusion-title-1 fusion-sep-none fusion-title-text fusion-title-size-one"><h1 class="fusion-title-heading title-heading-left" style="margin:0;">Unser Gau</h1></div></div></div></div></div><div class="fusion-fullwidth fullwidth-box fusion-builder-row-2 fusion-flex-container nonhundred-percent-fullwidth non-hundred-percent-height-scrolling" style="--awb-border-radius-top-left:0px;--awb-border-radius-top-right:0px;--awb-border-radius-bottom-right:0px;--awb-border-radius-bottom-left:0px;--awb-flex-wrap:wrap;" ><div class="fusion-builder-row fusion-row fusion-flex-align-items-flex-start fusion-flex-content-wrap" style="max-width:1248px;margin-left: calc(-4% / 2 );margin-right: calc(-4% / 2 );"><div class="fusion-layout-column fusion_builder_column fusion-builder-column-1 fusion_builder_column_1_6 1_6 fusion-flex-column" style="--awb-bg-size:cover;--awb-width-large:16.666666666667%;--awb-margin-top-large:0px;--awb-spacing-right-large:11.52%;--awb-margin-bottom-large:20px;--awb-spacing-left-large:11.52%;--awb-width-medium:16.666666666667%;--awb-order-medium:0;--awb-spacing-right-medium:11.52%;--awb-spacing-left-medium:11.52%;--awb-width-small:100%;--awb-order-small:0;--awb-spacing-right-small:1.92%;--awb-spacing-left-small:1.92%;"><div class="fusion-column-wrapper fusion-column-has-shadow fusion-flex-justify-content-flex-start fusion-content-layout-column"></div></div><div class="fusion-layout-column fusion_builder_column fusion-builder-column-2 fusion_builder_column_2_3 2_3 fusion-flex-column" style="--awb-bg-size:cover;--awb-width-large:66.666666666667%;--awb-margin-top-large:0px;--awb-spacing-right-large:2.88%;--awb-margin-bottom-large:20px;--awb-spacing-left-large:2.88%;--awb-width-medium:66.666666666667%;--awb-order-medium:0;--awb-spacing-right-medium:2.88%;--awb-spacing-left-medium:2.88%;--awb-width-small:100%;--awb-order-small:0;--awb-spacing-right-small:1.92%;--awb-spacing-left-small:1.92%;"><div class="fusion-column-wrapper fusion-column-has-shadow fusion-flex-justify-content-flex-start fusion-content-layout-column"><div class="fusion-text fusion-text-1"><h2><img decoding="async" class="alignnone wp-image-1744" src="https://trachtengau.org/wordpress/wp-content/uploads/2024/03/DSC_0746-1024x683.jpg" alt="" width="735" height="490" srcset="https://trachtengau.org/wordpress/wp-content/uploads/2024/03/DSC_0746-200x133.jpg 200w, https://trachtengau.org/wordpress/wp-content/uploads/2024/03/DSC_0746-300x200.jpg 300w, https://trachtengau.org/wordpress/wp-content/uploads/2024/03/DSC_0746-400x267.jpg 400w, https://trachtengau.org/wordpress/wp-content/uploads/2024/03/DSC_0746-600x400.jpg 600w, https://trachtengau.org/wordpress/wp-content/uploads/2024/03/DSC_0746-768x512.jpg 768w, https://trachtengau.org/wordpress/wp-content/uploads/2024/03/DSC_0746-800x533.jpg 800w, https://trachtengau.org/wordpress/wp-content/uploads/2024/03/DSC_0746-1024x683.jpg 1024w, https://trachtengau.org/wordpress/wp-content/uploads/2024/03/DSC_0746-1200x800.jpg 1200w, https://trachtengau.org/wordpress/wp-content/uploads/2024/03/DSC_0746-1536x1024.jpg 1536w" sizes="(max-width: 735px) 100vw, 735px" /></h2>
<h2>Gauausschuss</h2>
<p><strong>1. Gauvorsitzender: </strong>Markus Hochlahner (Heimatverein Garching), Am Egernfeld 31, 85748 Garching,<br />
089-320 41 89, vorstand(at)trachtengau(dot)org</p>
<p><strong>2. Gauvorsitzende: </strong>Heike Hardi (D&#8216; Ammertaler Ottendichl), Prof.-Messerschmitt-Str. 22,<br />
85579 Neubiberg, Tel. 089-60 66 96 16, vorstand(at)trachtengau(dot)org</p>
<p><strong>3. Gauvorsitzende: </strong>Michaela Pinnau(Riesengebirgs-Trachtengruppe München), Anzengruberstr. 3,<br />
82291 Mammendorf, Tel. 08145-95 11 98, vorstand(at)trachtengau(dot)org</p>
<p><strong>1. Gauschriftführerin:</strong> Caroline Hupfauer (Lechler München), schriftfuehrer(at)trachtengau(dot)org</p>
<p><strong>2. Gauschriftführer:</strong> Patrik Jantke (Schlößbergler Anzing)</p>
<p><strong>1. Gaukassierin:</strong> Doris Jantke (D&#8216; Schlößlbergler Anzing), kassier(at)trachtengau(dot)org</p>
<p><strong>2. Gaukassier:</strong> Peter Wimmer (Heimatverein Garching)</p>
<p><strong>1. Gauvorplattler: </strong>Markus Moll (D&#8217;Roaga Buam Ismaning)</p>
<p><strong>2. Gauvorplattler:</strong> Christian Strasser (D&#8216; Ammertaler Ottendichl)</p>
<p><strong>1. Gauvortänzerin: </strong>Veronika Moll (Riesengebirgs-Trachtengruppe München)</p>
<p><strong>Dirndlvertreterin:</strong> Michaela Haider (D&#8217;Ammertaler Ottendichl)</p>
<p><strong>1. Gaujugendleiterin:</strong> Petra Seifert (D&#8216; Roaga Buam Ismaning), gaujugend(at)trachtengau(dot)org</p>
<p><strong>2. Gaujugendleiterin:</strong> Katja Weidendorfer (Heimatverein Garching), gaujugend(at)trachtengau(dot)org</p>
<p><strong>Gaufähnrich: </strong>nicht besetzt</p>
<p><strong>Gaurevisoren</strong>: Cornelia Grusz (D`Ammertaler Ottendichl), Karin Plöchinger (D&#8216; Roaga Buam Ismaning)</p>
<p><strong>Gaubeisitzer</strong>: Helmut Graf (D&#8217;Untersberger München), Ludwig Huber (Edelweiß Unterföhring), Regina Lohr  (Alt-Miesbach München)</p>
<p><strong>Sachausschüsse:</strong></p>
<p><strong>Presse und Öffentlichkeitsarbeit</strong>: nicht besetzt</p>
<p><strong>Volkslied und Volksmusik: </strong>Martin Werner (Lechler München) und Franziska Graf (D&#8216; Untersberger)</p>
<p><strong>Laienspiel und Mundart: </strong>Barbara Steinbeißer (D`Ammertaler Ottendichl), Franziska Huber (Edelweiß Unterföhring)</p>
<p><strong>Trachtenpflege und Trachtenforschung: </strong>Caroline Hupfauer (Lechler München)</p>
</div></div></div></div></div></p>

<!-- This site is optimized with the Yoast SEO plugin v21.7 - https://yoast.com/wordpress/plugins/seo/ -->
<title>Gauausschuss - Trachtengau München und Umgebung</title>
<meta name="robots" content="index, follow, max-snippet:-1, max-image-preview:large, max-video-preview:-1" />
<link rel="canonical" href="https://trachtengau.org/wordpress/gauausschuss/" />
<meta property="og:locale" content="de_DE" />
<meta property="og:type" content="article" />
<meta property="og:title" content="Gauausschuss - Trachtengau München und Umgebung" />
<meta property="og:url" content="https://trachtengau.org/wordpress/gauausschuss/" />
<meta property="og:site_name" content="Trachtengau München und Umgebung" />
<meta property="article:modified_time" content="2026-01-28T16:58:07+00:00" />
<meta property="og:image" content="https://trachtengau.org/wordpress/wp-content/uploads/2024/03/DSC_0746-1024x683.jpg" />
<meta name="twitter:card" content="summary_large_image" />
<meta name="twitter:label1" content="Geschätzte Lesezeit" />
	<meta name="twitter:data1" content="2 Minuten" />
<script type="application/ld+json" class="yoast-schema-graph">{"@context":"https://schema.org","@graph":[{"@type":"WebPage","@id":"https://trachtengau.org/wordpress/gauausschuss/","url":"https://trachtengau.org/wordpress/gauausschuss/","name":"Gauausschuss - Trachtengau München und Umgebung","isPartOf":{"@id":"https://trachtengau.org/wordpress/#website"},"datePublished":"2021-09-12T13:23:33+00:00","dateModified":"2026-01-28T16:58:07+00:00","breadcrumb":{"@id":"https://trachtengau.org/wordpress/gauausschuss/#breadcrumb"},"inLanguage":"de","potentialAction":[{"@type":"ReadAction","target":["https://trachtengau.org/wordpress/gauausschuss/"]}]},{"@type":"BreadcrumbList","@id":"https://trachtengau.org/wordpress/gauausschuss/#breadcrumb","itemListElement":[{"@type":"ListItem","position":1,"name":"Startseite","item":"https://trachtengau.org/wordpress/"},{"@type":"ListItem","position":2,"name":"Gauausschuss"}]},{"@type":"WebSite","@id":"https://trachtengau.org/wordpress/#website","url":"https://trachtengau.org/wordpress/","name":"Trachtengau München und Umgebung","description":"","potentialAction":[{"@type":"SearchAction","target":{"@type":"EntryPoint","urlTemplate":"https://trachtengau.org/wordpress/?s={search_term_string}"},"query-input":"required name=search_term_string"}],"inLanguage":"de"}]}</script>
<!-- / Yoast SEO plugin. -->

Gauausschuss - Trachtengau München und Umgebung

Trachtengau München und Umgebung
