{"id":1243,"date":"2022-03-29T13:23:45","date_gmt":"2022-03-29T11:23:45","guid":{"rendered":"https:\/\/trachtengau.org\/wordpress\/?page_id=1243"},"modified":"2022-03-29T13:35:59","modified_gmt":"2022-03-29T11:35:59","slug":"unser-kloans-trachtenbiachal","status":"publish","type":"page","link":"https:\/\/trachtengau.org\/wordpress\/unser-kloans-trachtenbiachal\/","title":{"rendered":"Unser Kloans Trachtenbiachal"},"content":{"rendered":"<div class=\"fusion-fullwidth fullwidth-box fusion-builder-row-1 fusion-flex-container nonhundred-percent-fullwidth non-hundred-percent-height-scrolling\" style=\"--awb-border-radius-top-left:0px;--awb-border-radius-top-right:0px;--awb-border-radius-bottom-right:0px;--awb-border-radius-bottom-left:0px;--awb-flex-wrap:wrap;\" ><div class=\"fusion-builder-row fusion-row fusion-flex-align-items-flex-start fusion-flex-content-wrap\" style=\"max-width:1248px;margin-left: calc(-4% \/ 2 );margin-right: calc(-4% \/ 2 );\"><div class=\"fusion-layout-column fusion_builder_column fusion-builder-column-0 fusion_builder_column_2_3 2_3 fusion-flex-column\" style=\"--awb-bg-size:cover;--awb-width-large:66.666666666667%;--awb-margin-top-large:0px;--awb-spacing-right-large:2.88%;--awb-margin-bottom-large:20px;--awb-spacing-left-large:2.88%;--awb-width-medium:66.666666666667%;--awb-order-medium:0;--awb-spacing-right-medium:2.88%;--awb-spacing-left-medium:2.88%;--awb-width-small:100%;--awb-order-small:0;--awb-spacing-right-small:1.92%;--awb-spacing-left-small:1.92%;\"><div class=\"fusion-column-wrapper fusion-column-has-shadow fusion-flex-justify-content-flex-start fusion-content-layout-column\"><div class=\"fusion-text fusion-text-1\" style=\"--awb-text-transform:none;\"><h2 style=\"text-align: center;\"><strong>Unser \u201eKloans Trachtnbiachal\u201c liegt druckfrisch bereit!<\/strong><\/h2>\n<p><img decoding=\"async\" class=\"aligncenter\" src=\"https:\/\/trachtengau.org\/wordpress\/wp-content\/uploads\/2022\/03\/Kloans-Trachtnbiachal-1-scaled.jpg\" width=\"662\" height=\"298\" \/><\/p>\n<p>Am Sonntag, den 20. M\u00e4rz 2022, war es endlich so weit. Die Trachtenjugend Gau M\u00fcnchen und Umgebung stellte dem Gauausschuss, Vereinsvorst\u00e4nden und Jugendleitern im Vereinsheim der Ammertaler Ottendichl ihr \u201eKloans Trachtnbiachal\u201c \u00a0mit dem Titel \u201eLudwig zeigt uns die Welt der Trachtler\u201c vor. Im Jahr 2018 wurde die Idee bei einem Treffen der Jugendleiter des Landesverbandes geboren, ein kleines Trachtenb\u00fcchlein nach dem Vorbild einer beliebten Kinderbuchreihe zu erstellen, um auch den Kleinsten die Welt der Trachtler nahe zu bringen. Auch wir wollten uns an dem Projekt des Bayerischen Trachtenverbandes beteiligen. Unser Hauptdarsteller Ludwig, ein kleiner L\u00f6we, wurde bald gefunden, und auch das Konzept und der Text waren schnell fertig. Die liebvolle Illustration des B\u00fcchleins stammt von Vroni Weinhart. Wir freuen uns schon, unser \u201eKloans Trachtnbiachal\u201c an die Kinder in Kinderg\u00e4rten, Schulen und bei Veranstaltungen zu verteilen.<\/p>\n<\/div><\/div><\/div><div class=\"fusion-layout-column fusion_builder_column fusion-builder-column-1 fusion_builder_column_1_3 1_3 fusion-flex-column\" style=\"--awb-bg-size:cover;--awb-width-large:33.333333333333%;--awb-margin-top-large:0px;--awb-spacing-right-large:5.76%;--awb-margin-bottom-large:20px;--awb-spacing-left-large:5.76%;--awb-width-medium:33.333333333333%;--awb-order-medium:0;--awb-spacing-right-medium:5.76%;--awb-spacing-left-medium:5.76%;--awb-width-small:100%;--awb-order-small:0;--awb-spacing-right-small:1.92%;--awb-spacing-left-small:1.92%;\"><div class=\"fusion-column-wrapper fusion-column-has-shadow fusion-flex-justify-content-flex-start fusion-content-layout-column\"><div class=\"fusion-content-boxes content-boxes columns row fusion-columns-1 fusion-columns-total-1 fusion-content-boxes-1 content-boxes-icon-with-title content-left\" style=\"--awb-hover-accent-color:#000000;--awb-circle-hover-accent-color:#000000;--awb-item-margin-bottom:40px;\" data-animationOffset=\"top-into-view\"><div style=\"--awb-backgroundcolor:rgba(255,255,255,0);\" class=\"fusion-column content-box-column content-box-column content-box-column-1 col-lg-12 col-md-12 col-sm-12 fusion-content-box-hover content-box-column-last content-box-column-last-in-row\"><div class=\"col content-box-wrapper content-wrapper link-area-link-icon content-icon-wrapper-yes icon-hover-animation-fade\" data-animationOffset=\"top-into-view\"><div class=\"fusion-clearfix\"><\/div><div class=\"content-container\">\n<p><img decoding=\"async\" src=\"https:\/\/trachtengau.org\/wordpress\/wp-content\/uploads\/2022\/03\/Kloans-Trachtnbiachal-2-scaled.jpg\" \/><\/p>\n<\/div><\/div><\/div><div class=\"fusion-clearfix\"><\/div><\/div><\/div><\/div><\/div><\/div>\n","protected":false},"excerpt":{"rendered":"","protected":false},"author":2,"featured_media":0,"parent":0,"menu_order":0,"comment_status":"closed","ping_status":"closed","template":"","meta":{"footnotes":""},"class_list":["post-1243","page","type-page","status-publish","hentry"],"yoast_head":"<!-- This site is optimized with the Yoast SEO plugin v21.7 - https:\/\/yoast.com\/wordpress\/plugins\/seo\/ -->\n<title>Unser Kloans Trachtenbiachal - Trachtengau M\u00fcnchen und Umgebung<\/title>\n<meta name=\"robots\" content=\"index, follow, max-snippet:-1, max-image-preview:large, max-video-preview:-1\" \/>\n<link rel=\"canonical\" href=\"https:\/\/trachtengau.org\/wordpress\/unser-kloans-trachtenbiachal\/\" \/>\n<meta property=\"og:locale\" content=\"de_DE\" \/>\n<meta property=\"og:type\" content=\"article\" \/>\n<meta property=\"og:title\" content=\"Unser Kloans Trachtenbiachal - Trachtengau M\u00fcnchen und Umgebung\" \/>\n<meta property=\"og:url\" content=\"https:\/\/trachtengau.org\/wordpress\/unser-kloans-trachtenbiachal\/\" \/>\n<meta property=\"og:site_name\" content=\"Trachtengau M\u00fcnchen und Umgebung\" \/>\n<meta property=\"article:modified_time\" content=\"2022-03-29T11:35:59+00:00\" \/>\n<meta property=\"og:image\" content=\"https:\/\/trachtengau.org\/wordpress\/wp-content\/uploads\/2022\/03\/Kloans-Trachtnbiachal-1-scaled.jpg\" \/>\n<meta name=\"twitter:card\" content=\"summary_large_image\" \/>\n<meta name=\"twitter:label1\" content=\"Gesch\u00e4tzte Lesezeit\" \/>\n\t<meta name=\"twitter:data1\" content=\"3\u00a0Minuten\" \/>\n<script type=\"application\/ld+json\" class=\"yoast-schema-graph\">{\"@context\":\"https:\/\/schema.org\",\"@graph\":[{\"@type\":\"WebPage\",\"@id\":\"https:\/\/trachtengau.org\/wordpress\/unser-kloans-trachtenbiachal\/\",\"url\":\"https:\/\/trachtengau.org\/wordpress\/unser-kloans-trachtenbiachal\/\",\"name\":\"Unser Kloans Trachtenbiachal - Trachtengau M\u00fcnchen und Umgebung\",\"isPartOf\":{\"@id\":\"https:\/\/trachtengau.org\/wordpress\/#website\"},\"datePublished\":\"2022-03-29T11:23:45+00:00\",\"dateModified\":\"2022-03-29T11:35:59+00:00\",\"breadcrumb\":{\"@id\":\"https:\/\/trachtengau.org\/wordpress\/unser-kloans-trachtenbiachal\/#breadcrumb\"},\"inLanguage\":\"de\",\"potentialAction\":[{\"@type\":\"ReadAction\",\"target\":[\"https:\/\/trachtengau.org\/wordpress\/unser-kloans-trachtenbiachal\/\"]}]},{\"@type\":\"BreadcrumbList\",\"@id\":\"https:\/\/trachtengau.org\/wordpress\/unser-kloans-trachtenbiachal\/#breadcrumb\",\"itemListElement\":[{\"@type\":\"ListItem\",\"position\":1,\"name\":\"Startseite\",\"item\":\"https:\/\/trachtengau.org\/wordpress\/\"},{\"@type\":\"ListItem\",\"position\":2,\"name\":\"Unser Kloans Trachtenbiachal\"}]},{\"@type\":\"WebSite\",\"@id\":\"https:\/\/trachtengau.org\/wordpress\/#website\",\"url\":\"https:\/\/trachtengau.org\/wordpress\/\",\"name\":\"Trachtengau M\u00fcnchen und Umgebung\",\"description\":\"\",\"potentialAction\":[{\"@type\":\"SearchAction\",\"target\":{\"@type\":\"EntryPoint\",\"urlTemplate\":\"https:\/\/trachtengau.org\/wordpress\/?s={search_term_string}\"},\"query-input\":\"required name=search_term_string\"}],\"inLanguage\":\"de\"}]}<\/script>\n<!-- \/ Yoast SEO plugin. -->","yoast_head_json":{"title":"Unser Kloans Trachtenbiachal - Trachtengau M\u00fcnchen und Umgebung","robots":{"index":"index","follow":"follow","max-snippet":"max-snippet:-1","max-image-preview":"max-image-preview:large","max-video-preview":"max-video-preview:-1"},"canonical":"https:\/\/trachtengau.org\/wordpress\/unser-kloans-trachtenbiachal\/","og_locale":"de_DE","og_type":"article","og_title":"Unser Kloans Trachtenbiachal - Trachtengau M\u00fcnchen und Umgebung","og_url":"https:\/\/trachtengau.org\/wordpress\/unser-kloans-trachtenbiachal\/","og_site_name":"Trachtengau M\u00fcnchen und Umgebung","article_modified_time":"2022-03-29T11:35:59+00:00","og_image":[{"url":"https:\/\/trachtengau.org\/wordpress\/wp-content\/uploads\/2022\/03\/Kloans-Trachtnbiachal-1-scaled.jpg"}],"twitter_card":"summary_large_image","twitter_misc":{"Gesch\u00e4tzte Lesezeit":"3\u00a0Minuten"},"schema":{"@context":"https:\/\/schema.org","@graph":[{"@type":"WebPage","@id":"https:\/\/trachtengau.org\/wordpress\/unser-kloans-trachtenbiachal\/","url":"https:\/\/trachtengau.org\/wordpress\/unser-kloans-trachtenbiachal\/","name":"Unser Kloans Trachtenbiachal - Trachtengau M\u00fcnchen und Umgebung","isPartOf":{"@id":"https:\/\/trachtengau.org\/wordpress\/#website"},"datePublished":"2022-03-29T11:23:45+00:00","dateModified":"2022-03-29T11:35:59+00:00","breadcrumb":{"@id":"https:\/\/trachtengau.org\/wordpress\/unser-kloans-trachtenbiachal\/#breadcrumb"},"inLanguage":"de","potentialAction":[{"@type":"ReadAction","target":["https:\/\/trachtengau.org\/wordpress\/unser-kloans-trachtenbiachal\/"]}]},{"@type":"BreadcrumbList","@id":"https:\/\/trachtengau.org\/wordpress\/unser-kloans-trachtenbiachal\/#breadcrumb","itemListElement":[{"@type":"ListItem","position":1,"name":"Startseite","item":"https:\/\/trachtengau.org\/wordpress\/"},{"@type":"ListItem","position":2,"name":"Unser Kloans Trachtenbiachal"}]},{"@type":"WebSite","@id":"https:\/\/trachtengau.org\/wordpress\/#website","url":"https:\/\/trachtengau.org\/wordpress\/","name":"Trachtengau M\u00fcnchen und Umgebung","description":"","potentialAction":[{"@type":"SearchAction","target":{"@type":"EntryPoint","urlTemplate":"https:\/\/trachtengau.org\/wordpress\/?s={search_term_string}"},"query-input":"required name=search_term_string"}],"inLanguage":"de"}]}},"_links":{"self":[{"href":"https:\/\/trachtengau.org\/wordpress\/wp-json\/wp\/v2\/pages\/1243","targetHints":{"allow":["GET"]}}],"collection":[{"href":"https:\/\/trachtengau.org\/wordpress\/wp-json\/wp\/v2\/pages"}],"about":[{"href":"https:\/\/trachtengau.org\/wordpress\/wp-json\/wp\/v2\/types\/page"}],"author":[{"embeddable":true,"href":"https:\/\/trachtengau.org\/wordpress\/wp-json\/wp\/v2\/users\/2"}],"replies":[{"embeddable":true,"href":"https:\/\/trachtengau.org\/wordpress\/wp-json\/wp\/v2\/comments?post=1243"}],"version-history":[{"count":6,"href":"https:\/\/trachtengau.org\/wordpress\/wp-json\/wp\/v2\/pages\/1243\/revisions"}],"predecessor-version":[{"id":1254,"href":"https:\/\/trachtengau.org\/wordpress\/wp-json\/wp\/v2\/pages\/1243\/revisions\/1254"}],"wp:attachment":[{"href":"https:\/\/trachtengau.org\/wordpress\/wp-json\/wp\/v2\/media?parent=1243"}],"curies":[{"name":"wp","href":"https:\/\/api.w.org\/{rel}","templated":true}]}}

<div class="fusion-fullwidth fullwidth-box fusion-builder-row-1 fusion-flex-container nonhundred-percent-fullwidth non-hundred-percent-height-scrolling" style="--awb-border-radius-top-left:0px;--awb-border-radius-top-right:0px;--awb-border-radius-bottom-right:0px;--awb-border-radius-bottom-left:0px;--awb-flex-wrap:wrap;" ><div class="fusion-builder-row fusion-row fusion-flex-align-items-flex-start fusion-flex-content-wrap" style="max-width:1248px;margin-left: calc(-4% / 2 );margin-right: calc(-4% / 2 );"><div class="fusion-layout-column fusion_builder_column fusion-builder-column-0 fusion_builder_column_2_3 2_3 fusion-flex-column" style="--awb-bg-size:cover;--awb-width-large:66.666666666667%;--awb-margin-top-large:0px;--awb-spacing-right-large:2.88%;--awb-margin-bottom-large:20px;--awb-spacing-left-large:2.88%;--awb-width-medium:66.666666666667%;--awb-order-medium:0;--awb-spacing-right-medium:2.88%;--awb-spacing-left-medium:2.88%;--awb-width-small:100%;--awb-order-small:0;--awb-spacing-right-small:1.92%;--awb-spacing-left-small:1.92%;"><div class="fusion-column-wrapper fusion-column-has-shadow fusion-flex-justify-content-flex-start fusion-content-layout-column"><div class="fusion-text fusion-text-1" style="--awb-text-transform:none;"><h2 style="text-align: center;"><strong>Unser „Kloans Trachtnbiachal“ liegt druckfrisch bereit!</strong></h2>
<p><img decoding="async" class="aligncenter" src="https://trachtengau.org/wordpress/wp-content/uploads/2022/03/Kloans-Trachtnbiachal-1-scaled.jpg" width="662" height="298" /></p>
<p>Am Sonntag, den 20. März 2022, war es endlich so weit. Die Trachtenjugend Gau München und Umgebung stellte dem Gauausschuss, Vereinsvorständen und Jugendleitern im Vereinsheim der Ammertaler Ottendichl ihr „Kloans Trachtnbiachal“  mit dem Titel „Ludwig zeigt uns die Welt der Trachtler“ vor. Im Jahr 2018 wurde die Idee bei einem Treffen der Jugendleiter des Landesverbandes geboren, ein kleines Trachtenbüchlein nach dem Vorbild einer beliebten Kinderbuchreihe zu erstellen, um auch den Kleinsten die Welt der Trachtler nahe zu bringen. Auch wir wollten uns an dem Projekt des Bayerischen Trachtenverbandes beteiligen. Unser Hauptdarsteller Ludwig, ein kleiner Löwe, wurde bald gefunden, und auch das Konzept und der Text waren schnell fertig. Die liebvolle Illustration des Büchleins stammt von Vroni Weinhart. Wir freuen uns schon, unser „Kloans Trachtnbiachal“ an die Kinder in Kindergärten, Schulen und bei Veranstaltungen zu verteilen.</p>
</div></div></div><div class="fusion-layout-column fusion_builder_column fusion-builder-column-1 fusion_builder_column_1_3 1_3 fusion-flex-column" style="--awb-bg-size:cover;--awb-width-large:33.333333333333%;--awb-margin-top-large:0px;--awb-spacing-right-large:5.76%;--awb-margin-bottom-large:20px;--awb-spacing-left-large:5.76%;--awb-width-medium:33.333333333333%;--awb-order-medium:0;--awb-spacing-right-medium:5.76%;--awb-spacing-left-medium:5.76%;--awb-width-small:100%;--awb-order-small:0;--awb-spacing-right-small:1.92%;--awb-spacing-left-small:1.92%;"><div class="fusion-column-wrapper fusion-column-has-shadow fusion-flex-justify-content-flex-start fusion-content-layout-column"><div class="fusion-content-boxes content-boxes columns row fusion-columns-1 fusion-columns-total-1 fusion-content-boxes-1 content-boxes-icon-with-title content-left" style="--awb-hover-accent-color:#000000;--awb-circle-hover-accent-color:#000000;--awb-item-margin-bottom:40px;" data-animationOffset="top-into-view"><div style="--awb-backgroundcolor:rgba(255,255,255,0);" class="fusion-column content-box-column content-box-column content-box-column-1 col-lg-12 col-md-12 col-sm-12 fusion-content-box-hover content-box-column-last content-box-column-last-in-row"><div class="col content-box-wrapper content-wrapper link-area-link-icon content-icon-wrapper-yes icon-hover-animation-fade" data-animationOffset="top-into-view"><div class="fusion-clearfix"></div><div class="content-container">
<p><img decoding="async" src="https://trachtengau.org/wordpress/wp-content/uploads/2022/03/Kloans-Trachtnbiachal-2-scaled.jpg" /></p>
</div></div></div><div class="fusion-clearfix"></div></div></div></div></div></div>

<!-- This site is optimized with the Yoast SEO plugin v21.7 - https://yoast.com/wordpress/plugins/seo/ -->
<title>Unser Kloans Trachtenbiachal - Trachtengau München und Umgebung</title>
<meta name="robots" content="index, follow, max-snippet:-1, max-image-preview:large, max-video-preview:-1" />
<link rel="canonical" href="https://trachtengau.org/wordpress/unser-kloans-trachtenbiachal/" />
<meta property="og:locale" content="de_DE" />
<meta property="og:type" content="article" />
<meta property="og:title" content="Unser Kloans Trachtenbiachal - Trachtengau München und Umgebung" />
<meta property="og:url" content="https://trachtengau.org/wordpress/unser-kloans-trachtenbiachal/" />
<meta property="og:site_name" content="Trachtengau München und Umgebung" />
<meta property="article:modified_time" content="2022-03-29T11:35:59+00:00" />
<meta property="og:image" content="https://trachtengau.org/wordpress/wp-content/uploads/2022/03/Kloans-Trachtnbiachal-1-scaled.jpg" />
<meta name="twitter:card" content="summary_large_image" />
<meta name="twitter:label1" content="Geschätzte Lesezeit" />
	<meta name="twitter:data1" content="3 Minuten" />
<script type="application/ld+json" class="yoast-schema-graph">{"@context":"https://schema.org","@graph":[{"@type":"WebPage","@id":"https://trachtengau.org/wordpress/unser-kloans-trachtenbiachal/","url":"https://trachtengau.org/wordpress/unser-kloans-trachtenbiachal/","name":"Unser Kloans Trachtenbiachal - Trachtengau München und Umgebung","isPartOf":{"@id":"https://trachtengau.org/wordpress/#website"},"datePublished":"2022-03-29T11:23:45+00:00","dateModified":"2022-03-29T11:35:59+00:00","breadcrumb":{"@id":"https://trachtengau.org/wordpress/unser-kloans-trachtenbiachal/#breadcrumb"},"inLanguage":"de","potentialAction":[{"@type":"ReadAction","target":["https://trachtengau.org/wordpress/unser-kloans-trachtenbiachal/"]}]},{"@type":"BreadcrumbList","@id":"https://trachtengau.org/wordpress/unser-kloans-trachtenbiachal/#breadcrumb","itemListElement":[{"@type":"ListItem","position":1,"name":"Startseite","item":"https://trachtengau.org/wordpress/"},{"@type":"ListItem","position":2,"name":"Unser Kloans Trachtenbiachal"}]},{"@type":"WebSite","@id":"https://trachtengau.org/wordpress/#website","url":"https://trachtengau.org/wordpress/","name":"Trachtengau München und Umgebung","description":"","potentialAction":[{"@type":"SearchAction","target":{"@type":"EntryPoint","urlTemplate":"https://trachtengau.org/wordpress/?s={search_term_string}"},"query-input":"required name=search_term_string"}],"inLanguage":"de"}]}</script>
<!-- / Yoast SEO plugin. -->

Unser Kloans Trachtenbiachal - Trachtengau München und Umgebung

Trachtengau München und Umgebung
